{"id":908,"date":"2018-04-10T10:23:23","date_gmt":"2018-04-10T07:23:23","guid":{"rendered":"http:\/\/vaimnemaailm.ee\/www\/?page_id=908"},"modified":"2024-04-14T15:05:57","modified_gmt":"2024-04-14T12:05:57","slug":"eluulesanne-ja-eneseteostus","status":"publish","type":"page","link":"https:\/\/vaimnemaailm.ee\/www\/eluulesanne-ja-eneseteostus\/","title":{"rendered":"Elu\u00fclesanne ja eneseteostus E-kursus"},"content":{"rendered":"\n<h6 class=\"wp-block-heading\"><strong>Koostas: Liina Kaumann<\/strong><\/h6>\n\n\n\n<p>Me s\u00fcnnime siia maailma selleks, et olla vabad, areneda ja elada r\u00f5\u00f5mu ning rahuldustpakkuvat elu. See ongi <strong>meie elu eesm\u00e4rk \u00fcldisemas plaanis<\/strong>. Samas on meil igal\u00fchel&nbsp; kaasas ka oma eriline kingitus maailmale, so. m\u00f5ni eriline anne v\u00f5i oskus, mida kasutades saame pakkuda inimkonnale \u00fchel v\u00f5i teisel viisil teenistust \u2013 so. <strong>elu\u00fclesanne<\/strong>.<\/p>\n\n\n\n<p>Elu\u00fclesanne ja elu eesm\u00e4rk on omavahel seotud \u2013 arenedes ise, t\u00f5useb meie v\u00f5nkesagedus, hakkame kiirgama v\u00e4lja \u00fcha enam valgust ja see valgus on \u00fchtlasi ka teiste teenistuses. Me m\u00f5jutame kogu tervikut sellega, mis v\u00f5nget&nbsp; me v\u00e4lja saadame. Samas toimib see ka vastupidi \u2013 teenides teisi, ehk tegutsedes oma elu\u00fclesande kallal, areneme ka ise j\u00f5udsasti.<\/p>\n\n\n\n<p>Saa teada, mis on Sinu unikaalne kingitus maailmale ning asu teostama oma elu\u00fclesannet! Teadmised, mida selleks vajad on vaid m\u00f5ne hiirekliki kaugusel.<\/p>\n\n\n\n<p>Kursus koosneb teoreetilisest osast, k\u00fcsimustikust ja juhitud meditatsioonir\u00e4nnakust &#8220;Aka\u015bi kroonikate lugemine: Elu\u00fclesanne&#8221;\u00a0 mp3 failil (48 min), mida saad kuulata korduvalt ja just niipalju kui soovid.<\/p>\n\n\n\n<h3 class=\"wp-block-heading\">Interneti\u00f5pe on mugav<\/h3>\n\n\n\n<p>Sa saad ise \u00f5ppida oma arvutist omas tempos just seal, kus ise soovid. P\u00e4rast kursuse eest tasumist saadame sulle ligip\u00e4\u00e4sud kursuse materjalidele ja nii saad kohe alustada \u00f5ppimist.<\/p>\n\n\n\n<h6 class=\"wp-block-heading\"><strong>Hind: 29 EUR<\/strong><\/h6>\n\n\n\n<h6 class=\"wp-block-heading\"><strong>Telli siit kursus ja alusta oma elu\u00fclesande avastamist:<\/strong><\/h6>\n\n\n\n<p><strong>1.<\/strong> Tellimiseks tee \u00fclekanne.<\/p>\n\n\n\n<p><strong>Kellele:<\/strong>&nbsp;Vaimne Maailm O\u00dc<br><strong>Pangakonto:<\/strong>&nbsp;EE662200221049242077<br><strong>Summa:<\/strong> 29 EUR<br><strong>Selgitus:<\/strong>&nbsp;Elu\u00fclesande avastamine <em>(lisa juurde ka enda nimi)<\/em><\/p>\n\n\n\n<p><strong>2.<\/strong> P\u00e4rast seda saada meil oma tellimussooviga ja kinnitusega, et makse on tehtud liina@vaimnemaailm.ee aadressile. Seej\u00e4rel saadame Sulle e-mailile ligip\u00e4\u00e4sud e-kursusele. K\u00f5ige&nbsp;hiljemalt j\u00e4rgmiseks t\u00f6\u00f6p\u00e4evaks.<\/p>\n\n\n\n<p>T\u00e4name!<\/p>\n\n\n\n<p><\/p>\n","protected":false},"excerpt":{"rendered":"<p>Koostas: Liina Kaumann Me s\u00fcnnime siia maailma selleks, et olla vabad, areneda ja elada r\u00f5\u00f5mu ning rahuldustpakkuvat elu. See ongi meie elu eesm\u00e4rk \u00fcldisemas plaanis. Samas on meil igal\u00fchel&nbsp; kaasas ka oma eriline kingitus maailmale, so. m\u00f5ni eriline anne v\u00f5i oskus, mida kasutades saame pakkuda inimkonnale \u00fchel v\u00f5i teisel viisil teenistust \u2013 so. elu\u00fclesanne. Elu\u00fclesanne &hellip; <\/p>\n<p class=\"link-more\"><a href=\"https:\/\/vaimnemaailm.ee\/www\/eluulesanne-ja-eneseteostus\/\" class=\"more-link\">Loe edasi<span class=\"screen-reader-text\"> &#8220;Elu\u00fclesanne ja eneseteostus E-kursus&#8221;<\/span><\/a><\/p>\n","protected":false},"author":2,"featured_media":0,"parent":0,"menu_order":0,"comment_status":"closed","ping_status":"closed","template":"","meta":{"footnotes":""},"class_list":["post-908","page","type-page","status-publish","hentry"],"_links":{"self":[{"href":"https:\/\/vaimnemaailm.ee\/www\/wp-json\/wp\/v2\/pages\/908","targetHints":{"allow":["GET"]}}],"collection":[{"href":"https:\/\/vaimnemaailm.ee\/www\/wp-json\/wp\/v2\/pages"}],"about":[{"href":"https:\/\/vaimnemaailm.ee\/www\/wp-json\/wp\/v2\/types\/page"}],"author":[{"embeddable":true,"href":"https:\/\/vaimnemaailm.ee\/www\/wp-json\/wp\/v2\/users\/2"}],"replies":[{"embeddable":true,"href":"https:\/\/vaimnemaailm.ee\/www\/wp-json\/wp\/v2\/comments?post=908"}],"version-history":[{"count":5,"href":"https:\/\/vaimnemaailm.ee\/www\/wp-json\/wp\/v2\/pages\/908\/revisions"}],"predecessor-version":[{"id":3608,"href":"https:\/\/vaimnemaailm.ee\/www\/wp-json\/wp\/v2\/pages\/908\/revisions\/3608"}],"wp:attachment":[{"href":"https:\/\/vaimnemaailm.ee\/www\/wp-json\/wp\/v2\/media?parent=908"}],"curies":[{"name":"wp","href":"https:\/\/api.w.org\/{rel}","templated":true}]}}