{"id":9,"date":"2016-12-30T12:39:22","date_gmt":"2016-12-30T10:39:22","guid":{"rendered":"http:\/\/vaimnemaailm.ee\/www\/?page_id=9"},"modified":"2026-03-18T10:40:39","modified_gmt":"2026-03-18T08:40:39","slug":"meist","status":"publish","type":"page","link":"https:\/\/vaimnemaailm.ee\/www\/meist\/","title":{"rendered":"Kontakt\/Minust"},"content":{"rendered":"\n<p>Vaimne Maailm O\u00dc (reg. 11912030), pangakonto EE662200221049242077, Tartu, Eesti<\/p>\n\n\n\n<p><strong>&nbsp;Kontakt: <\/strong>liina@vaimnemaailm.ee, 55992477<\/p>\n\n\n\n<p><strong>Vasuv\u00f5tt<\/strong> Tartus v\u00f5i veebis<\/p>\n\n\n\n<h2 class=\"wp-block-heading\">Missioon:<\/h2>\n\n\n\n<div class=\"article-content\">\n<p><strong><span lang=\"ET\">VAIMNE MAAILM <\/span><\/strong><span lang=\"ET\">sai asutatud aastal 2010 &#8211; algselt selleks, et koondada ja \u00fchendada vaimsel teel olevaid inimesi, pakkudes neile tuge praeguses kiiresti muutuvas maailmas, kus<\/span><span lang=\"ET\"> vana kiiresti laguneb, pind kaob jalge alt, aga uus energia pole veel kohal. Kui oled ise muutuses, \u00fclest\u00f5usuprotsessis, aga sinu elus osaleb veel palju vanas energias inimesi, neid, kes ei ole valinud&nbsp; praegust \u00fcleminekut l\u00e4bi teha ja k\u00f5rgemasse sagedusse liikuda, on raske &#8211; siis a<\/span>itab teadlik distantseerumine \u201ctavamaailmast\u201d ja keskendumine k\u00f5rgematele energiatele, suhtlemine \u201coma tasandi\u201d inimestega.<\/p>\n<p><span lang=\"ET\">Vaimse Maailma eesm\u00e4rk, praeguses ajahetkes, on abistada Sind Sinu muutuses &#8211; isiklikus \u00fclest\u00f5usuprotsessis ja muuta Sinu sisemine teekond iseendani &#8211;&nbsp; \u00fcleminek uude energiasse Sulle kergemaks, sujuvamaks ja arusaadavamaks.<\/span><span lang=\"ET\">&nbsp; Leiad siit juhatust, n\u00f5u, tervendavaid meditatsioone, erinevaid kursusi nii grupis kui individuaalselt. Kui soovid end vaimsetel teemadel mitmek\u00fclgselt harida, vahetada m\u00f5tteid teiste vaimsel teel olijatega ning areneda koos samas toetavas grupis, oled oodatud \u00f5ppima Vaimsete Teadmiste Kooli!&nbsp;<\/span><\/p>\n<\/div>\n\n\n\n<hr class=\"wp-block-separator has-alpha-channel-opacity\"\/>\n\n\n\n<h2 class=\"wp-block-heading\"><strong>Liina Kaumann<\/strong><\/h2>\n\n\n<div class=\"wp-block-image\">\n<figure class=\"alignright size-large is-resized\"><img loading=\"lazy\" decoding=\"async\" width=\"855\" height=\"1024\" src=\"https:\/\/vaimnemaailm.ee\/www\/wp-content\/uploads\/2026\/03\/Liina-2026-marts-855x1024.jpg\" alt=\"\" class=\"wp-image-4365\" style=\"width:300px;height:auto\" srcset=\"https:\/\/vaimnemaailm.ee\/www\/wp-content\/uploads\/2026\/03\/Liina-2026-marts-855x1024.jpg 855w, https:\/\/vaimnemaailm.ee\/www\/wp-content\/uploads\/2026\/03\/Liina-2026-marts-251x300.jpg 251w, https:\/\/vaimnemaailm.ee\/www\/wp-content\/uploads\/2026\/03\/Liina-2026-marts-768x919.jpg 768w, https:\/\/vaimnemaailm.ee\/www\/wp-content\/uploads\/2026\/03\/Liina-2026-marts-1283x1536.jpg 1283w, https:\/\/vaimnemaailm.ee\/www\/wp-content\/uploads\/2026\/03\/Liina-2026-marts-1711x2048.jpg 1711w\" sizes=\"auto, (max-width: 767px) 89vw, (max-width: 1000px) 54vw, (max-width: 1071px) 543px, 580px\" \/><\/figure>\n<\/div>\n\n\n<p>Akadeemilise hariduse omandasin Tartu \u00dclikoolis Filosoofiateaduskonnas ajaloo erialal, kus minu lemmikuteks olid v\u00f5rdlev religioonilugu, ps\u00fchholoogia ja filosoofia. Esmakordselt puutusin meditatsiooniga kokku juba \u00fcli\u00f5pilasp\u00e4evil &#8211; 1990. aastal, mil l\u00e4bisin transtsendentaalse meditatsiooni kursuse, kuid regulaarse mediteerimisega ma siis veel tegelema ei hakanud.<\/p>\n\n\n\n<p>Aastal 2001 olin oma isikliku eluga mitmel alal t\u00f5sises kriisis ja hakkasin otsima oma probleemidele lahendusi. Algasid minu vaimsed eneseotsingud. Alustasin dr. Luule Viilmaa raamatutega ja lugesin paari aasta jooksul l\u00e4bi virnade viisi k\u00f5ikv\u00f5imalikku vaimset kirjandust. Ma mitte ainult ei lugenud, vaid t\u00f5epoolest tegin ka l\u00e4bi k\u00f5ik, mida Luule Viilmaa soovitas. Esialgu ma sellesse isegi ei uskunud, kuid uppuja haarab ju \u00f5lek\u00f5rrestki ja nii m\u00f5tlesingi, et mis mul ikka kaotada. Muudkui andestasin, korrutasin tervendavaid afirmatsioone ja j\u00e4in&#8230; aina haigemaks. N\u00fc\u00fcd tean, et olin l\u00e4inud enesetervendamisega liiale \u2013 minu jaoks sai sellest p\u00f5hitegevus p\u00e4evas. Uskusin, et \u00f5ige elu l\u00e4heb lahti alles siis, kui oma sassis asjad korda saan. Ma ei m\u00f5istnud siis veel, et elu ongi k\u00e4esolevas hetkes, siin ja praegu, ka see parajasti k\u00e4silolev enesetervendamine, kulgemine tasakaalu ja tervise poole.<\/p>\n\n\n\n<p>Kuigi selline rabistamine t\u00f5i kaasa rohkem kannatusi, kui vaja oleks olnud, kandis \u00fchel hetkel iseendaga tegelemine ometi vilja. Midagi juhtus, minus avanes miski, mis oli enne t\u00e4ielikult blokeeritud. Toimuvat on raske kirjeldada. Mu teadvuses avanesid justkui uued tasandid, hakkasin s\u00fcgavamalt taipama asjade olemust. Avastasin iseendas peituva suure tarkuse. Olin parajasti lugenud l\u00e4bi Luule Viilma kaks esimest raamatut. Kui kolmanda kallale asusin, siis avastasin \u00fcllatusega, et seda k\u00f5ike tean juba isegi, pisut enne olid ka mulle enesele samad \u00e4ratundmised ja teadmised tulnud. Nendesamade t\u00f5dede lugemine raamatust, andis mulle aga enesekindlust, et olen t\u00f5epoolest \u00f5igel teel. T\u00f5de on universaalne ja see, mis tuleb infona \u00fchele, v\u00f5ib tulla ka teisele ja kolmandale samamoodi iseenesest, kui oleme samas sagedusribas ja eriti kui meil juhtuvad olema samad vaimsed \u00f5petajad ja teejuhid.<\/p>\n\n\n\n<p>Siitpeale toimus kannap\u00f6\u00f6re minu elus. Peagi j\u00f5udsin ka reiki juurde ja sain reiki p\u00fchitsused. Varsti hakkas minu juurde tulema abivajajaid &#8211; kes soovis reikit, kes niisama n\u00f5u, kes ennustamist Taro kaartidega. Inimesi muudkui tuli ja tuli. Nii sai minust kuidagi iseenesest reiki tervendaja ja n\u00f5ustaja. Lugesin l\u00e4bi k\u00f5ikv\u00f5imalikke vaimseid raamatuid, tegelesin regulaarselt vaimsete praktikatega, tegin igap\u00e4evaselt 5 tiibeti harjutust, mediteerisin ja harrastasin aegajalt s\u00fctelk\u00f5ndi.<\/p>\n\n\n\n<p>2013. aastast olen reiki meister ja \u00f5petan reikit ka teistele.<\/p>\n\n\n\n<p>2010. aastast alates olen juhendanud erinevaid meditatsioonikursusi, siis alustasin ka Vaimne Maailm O\u00dc-ga, mis tegeleb vaimsete koolituste, n\u00f5ustamise ja alternatiivraviga. Minu kursused p\u00f5hinevad suures osas juhitud meditatsioonil ja visualiseerimisel. Olen avastanud, et just juhitud meditatsioon on h\u00e4mmastavalt t\u00f5hus meditatsioonitehnika elus positiivsete muutuste esilekutsumiseks. Paralleelselt olen tegelenud kogu aeg kaTaro, pendli ja ruunidega, maalinud ja juhendanud energiamaali kursusi erinevatel teemadel, 2016. aasta suvel ilmus Pilgrim kirjastuselt minu raamat \u201eTervendav maalimine\u201d.&nbsp; Minu energiamaale saab n\u00e4ha siin kodulehel &#8220;Maalide&#8221; rubriigis ja soovi korral on neid ka v\u00f5imalik osta v\u00f5i tellida hoopis endale isiklik tervendav maal.<\/p>\n\n\n\n<p>Praeguseks (2024) on minust saanud pigem &#8220;\u00fclest\u00f5usu \u00f5petaja&#8221; &#8211; teejuht ja laternahoidja &#8211; jagan seda infot, mis on tulnud mulle minu isiklikku \u00fclest\u00f5usuprotsessi l\u00e4bides ja mis on toiminud, toonud kaasa taipamisi, teadvuse avardumisi, olulisi nihkeid ja vaatenurgamuutusi &#8211;&nbsp; tasandivahetusi. Olen kohalolus, tunnetades, mis just praeguses hetke energias k\u00f5ige paremini toimiks, mis kannaks, tooks k\u00f5ige kergemat, r\u00f5\u00f5msmat arengut ja \u00fcleminekut. Seda hetkel aktuaalset infot jagan ka oma vastuv\u00f5tul ja oma uutel kursustel, mida pidevalt juurde loon ja t\u00e4iendan.<\/p>\n\n\n\n<p>Tunnen, et minu \u00fclesanne ei ole tegeleda korraga paljude erinevate inimestega ega massidega, pigem on minu l\u00e4henemine s\u00fcgav ja suunatud v\u00e4iksemale spetsiifilisemale ringile, nendele, kes j\u00f5uavad kuidagi minuni, nendele, kes tunnevad minuga s\u00fcnkroonsust, on l\u00e4hedased hinged ja kellele just mina olen \u00f5ige \u00f5petaja.&nbsp; &nbsp; &nbsp;Seep\u00e4rast eelistan t\u00f6\u00f6tada inimestega \u00fcks-\u00fchele v\u00f5i&nbsp; siis juhendada v\u00e4ikesi gruppe.<\/p>\n\n\n\n<p>V\u00f5tan vastu Tartus v\u00f5i veebis.<\/p>\n\n\n\n<h2 class=\"wp-block-heading\">Meie meditatsiooniruum:<\/h2>\n\n\n\n<figure class=\"wp-block-image size-large\"><img loading=\"lazy\" decoding=\"async\" width=\"1024\" height=\"643\" src=\"https:\/\/vaimnemaailm.ee\/www\/wp-content\/uploads\/2025\/08\/cropped-ruum-13-scaled-1-1024x643.jpg\" alt=\"\" class=\"wp-image-4127\" srcset=\"https:\/\/vaimnemaailm.ee\/www\/wp-content\/uploads\/2025\/08\/cropped-ruum-13-scaled-1-1024x643.jpg 1024w, https:\/\/vaimnemaailm.ee\/www\/wp-content\/uploads\/2025\/08\/cropped-ruum-13-scaled-1-300x188.jpg 300w, https:\/\/vaimnemaailm.ee\/www\/wp-content\/uploads\/2025\/08\/cropped-ruum-13-scaled-1-768x482.jpg 768w, https:\/\/vaimnemaailm.ee\/www\/wp-content\/uploads\/2025\/08\/cropped-ruum-13-scaled-1-1536x965.jpg 1536w, https:\/\/vaimnemaailm.ee\/www\/wp-content\/uploads\/2025\/08\/cropped-ruum-13-scaled-1.jpg 2000w\" sizes=\"auto, (max-width: 767px) 89vw, (max-width: 1000px) 54vw, (max-width: 1071px) 543px, 580px\" \/><\/figure>\n\n\n\n<figure class=\"wp-block-image size-large\"><img loading=\"lazy\" decoding=\"async\" width=\"1024\" height=\"771\" src=\"https:\/\/vaimnemaailm.ee\/www\/wp-content\/uploads\/2026\/03\/IMG_20260311_085610-1024x771.jpg\" alt=\"\" class=\"wp-image-4369\" srcset=\"https:\/\/vaimnemaailm.ee\/www\/wp-content\/uploads\/2026\/03\/IMG_20260311_085610-1024x771.jpg 1024w, https:\/\/vaimnemaailm.ee\/www\/wp-content\/uploads\/2026\/03\/IMG_20260311_085610-300x226.jpg 300w, https:\/\/vaimnemaailm.ee\/www\/wp-content\/uploads\/2026\/03\/IMG_20260311_085610-768x578.jpg 768w, https:\/\/vaimnemaailm.ee\/www\/wp-content\/uploads\/2026\/03\/IMG_20260311_085610-1536x1157.jpg 1536w, https:\/\/vaimnemaailm.ee\/www\/wp-content\/uploads\/2026\/03\/IMG_20260311_085610-2048x1542.jpg 2048w\" sizes=\"auto, (max-width: 767px) 89vw, (max-width: 1000px) 54vw, (max-width: 1071px) 543px, 580px\" \/><\/figure>\n\n\n\n<figure class=\"wp-block-image size-large\"><img loading=\"lazy\" decoding=\"async\" width=\"1024\" height=\"771\" src=\"https:\/\/vaimnemaailm.ee\/www\/wp-content\/uploads\/2026\/03\/IMG_20260311_085501-1024x771.jpg\" alt=\"\" class=\"wp-image-4370\" srcset=\"https:\/\/vaimnemaailm.ee\/www\/wp-content\/uploads\/2026\/03\/IMG_20260311_085501-1024x771.jpg 1024w, https:\/\/vaimnemaailm.ee\/www\/wp-content\/uploads\/2026\/03\/IMG_20260311_085501-300x226.jpg 300w, https:\/\/vaimnemaailm.ee\/www\/wp-content\/uploads\/2026\/03\/IMG_20260311_085501-768x578.jpg 768w, https:\/\/vaimnemaailm.ee\/www\/wp-content\/uploads\/2026\/03\/IMG_20260311_085501-1536x1157.jpg 1536w, https:\/\/vaimnemaailm.ee\/www\/wp-content\/uploads\/2026\/03\/IMG_20260311_085501-2048x1542.jpg 2048w\" sizes=\"auto, (max-width: 767px) 89vw, (max-width: 1000px) 54vw, (max-width: 1071px) 543px, 580px\" \/><\/figure>\n\n\n\n<p>2023\/24. aastal:<\/p>\n\n\n\n<figure class=\"wp-block-image size-large is-resized\"><img loading=\"lazy\" decoding=\"async\" width=\"1024\" height=\"768\" src=\"https:\/\/vaimnemaailm.ee\/www\/wp-content\/uploads\/2024\/03\/pleedid-kuunal-1024x768.jpg\" alt=\"\" class=\"wp-image-3460\" style=\"width:544px;height:auto\" srcset=\"https:\/\/vaimnemaailm.ee\/www\/wp-content\/uploads\/2024\/03\/pleedid-kuunal-1024x768.jpg 1024w, https:\/\/vaimnemaailm.ee\/www\/wp-content\/uploads\/2024\/03\/pleedid-kuunal-300x225.jpg 300w, https:\/\/vaimnemaailm.ee\/www\/wp-content\/uploads\/2024\/03\/pleedid-kuunal-768x576.jpg 768w, https:\/\/vaimnemaailm.ee\/www\/wp-content\/uploads\/2024\/03\/pleedid-kuunal-1536x1152.jpg 1536w, https:\/\/vaimnemaailm.ee\/www\/wp-content\/uploads\/2024\/03\/pleedid-kuunal-2048x1536.jpg 2048w\" sizes=\"auto, (max-width: 767px) 89vw, (max-width: 1000px) 54vw, (max-width: 1071px) 543px, 580px\" \/><\/figure>\n\n\n\n<figure class=\"wp-block-image size-large is-resized\"><img loading=\"lazy\" decoding=\"async\" width=\"1024\" height=\"768\" src=\"https:\/\/vaimnemaailm.ee\/www\/wp-content\/uploads\/2024\/03\/ruum3-1024x768.jpg\" alt=\"\" class=\"wp-image-3455\" style=\"width:544px;height:auto\" srcset=\"https:\/\/vaimnemaailm.ee\/www\/wp-content\/uploads\/2024\/03\/ruum3-1024x768.jpg 1024w, https:\/\/vaimnemaailm.ee\/www\/wp-content\/uploads\/2024\/03\/ruum3-300x225.jpg 300w, https:\/\/vaimnemaailm.ee\/www\/wp-content\/uploads\/2024\/03\/ruum3-768x576.jpg 768w, https:\/\/vaimnemaailm.ee\/www\/wp-content\/uploads\/2024\/03\/ruum3-1536x1152.jpg 1536w, https:\/\/vaimnemaailm.ee\/www\/wp-content\/uploads\/2024\/03\/ruum3-2048x1536.jpg 2048w\" sizes=\"auto, (max-width: 767px) 89vw, (max-width: 1000px) 54vw, (max-width: 1071px) 543px, 580px\" \/><\/figure>\n\n\n\n<figure class=\"wp-block-image size-large is-resized\"><img loading=\"lazy\" decoding=\"async\" width=\"1024\" height=\"768\" src=\"https:\/\/vaimnemaailm.ee\/www\/wp-content\/uploads\/2024\/03\/ruum2-1024x768.jpg\" alt=\"\" class=\"wp-image-3454\" style=\"width:550px;height:auto\" srcset=\"https:\/\/vaimnemaailm.ee\/www\/wp-content\/uploads\/2024\/03\/ruum2-1024x768.jpg 1024w, https:\/\/vaimnemaailm.ee\/www\/wp-content\/uploads\/2024\/03\/ruum2-300x225.jpg 300w, https:\/\/vaimnemaailm.ee\/www\/wp-content\/uploads\/2024\/03\/ruum2-768x576.jpg 768w, https:\/\/vaimnemaailm.ee\/www\/wp-content\/uploads\/2024\/03\/ruum2-1536x1152.jpg 1536w, https:\/\/vaimnemaailm.ee\/www\/wp-content\/uploads\/2024\/03\/ruum2-2048x1536.jpg 2048w\" sizes=\"auto, (max-width: 767px) 89vw, (max-width: 1000px) 54vw, (max-width: 1071px) 543px, 580px\" \/><\/figure>\n\n\n\n<figure class=\"wp-block-image size-large is-resized\"><img loading=\"lazy\" decoding=\"async\" width=\"1024\" height=\"768\" src=\"https:\/\/vaimnemaailm.ee\/www\/wp-content\/uploads\/2024\/03\/ruum1-1024x768.jpg\" alt=\"\" class=\"wp-image-3453\" style=\"width:553px;height:auto\" srcset=\"https:\/\/vaimnemaailm.ee\/www\/wp-content\/uploads\/2024\/03\/ruum1-1024x768.jpg 1024w, https:\/\/vaimnemaailm.ee\/www\/wp-content\/uploads\/2024\/03\/ruum1-300x225.jpg 300w, https:\/\/vaimnemaailm.ee\/www\/wp-content\/uploads\/2024\/03\/ruum1-768x576.jpg 768w, https:\/\/vaimnemaailm.ee\/www\/wp-content\/uploads\/2024\/03\/ruum1-1536x1152.jpg 1536w, https:\/\/vaimnemaailm.ee\/www\/wp-content\/uploads\/2024\/03\/ruum1-2048x1536.jpg 2048w\" sizes=\"auto, (max-width: 767px) 89vw, (max-width: 1000px) 54vw, (max-width: 1071px) 543px, 580px\" \/><\/figure>\n\n\n\n<p><\/p>\n","protected":false},"excerpt":{"rendered":"<p>Vaimne Maailm O\u00dc (reg. 11912030), pangakonto EE662200221049242077, Tartu, Eesti &nbsp;Kontakt: liina@vaimnemaailm.ee, 55992477 Vasuv\u00f5tt Tartus v\u00f5i veebis Missioon: VAIMNE MAAILM sai asutatud aastal 2010 &#8211; algselt selleks, et koondada ja \u00fchendada vaimsel teel olevaid inimesi, pakkudes neile tuge praeguses kiiresti muutuvas maailmas, kus vana kiiresti laguneb, pind kaob jalge alt, aga uus energia pole veel kohal. &hellip; <\/p>\n<p class=\"link-more\"><a href=\"https:\/\/vaimnemaailm.ee\/www\/meist\/\" class=\"more-link\">Loe edasi<span class=\"screen-reader-text\"> &#8220;Kontakt\/Minust&#8221;<\/span><\/a><\/p>\n","protected":false},"author":2,"featured_media":0,"parent":0,"menu_order":0,"comment_status":"closed","ping_status":"closed","template":"","meta":{"footnotes":""},"class_list":["post-9","page","type-page","status-publish","hentry"],"_links":{"self":[{"href":"https:\/\/vaimnemaailm.ee\/www\/wp-json\/wp\/v2\/pages\/9","targetHints":{"allow":["GET"]}}],"collection":[{"href":"https:\/\/vaimnemaailm.ee\/www\/wp-json\/wp\/v2\/pages"}],"about":[{"href":"https:\/\/vaimnemaailm.ee\/www\/wp-json\/wp\/v2\/types\/page"}],"author":[{"embeddable":true,"href":"https:\/\/vaimnemaailm.ee\/www\/wp-json\/wp\/v2\/users\/2"}],"replies":[{"embeddable":true,"href":"https:\/\/vaimnemaailm.ee\/www\/wp-json\/wp\/v2\/comments?post=9"}],"version-history":[{"count":5,"href":"https:\/\/vaimnemaailm.ee\/www\/wp-json\/wp\/v2\/pages\/9\/revisions"}],"predecessor-version":[{"id":4382,"href":"https:\/\/vaimnemaailm.ee\/www\/wp-json\/wp\/v2\/pages\/9\/revisions\/4382"}],"wp:attachment":[{"href":"https:\/\/vaimnemaailm.ee\/www\/wp-json\/wp\/v2\/media?parent=9"}],"curies":[{"name":"wp","href":"https:\/\/api.w.org\/{rel}","templated":true}]}}