{"id":882,"date":"2018-03-27T15:04:57","date_gmt":"2018-03-27T12:04:57","guid":{"rendered":"http:\/\/vaimnemaailm.ee\/www\/?page_id=882"},"modified":"2024-02-11T17:02:46","modified_gmt":"2024-02-11T15:02:46","slug":"taro-kaartidega-elusuundade-vaatamine-meili-teel","status":"publish","type":"page","link":"https:\/\/vaimnemaailm.ee\/www\/taro-kaartidega-elusuundade-vaatamine-meili-teel\/","title":{"rendered":"TARO kaartidega elusuundade vaatamine veebi teel"},"content":{"rendered":"<p><img loading=\"lazy\" decoding=\"async\" class=\"alignright wp-image-70 size-medium\" src=\"http:\/\/vaimnemaailm.ee\/www\/wp-content\/uploads\/2017\/01\/taro-ja-ruunid-4-Copy-300x202.jpg\" alt=\"\" width=\"300\" height=\"202\" srcset=\"https:\/\/vaimnemaailm.ee\/www\/wp-content\/uploads\/2017\/01\/taro-ja-ruunid-4-Copy-300x202.jpg 300w, https:\/\/vaimnemaailm.ee\/www\/wp-content\/uploads\/2017\/01\/taro-ja-ruunid-4-Copy-768x517.jpg 768w, https:\/\/vaimnemaailm.ee\/www\/wp-content\/uploads\/2017\/01\/taro-ja-ruunid-4-Copy-1024x689.jpg 1024w, https:\/\/vaimnemaailm.ee\/www\/wp-content\/uploads\/2017\/01\/taro-ja-ruunid-4-Copy.jpg 2046w\" sizes=\"auto, (max-width: 300px) 100vw, 300px\" \/>Otsime TARO kaartide abil vastuseid Sind huvitavatele k\u00fcsimustele v\u00f5i selgitame v\u00e4lja praegusel perioodil Sinu elu ja otsuseid kujundavad energiad, et neid soovi korral muuta saaksid.<\/p>\n<p>Seanssi on v\u00f5imalik l\u00e4bi viia nii Skype\u00b4is kui Messingeris.<\/p>\n<p>Kuidas toimida koosk\u00f5las K\u00f5rgema plaaniga?<\/p>\n<p>Milline suund\/valik oleks Sinu jaoks k\u00f5ige soodsam? Mis v\u00f5iks juhtuda, kui toimida \u00fchel v\u00f5i teisel viisil?<\/p>\n<p>Mida on oodata?<\/p>\n<p>Tegemist pole klassikalise tulevikuennustamisega, pigem k\u00e4sitleme TARO-t kui tarka n\u00f5uandjat. Kaardid juhivad t\u00e4helepanu neile energiatele, mis on juba k\u00e4ivitunud ja varjatult kujundamas potentsiaalset tulevikku. Kui neid energiaid endale teadvustame, siis on v\u00f5imalik soovi korral teha muutusi oma suhtumistes, valikutes ja tulevikuv\u00e4ljavaateid korrigeerida.<\/p>\n<p>TARO kaardid aitavad astuda \u00fchendusse Sinu enda sisemise teadlikkusega, m\u00f5istes TARO kaarte \u00f5pid paremini tundma nii iseennast kui ka \u00fcmbrust \u2013 Maad ja K\u00f5iksust, v\u00e4list ja sisemist, n\u00e4htavat ja varjatut, f\u00fc\u00fcsilist ja vaimset.<\/p>\n<p><strong>55 EUR <\/strong>kuni 1 tunnine seanss<\/p>\n<p><strong>40 EUR\u00a0 <\/strong>kuni 30 min seanss<\/p>\n<p>(eelduseks on ettemaksu laekumine Vaimne Maailm O\u00dc pangakontole EE662200221049242077)<\/p>\n<p>V\u00f5ta \u00fchendust: <a href=\"mailto:liina@vaimnemaailm.ee\">liina@vaimnemaailm.ee<\/a><\/p>\n<p>Lepime kokku aja seansiks veebis.<\/p>\n<p><strong>\u00dche 55<\/strong><strong>\u00a0EUR<\/strong><strong> seansi sisse mahub: <\/strong><\/p>\n<ul>\n<li><strong>1 p\u00f5hjalik ladumine \u00fchel teemal <\/strong><strong>(suhted, tervis, karj\u00e4\u00e4r, kodu\/pere, mingi projekt&#8230;) + t\u00e4psustav, l\u00fchem lisaladumine muul teemal v\u00f5i samal teemal.<br \/>\n<\/strong><\/li>\n<li><strong>3-5 l\u00fchemat ladumist samal teemal eri nurkade alt k\u00fcsides <\/strong><strong>(suhete teemal <\/strong><strong>k\u00fcsides <\/strong><strong>n\u00e4iteks: <\/strong><strong>K<\/strong><strong>uidas areneb minu suhe X-ga? Kuidas Y-ga? Kas on oodata kedagi uut mu ellu? Mis juhtub, kui l\u00f5petan praeguse suhte v\u00f5i kui p\u00fc\u00fcan j\u00e4tkata kooselu? <\/strong><strong>Mis \u00fcldse armastuse vallas minu elus toimub l\u00e4hema 6 kuu jooksul?)<\/strong><\/li>\n<li><strong>2-4 l\u00fchemat ladumist eri teemadel <\/strong><strong>(suhted, tervis, karj\u00e4\u00e4r, kodu\/pere, mingi projekt <\/strong><strong>jne.<\/strong><strong>)<\/strong><\/li>\n<\/ul>\n<p><strong>Kuidas k\u00fcsida?<\/strong><\/p>\n<ul>\n<li>Kui soovid konkreetsemaid vastuseid, on vaja esitada kaartidele konkreetsemaid, mitte liiga \u00fcldisi k\u00fcsimusi (N: Milliseid arenguid on oodata minu suhtes X-ga 3 kuu jooksul? Mis juhtub, kui lahkun praeguselt t\u00f6\u00f6kohalt ja v\u00f5tan vastu uue pakkumise? Kuidas peaksin toimima olukorras X j\u00e4rgneva n\u00e4dala jooksul?). \u00dcldiste k\u00fcsimuste puhul (N: kuidas mul l\u00e4heb?) on vastused samuti \u00fcldised.<\/li>\n<li>Tavaliselt ei ole m\u00f5tet k\u00fcsida v\u00e4ga kauge tuleviku kohta, maksimaalne p\u00f5hjaliku ladumise adekvaatsuse aeg v\u00f5iks olla 2-3 aastat aga seegi oleneb k\u00fcsimusest.\u00a0 Tavaliselt on m\u00f5tekas vaadata arenguid 3 v\u00f5i 6 kuu kaugusele v\u00f5i aasta peale. Mida kaugemale tulevikku vaadata p\u00fc\u00fcame, seda t\u00f5en\u00e4olisem on, et asjad j\u00f5uavad vahepeal muutuda ja tulevik kujuneb teiseks &#8211; elame praegu v\u00e4ga kiiresti muutuvas ajas ja energias.<\/li>\n<\/ul>\n<p>Seanssi on v\u00f5imalik teha ka meili teel &#8211; siis \u00fcks n\u00f5ustamissseanss 70 EUR hinnaga<\/p>\n<p>Saada oma konkreetsed k\u00fcsimused, oma ees- ja perekonnanimi, t\u00e4pne s\u00fcnniaeg (kuup\u00e4ev, kuu ja aasta) ja \u00fcks foto endast ja anna teada, kui oled makse teinud, siis saad vastused kiiremini. Enamasti saad vastused meilile\u00a0 p\u00e4eva v\u00f5i paari jooksul peale ettemaksu laekumist.<\/p>\n","protected":false},"excerpt":{"rendered":"<p>Otsime TARO kaartide abil vastuseid Sind huvitavatele k\u00fcsimustele v\u00f5i selgitame v\u00e4lja praegusel perioodil Sinu elu ja otsuseid kujundavad energiad, et neid soovi korral muuta saaksid. Seanssi on v\u00f5imalik l\u00e4bi viia nii Skype\u00b4is kui Messingeris. Kuidas toimida koosk\u00f5las K\u00f5rgema plaaniga? Milline suund\/valik oleks Sinu jaoks k\u00f5ige soodsam? Mis v\u00f5iks juhtuda, kui toimida \u00fchel v\u00f5i teisel viisil? &hellip; <\/p>\n<p class=\"link-more\"><a href=\"https:\/\/vaimnemaailm.ee\/www\/taro-kaartidega-elusuundade-vaatamine-meili-teel\/\" class=\"more-link\">Loe edasi<span class=\"screen-reader-text\"> &#8220;TARO kaartidega elusuundade vaatamine veebi teel&#8221;<\/span><\/a><\/p>\n","protected":false},"author":2,"featured_media":0,"parent":0,"menu_order":0,"comment_status":"closed","ping_status":"closed","template":"","meta":{"footnotes":""},"class_list":["post-882","page","type-page","status-publish","hentry"],"_links":{"self":[{"href":"https:\/\/vaimnemaailm.ee\/www\/wp-json\/wp\/v2\/pages\/882","targetHints":{"allow":["GET"]}}],"collection":[{"href":"https:\/\/vaimnemaailm.ee\/www\/wp-json\/wp\/v2\/pages"}],"about":[{"href":"https:\/\/vaimnemaailm.ee\/www\/wp-json\/wp\/v2\/types\/page"}],"author":[{"embeddable":true,"href":"https:\/\/vaimnemaailm.ee\/www\/wp-json\/wp\/v2\/users\/2"}],"replies":[{"embeddable":true,"href":"https:\/\/vaimnemaailm.ee\/www\/wp-json\/wp\/v2\/comments?post=882"}],"version-history":[{"count":5,"href":"https:\/\/vaimnemaailm.ee\/www\/wp-json\/wp\/v2\/pages\/882\/revisions"}],"predecessor-version":[{"id":3374,"href":"https:\/\/vaimnemaailm.ee\/www\/wp-json\/wp\/v2\/pages\/882\/revisions\/3374"}],"wp:attachment":[{"href":"https:\/\/vaimnemaailm.ee\/www\/wp-json\/wp\/v2\/media?parent=882"}],"curies":[{"name":"wp","href":"https:\/\/api.w.org\/{rel}","templated":true}]}}