{"id":74,"date":"2017-01-01T13:12:07","date_gmt":"2017-01-01T11:12:07","guid":{"rendered":"http:\/\/vaimnemaailm.ee\/www\/?page_id=74"},"modified":"2025-06-19T13:04:50","modified_gmt":"2025-06-19T10:04:50","slug":"artiklid","status":"publish","type":"page","link":"https:\/\/vaimnemaailm.ee\/www\/artiklid\/","title":{"rendered":"Artiklid"},"content":{"rendered":"\n<h2 class=\"wp-block-heading contentheading\">Huvitavat lugemist:<\/h2>\n\n\n\n<ol class=\"wp-block-list\">\n<li><a href=\"http:\/\/vaimnemaailm.ee\/www\/mis-on-reiki\/\">Mis on reiki?<\/a><\/li>\n\n\n\n<li><a href=\"http:\/\/vaimnemaailm.ee\/www\/5-tiibetlast\/\">5 tiibetlast<\/a><\/li>\n\n\n\n<li><a href=\"http:\/\/vaimnemaailm.ee\/www\/meditatsioonist\/\">Meditatsioonist<\/a><\/li>\n\n\n\n<li><a href=\"http:\/\/vaimnemaailm.ee\/www\/mis-on-elu-eesmark\/\">Mis on elu eesm\u00e4rk?<\/a><\/li>\n<\/ol>\n\n\n\n<h2 class=\"wp-block-heading\">Ajakirjanduses ilmunud artiklid:<\/h2>\n\n\n\n<div class=\"article-content\">\n<p><strong>Artiklid meist<\/strong><\/p>\n<p><a href=\"http:\/\/vaimnemaailm.ee\/www\/ravivoimed-esiemade-parandus-tervendaja-oktoober-2015\/\">&#8220;Raviv\u00f5imed &#8211; esiemade p\u00e4randus&#8221; &#8211; &#8220;Tervendaja&#8221;, oktoober 2<\/a><a href=\"http:\/\/vaimnemaailm.ee\/www\/ravivoimed-esiem\u2026ja-oktoober-2015\/ \u200e\">015<\/a><\/p>\n<p><a href=\"http:\/\/vaimnemaailm.ee\/www\/millele-me-keskendume-seda-me-loome-mustilised-lood-kevad-2012\/\">&#8220;Millele me keskendume, seda me loome&#8230;&#8221;- &#8220;M\u00fcstilised lood&#8221;, kevad 2012<\/a><\/p>\n<p><a href=\"http:\/\/vaimnemaailm.ee\/www\/iseenda-tasakaalu-viimise-kunst-nelli-saatus-kevad-2012\/\">&#8220;Iseenda tasakaalu viimise kunst&#8221; &#8211; &#8220;Nelli Saatus&#8221;, kevad 2012<\/a><\/p>\n<p><strong>Artiklid Liina Kaumanni sulest<\/strong><\/p>\n<p><a href=\"http:\/\/vaimnemaailm.ee\/www\/kuidas-aru-saada-et-suhe-on-labi-kas-suhet-on-voimalik-onnelikult-lopetada-ajakiri-psuhholoogia-sinule-detsember-2015\/\">&#8220;Kuidas aru saada, et suhe on l\u00e4bi. Kas suhet on v\u00f5imalik \u00f5nnelikult l\u00f5petada?&#8221;- Ajakiri &#8220;Ps\u00fchholoogia sinule&#8221;, detsember 2015 <\/a><\/p>\n<p><a href=\"http:\/\/vaimnemaailm.ee\/www\/kuidas-saavutada-tasakaalu-ajakiri-naised-29-jaanuar-2015\/\">&#8220;Kuidas saavutada tasakaalu&#8221; &#8211; Ajakiri &#8220;Naised&#8221;, 29. jaanuar 2015 <\/a><\/p>\n<p><a href=\"http:\/\/vaimnemaailm.ee\/www\/kuidas-avastada-oma-eluulesannet-ajakiri-naised-14-mai-2015\/\">&#8220;Kuidas avastada oma elu\u00fclesannet&#8221; &#8211; Ajakiri &#8220;Naised&#8221;, 14. mai&nbsp; 2015 <\/a><\/p>\n<p><a href=\"http:\/\/vaimnemaailm.ee\/www\/lahisuhe-muutuvas-maailmas-ajakiri-naised-18-juuni-2015\/\">&nbsp;&#8220;L\u00e4hisuhe muutuvas maailmas&#8221; &#8211; Ajakiri &#8220;Naised&#8221;, 18. juuni 2015<\/a><\/p>\n<p><a href=\"http:\/\/vaimnemaailm.ee\/www\/kuidas-esitada-universumile-tohusalt-deklaratsiooni-ajakiri-mustilised-lood-mai-2015\/\">&#8220;Kuidas esitada Universumile t\u00f5husalt deklaratsiooni&#8221;- Ajakiri &#8220;M\u00fcstilised lood&#8221;, mai 2015 <\/a><\/p>\n<p><a href=\"http:\/\/vaimnemaailm.ee\/www\/loomise-lood-ajakiri-mustilised-lood-mai-2015\/\">&#8220;Loomise lood&#8221;- Ajakiri &#8220;M\u00fcstilised lood&#8221;, mai 2015 <\/a><\/p>\n<p><a href=\"http:\/\/vaimnemaailm.ee\/www\/kuidas-end-kaitsta-energiavampiiride-eest-ajakiri-mustilised-lood-juuli-2015\/\">&nbsp;&#8220;Kuidas end kaitsta energiavampiiride eest&#8221; &#8211; Ajakiri &#8220;M\u00fcstilised lood&#8221;, juuli 2015<\/a><\/p>\n","protected":false},"excerpt":{"rendered":"<p>Huvitavat lugemist: Ajakirjanduses ilmunud artiklid: Artiklid meist &#8220;Raviv\u00f5imed &#8211; esiemade p\u00e4randus&#8221; &#8211; &#8220;Tervendaja&#8221;, oktoober 2015 &#8220;Millele me keskendume, seda me loome&#8230;&#8221;- &#8220;M\u00fcstilised lood&#8221;, kevad 2012 &#8220;Iseenda tasakaalu viimise kunst&#8221; &#8211; &#8220;Nelli Saatus&#8221;, kevad 2012 Artiklid Liina Kaumanni sulest &#8220;Kuidas aru saada, et suhe on l\u00e4bi. Kas suhet on v\u00f5imalik \u00f5nnelikult l\u00f5petada?&#8221;- Ajakiri &#8220;Ps\u00fchholoogia sinule&#8221;, detsember &hellip; <\/p>\n<p class=\"link-more\"><a href=\"https:\/\/vaimnemaailm.ee\/www\/artiklid\/\" class=\"more-link\">Loe edasi<span class=\"screen-reader-text\"> &#8220;Artiklid&#8221;<\/span><\/a><\/p>\n","protected":false},"author":2,"featured_media":0,"parent":0,"menu_order":0,"comment_status":"closed","ping_status":"closed","template":"","meta":{"footnotes":""},"class_list":["post-74","page","type-page","status-publish","hentry"],"_links":{"self":[{"href":"https:\/\/vaimnemaailm.ee\/www\/wp-json\/wp\/v2\/pages\/74","targetHints":{"allow":["GET"]}}],"collection":[{"href":"https:\/\/vaimnemaailm.ee\/www\/wp-json\/wp\/v2\/pages"}],"about":[{"href":"https:\/\/vaimnemaailm.ee\/www\/wp-json\/wp\/v2\/types\/page"}],"author":[{"embeddable":true,"href":"https:\/\/vaimnemaailm.ee\/www\/wp-json\/wp\/v2\/users\/2"}],"replies":[{"embeddable":true,"href":"https:\/\/vaimnemaailm.ee\/www\/wp-json\/wp\/v2\/comments?post=74"}],"version-history":[{"count":5,"href":"https:\/\/vaimnemaailm.ee\/www\/wp-json\/wp\/v2\/pages\/74\/revisions"}],"predecessor-version":[{"id":4100,"href":"https:\/\/vaimnemaailm.ee\/www\/wp-json\/wp\/v2\/pages\/74\/revisions\/4100"}],"wp:attachment":[{"href":"https:\/\/vaimnemaailm.ee\/www\/wp-json\/wp\/v2\/media?parent=74"}],"curies":[{"name":"wp","href":"https:\/\/api.w.org\/{rel}","templated":true}]}}