{"id":4329,"date":"2026-02-04T20:30:50","date_gmt":"2026-02-04T18:30:50","guid":{"rendered":"https:\/\/vaimnemaailm.ee\/www\/?page_id=4329"},"modified":"2026-02-12T11:21:38","modified_gmt":"2026-02-12T09:21:38","slug":"vaimsete-teadmiste-kool-iii-aste","status":"publish","type":"page","link":"https:\/\/vaimnemaailm.ee\/www\/vaimsete-teadmiste-kool-iii-aste\/","title":{"rendered":"Vaimsete Teadmiste Kool III aste"},"content":{"rendered":"\n<h3 class=\"wp-block-heading\"><mark style=\"background-color:rgba(0, 0, 0, 0);color:#de12b2\" class=\"has-inline-color\"><em><strong>Uus ajastu: elu 5D \u00fchtsusmaailmas. Kosmiline hingep\u00e4ritolu.<\/strong><\/em> <em><strong>Galaktiline suhtlemine ja koost\u00f6\u00f6<\/strong><\/em> <\/mark><\/h3>\n\n\n<div class=\"wp-block-image\">\n<figure class=\"alignright size-large is-resized\"><img loading=\"lazy\" decoding=\"async\" width=\"774\" height=\"1024\" src=\"https:\/\/vaimnemaailm.ee\/www\/wp-content\/uploads\/2025\/08\/IMG_20250802_185400-774x1024.jpg\" alt=\"\" class=\"wp-image-4173\" style=\"aspect-ratio:0.7558659119981775;width:352px;height:auto\" srcset=\"https:\/\/vaimnemaailm.ee\/www\/wp-content\/uploads\/2025\/08\/IMG_20250802_185400-774x1024.jpg 774w, https:\/\/vaimnemaailm.ee\/www\/wp-content\/uploads\/2025\/08\/IMG_20250802_185400-227x300.jpg 227w, https:\/\/vaimnemaailm.ee\/www\/wp-content\/uploads\/2025\/08\/IMG_20250802_185400-768x1016.jpg 768w, https:\/\/vaimnemaailm.ee\/www\/wp-content\/uploads\/2025\/08\/IMG_20250802_185400-1161x1536.jpg 1161w, https:\/\/vaimnemaailm.ee\/www\/wp-content\/uploads\/2025\/08\/IMG_20250802_185400-1548x2048.jpg 1548w, https:\/\/vaimnemaailm.ee\/www\/wp-content\/uploads\/2025\/08\/IMG_20250802_185400-scaled.jpg 1934w\" sizes=\"auto, (max-width: 767px) 89vw, (max-width: 1000px) 54vw, (max-width: 1071px) 543px, 580px\" \/><\/figure>\n<\/div>\n\n\n<p><strong><strong><mark style=\"background-color:rgba(0, 0, 0, 0);color:#f720b3\" class=\"has-inline-color\">Grupp alustab 6.09.26<\/mark><\/strong><\/strong><\/p>\n\n\n\n<p><strong><mark style=\"background-color:rgba(0, 0, 0, 0)\" class=\"has-inline-color has-vivid-cyan-blue-color\">1.<\/mark><\/strong><em><mark style=\"background-color:rgba(0, 0, 0, 0)\" class=\"has-inline-color has-vivid-cyan-blue-color\"><\/mark><\/em><strong><mark style=\"background-color:rgba(0, 0, 0, 0)\" class=\"has-inline-color has-vivid-cyan-blue-color\">Kosmilised rassid ja erinevad t\u00e4heseemned. Galaktiline f\u00f6deratsioon. <\/mark><\/strong>Kuidas teha kindlaks milline t\u00e4heseeme sa oled? L\u00fchidalt eri t\u00e4heseemnetest. Sisemine N\u00f5ukogu. Kosmiliste arhet\u00fc\u00fcpide rollid Maa tulevikus. Teadvuse arengusuunad Maal kuni 2050. <mark style=\"background-color:rgba(0, 0, 0, 0)\" class=\"has-inline-color has-vivid-purple-color\">P\u00e4ritolu meditatsioon + test. Meditatsioon Galaktiline f\u00f6deratsioon. Kosmilise p\u00e4ritolu tunnetamine. Sisemine n\u00f5ukogu.<\/mark> <strong><mark style=\"background-color:rgba(0, 0, 0, 0)\" class=\"has-inline-color has-vivid-cyan-blue-color\">Numeroloogia 1. osa<\/mark><\/strong><em><strong><mark style=\"background-color:rgba(0, 0, 0, 0)\" class=\"has-inline-color has-vivid-cyan-blue-color\">. <\/mark><\/strong><\/em>L\u00fchidalt numbritest 1-9, 11, 22, 33. Numeroloogiline eneseanal\u00fc\u00fcs. Eluteenumber, v\u00e4ljendusnumber (oma mina), hingearv, salaunistuse number, isiksuse number, vaimsuse, elukutse, partnerluse ja tervise numbrid. <mark style=\"background-color:rgba(0, 0, 0, 0)\" class=\"has-inline-color has-vivid-purple-color\">Numeroloogiline sobivus partneriga. Numeroloogiline eneseanal\u00fc\u00fcs protsentuaalselt. Sobivus teiste numbritega<\/mark>. <mark style=\"background-color:rgba(0, 0, 0, 0)\" class=\"has-inline-color has-vivid-cyan-blue-color\"><strong>6.09.26<\/strong><\/mark><\/p>\n\n\n\n<p><strong><mark style=\"background-color:rgba(0, 0, 0, 0)\" class=\"has-inline-color has-vivid-cyan-blue-color\">2. Kuidas teha \u00fclest\u00f5usu 5D-sse &#8211; meie p\u00f5hilised \u00fclesanded. \u00dcleminek uuele tasandile, kusUniversum toimib l\u00e4bi minu!N ja M tuumhirmudpolaarses maailmas, nende etapiviisline koosloomisesse \u00fchendamine.<\/mark><\/strong>Kontroll vs Usaldus. Tahe vs Tunne. Positiivsus vs Negatiivsus. \u00dcha suuremasse enesev\u00e4\u00e4rtustamisse j\u00f5udmine. Oma hingev\u00e4\u00e4rtustest juhindumine. Surmahirmu illusioonist v\u00e4ljatulek. Kuidas toimub N ja M energate uude energiasse liikumine. Kuidas kasvavad uues energias \u201ejumalikud\u201d tasakaalus lapsed? N ja M energia tasakaalustamise kolm tasandit. Andmise\/v\u00e4ljakiirgamise ja saamise\/vastuv\u00f5tmise tasakaalustamine. T\u00f5eline vaimne areng toimub alati seestpoolt v\u00e4ljapoole. Mis on k\u00fcllusteadvus?<mark style=\"background-color:rgba(0, 0, 0, 0)\" class=\"has-inline-color has-vivid-purple-color\">Universum toimib l\u00e4bi minu, uute valguskoodide allalaadimine. Silla \u00fcletamine \u2013 uuele tasandile liikumine ja selle f\u00fc\u00fcsilisse reaalsusesse toomine. Nais- ja meesenergia \u00fchendamine ja \u00fcleviimine uuele tasandile taotluse ja tervendavate valgusmustrite loomisega<\/mark>. <mark style=\"background-color:rgba(0, 0, 0, 0)\" class=\"has-inline-color has-vivid-purple-color\"><strong>Kanaldamine<\/strong>. Valguskeha laadimise hingamistehnika \u2013 1 energiamao t\u00f5stmine<\/mark>. <strong><mark style=\"background-color:rgba(0, 0, 0, 0)\" class=\"has-inline-color has-vivid-cyan-blue-color\">4.10.26<\/mark><\/strong><\/p>\n\n\n\n<p><strong><mark style=\"background-color:rgba(0, 0, 0, 0)\" class=\"has-inline-color has-vivid-cyan-blue-color\">3. Universum p\u00f5hineb numbritel ja p\u00fchal geomeetrial<\/mark><\/strong><em><strong><mark style=\"background-color:rgba(0, 0, 0, 0)\" class=\"has-inline-color has-vivid-cyan-blue-color\">.<\/mark><\/strong><\/em> Kuldl\u00f5ige, fibonacci jada ja p\u00fcha geomeetria &#8211; universaalse loomisprintsiibi kolm vaadet. Kuidas saab neid kolme kasutada eluotsustes ja loomes. Loomise p\u00fcha geomeetria. <mark style=\"background-color:rgba(0, 0, 0, 0)\" class=\"has-inline-color has-vivid-purple-color\">Mandala loomine<\/mark>. <strong><mark style=\"background-color:rgba(0, 0, 0, 0)\" class=\"has-inline-color has-vivid-cyan-blue-color\">L\u00fc\u00fcra &#8211; kosmiliste rasside h\u00e4ll. <\/mark><\/strong>Kes on l\u00fc\u00fcralased? L\u00fc\u00fcra galaktiline roll. L\u00fc\u00fcra teadvuskoodide energeetiline kaart \u2013 valgusliinid ja varjuliinid. L\u00fc\u00fcralaste erinevad rassid. L\u00fc\u00fcra k\u00f5rgemad \u00f5petused. L\u00fc\u00fcra eluolu, linnad, \u00fchiskond, romantilised ja hingelised suhted, uue olendi s\u00fcnd. L\u00fc\u00fcralase hingeenergia avaldumine Maal. L\u00fc\u00fcra hinge test. Millistest allikatest saab lugeda L\u00fc\u00fcra kohta. <mark style=\"background-color:rgba(0, 0, 0, 0)\" class=\"has-inline-color has-vivid-purple-color\">R\u00e4nnak L\u00fc\u00fcrasse, L\u00fc\u00fcra valguse h\u00e4\u00e4lestus. L\u00fc\u00fcra varjut\u00f6\u00f6 rituaal. L\u00fc\u00fcra hinge s\u00fcvatest ja liini m\u00e4\u00e4ramine. L\u00fc\u00fcra DNA valgusaktivaator<\/mark>. <strong><mark style=\"background-color:rgba(0, 0, 0, 0)\" class=\"has-inline-color has-vivid-cyan-blue-color\">1.11.26<\/mark><\/strong><\/p>\n\n\n\n<p><strong><mark style=\"background-color:rgba(0, 0, 0, 0)\" class=\"has-inline-color has-vivid-cyan-blue-color\">4. Valguse ja varju integratsioon. Orioni energia &#8211; \u00e4\u00e4rmusliku duaalsuse kogemus.<\/mark><\/strong> Mis on varjut\u00f6\u00f6? Orioni t\u00e4hes\u00fcsteem ja sealsed olendid. Orionlaste eluolu ja \u00fchiskondlik kord, armastusk\u00e4sitlus ja nende l\u00e4hisuhe. Milline on Orioni energia? Valguse ja varju integreerimise kolm tasandit. Praktika valguse ja varju integreerimiseks. Milles seisneb Maale kehastunud orionlase hinge\u00fclesanne? Orioni hinge missiooni 3 tasandit. Kuidas tuvastada, kas oled orioni hing? Orioni hinge m\u00e4\u00e4ramise test. Orioni varju integratsioon Bashar\u00b4i \u00f5petuse p\u00f5hjal. Bashar\u00b4i \u201ekehalubamise\u201d tehnikad t\u00f6\u00f6ks negatiivse energia ja varjuga. Millistest allikatest saab infot Orioni kohta. <mark style=\"background-color:rgba(0, 0, 0, 0)\" class=\"has-inline-color has-vivid-cyan-blue-color\"><strong>Varjut\u00f6\u00f6 duaalsuspartnerluses<\/strong>.<\/mark> Mis on tegelikult h\u00fclgamise v\u00f5i t\u00f5rjumise vari? Mida teadvustada duaalsuspartnerluses. Kuidas toimida varjuga. <mark style=\"background-color:rgba(0, 0, 0, 0)\" class=\"has-inline-color has-vivid-purple-color\">Varju integreerimine, h\u00fclgamishirmu, s\u00fcdamevalu tervendamine. S\u00fcdame valgustumine, t\u00f5ega \u00fchtesulamine, Orioni h\u00e4\u00e4lestus, Orioni varjutempli k\u00fclastus, Orioni valgusliini aktiveerimise meditatsioon. Valguse ja varju integreerimine l\u00e4bi valgusmustri. Orioni hinge m\u00e4\u00e4ramise s\u00fcvatest.<\/mark> <strong><mark style=\"background-color:rgba(0, 0, 0, 0)\" class=\"has-inline-color has-vivid-cyan-blue-color\">29.11.26<\/mark><\/strong><\/p>\n\n\n\n<p><strong><mark style=\"background-color:rgba(0, 0, 0, 0)\" class=\"has-inline-color has-vivid-cyan-blue-color\">5. Arktuurlased \u2013 valguse arhitektid. <\/mark><\/strong>Kes on arktuurlased? Arktuurlaste \u00f5petused. 7-p\u00e4evane Arktuuria \u00f5petustel p\u00f5hinev praktikum. Arkltuuralste v\u00e4limus ja energeetiline olemus. Arktuurlaste eluolu, keel ja suhtlemine. Arktuurlaste \u00fchiskond, perekond ja uue olendi s\u00fcnd. Arktuuria hinge p\u00e4ritolu l\u00fchitest. Arktuurlaste ja plejaadlaste liit Maa arengus. Millistest allikatest saab lugeda arktuurlaste kohta. <mark style=\"background-color:rgba(0, 0, 0, 0)\" class=\"has-inline-color has-vivid-purple-color\">R\u00e4nnak Arktuuriasse, Arktuuria h\u00e4\u00e4lestus, Arktuuria tervendus, Arktuuria 12-kihilise valguskeha aktivatsioon, Arktuuria hinge s\u00fcvatest, Arktuuria vaimse v\u00f5imekuse treeningprogramm? <\/mark><em><strong><mark style=\"background-color:rgba(0, 0, 0, 0)\" class=\"has-inline-color has-vivid-cyan-blue-color\">Numeroloogia 2. osa.<\/mark><\/strong><\/em> Kuidas leida oma edukuse kood? Erinevate edukusekoodide (1-9) selgitused ja juhtn\u00f6\u00f6rid, kuidas oma potentsiaali maksimaalselt rakendada. Toetavad ja tasakaalustavad numbrid. <mark style=\"background-color:rgba(0, 0, 0, 0)\" class=\"has-inline-color has-vivid-purple-color\">Edukuse koodi arvutamine, edukuse k\u00f5vera joonistamine.<\/mark> <strong><mark style=\"background-color:rgba(0, 0, 0, 0)\" class=\"has-inline-color has-vivid-cyan-blue-color\">3.01.27<\/mark><\/strong><\/p>\n\n\n\n<p><strong><mark style=\"background-color:rgba(0, 0, 0, 0)\" class=\"has-inline-color has-vivid-cyan-blue-color\">6. Kuidas polaarsusest v\u00e4lja tulla? Vastandite kokkutoomisest, tervikuks \u00fchinemisest <\/mark><\/strong><em><strong><mark style=\"background-color:rgba(0, 0, 0, 0)\" class=\"has-inline-color has-vivid-cyan-blue-color\">polaarses maailmas.<\/mark><\/strong><\/em> Vastandite integreerimine duaalsuspartnerluse n\u00e4itel. Mis aitab j\u00f5uda sisemisse terviklikkusesse. Polaarsuste integratsioon kosmiliste arhet\u00fc\u00fcpide p\u00f5hiselt. 7-p\u00e4evane polaarsuste inegratsiooni praktika. Bashar\u00b4i \u201eK\u00f5rgeima elevuse\u201d praktika. <mark style=\"background-color:rgba(0, 0, 0, 0)\" class=\"has-inline-color has-vivid-purple-color\">Vastandite kokkutoomise rituaal. Valguskeha laadimise hingamistehnika \u2013 2 madu, Kehatasandi tervendamine v\u00e4rvidega. Polaarsuste integratsioon l\u00e4bi mandala. <\/mark><strong><mark style=\"background-color:rgba(0, 0, 0, 0)\" class=\"has-inline-color has-vivid-cyan-blue-color\">Numeroloogia 3. osa<\/mark><\/strong><em><strong>\u2013 <\/strong><\/em>Vampiirse energia kindlaksm\u00e4\u00e4ramine. Eluk\u00f5ver \u2013 elutee ajajoon. Eluts\u00fcklid, apogeed, v\u00e4ljakutsed, s\u00fcnnip\u00e4evakink. Bioenergia numbrite t\u00e4hendused. Kuidas arvestada bioenergeetilist potentsiaali ja koostada arengu ts\u00fckliprogramm. <mark style=\"background-color:rgba(0, 0, 0, 0)\" class=\"has-inline-color has-vivid-purple-color\">Bioenergia m\u00e4\u00e4ramine ja k\u00f5vera joonistamine<\/mark>. <strong><mark style=\"background-color:rgba(0, 0, 0, 0)\" class=\"has-inline-color has-vivid-cyan-blue-color\">31.01.27<\/mark><\/strong><\/p>\n\n\n\n<p><strong><mark style=\"background-color:rgba(0, 0, 0, 0)\" class=\"has-inline-color has-vivid-cyan-blue-color\">7. Vajadus \u201ekuhugi kuuluda\u201d &#8211; millest see tuleb ja kuidas tunda \u201ekuuluvust\u201d? Kuuluvuseigatsuse test ja praktikad integratsiooniks. Plejaadlased \u2013 s\u00fcdame ja valguse <\/mark><\/strong><em><mark style=\"background-color:rgba(0, 0, 0, 0)\" class=\"has-inline-color has-vivid-cyan-blue-color\"><strong>rahvas.<\/strong><\/mark><\/em> Kes on plejaadlased, nende missioon Maal. Kuidas \u00e4ra tunda, kas oled plejaadlik hing? Plejaadlaste v\u00e4limus, iseloom, nende peamised s\u00f5numid inimkonnale. Planeet Erra \u2013 Taygeta s\u00fcsteemis (loodus, kliima, eluolu). Plejaadlaste \u00fchiskond \u2013 Taygeta eluolu kirjeldus. Armastus ja paarisuhe, erinevad suhtet\u00fc\u00fcbid, paariv\u00e4lja olemus. Uue olendi s\u00fcnd. Plejaadliku hinge m\u00e4\u00e4ramise l\u00fchitest. Millistest allikatest saab lugeda plejaadlaste kohta. <mark style=\"background-color:rgba(0, 0, 0, 0)\" class=\"has-inline-color has-vivid-purple-color\">R\u00e4nnak Plejaadidele, Plejaadide h\u00e4\u00e4lestus, Plejaadide praktika \u201emina olen piisav\u201d. Plejaadlik N ja M energia tasakaalustamine. Arktuuria ja Plejaadide \u00fchendus. Plejaadliku hinge s\u00fcvatest. Valguskeha laadimine energiamadude t\u00f5stmisega &#8211; 3. etapp.<\/mark> <strong><mark style=\"background-color:rgba(0, 0, 0, 0)\" class=\"has-inline-color has-vivid-purple-color\">Kanaldamine l\u00e4bi K\u00f5rgema Mina.<\/mark><\/strong> <strong><mark style=\"background-color:rgba(0, 0, 0, 0)\" class=\"has-inline-color has-vivid-cyan-blue-color\">28.02.27<\/mark><\/strong><\/p>\n\n\n\n<p><mark style=\"background-color:rgba(0, 0, 0, 0)\" class=\"has-inline-color has-vivid-cyan-blue-color\"><strong>8. Feng shui 1. osa.<\/strong> <\/mark>9 feng shui abivahendit. 5 elementi \u2013 loov ja h\u00e4vitav ts\u00fckkel. Sobivus feng shui j\u00e4rgi. Maagiline ruut \u2013 ba-qua. Kuidas meelitada armastust oma koju? Uue kodu sisse\u00f5nnistamise rituaal. <strong><mark style=\"background-color:rgba(0, 0, 0, 0)\" class=\"has-inline-color has-vivid-cyan-blue-color\">Andromeedlased &#8211; Universumi tarkuse kandjad<\/mark>.<\/strong> Andromeeda tsivilisatsioonide \u00fclevaade. Planeedid ja eluviis. Andromedlaste suhe Maaga. Nende armastusk\u00e4sitlus ja l\u00e4hedased suhted. Andromeedlaste ja inimeste hingeline side. Andromeeda hingep\u00e4ritolu m\u00e4\u00e4ramise test. Millistest allikatest saab lugeda Andromeeda kohta. <mark style=\"background-color:rgba(0, 0, 0, 0)\" class=\"has-inline-color has-vivid-purple-color\">R\u00e4nnak Andromeedale, Andromeeda h\u00e4\u00e4lestus, Andromeeda valgusaktivatsioon, Andromeeda varjut\u00f6\u00f6meetod, Andromeeda DNA aktivatsioon. Andromeeda hinge m\u00e4\u00e4ramise s\u00fcvatest<\/mark>. <strong><mark style=\"background-color:rgba(0, 0, 0, 0)\" class=\"has-inline-color has-vivid-purple-color\">Taro-numbrite p\u00f5hine eneseanal\u00fc\u00fcs<\/mark><\/strong> <strong><mark style=\"background-color:rgba(0, 0, 0, 0)\" class=\"has-inline-color has-vivid-cyan-blue-color\">4.04.27.<\/mark><\/strong> <\/p>\n\n\n\n<p><strong><mark style=\"background-color:rgba(0, 0, 0, 0)\" class=\"has-inline-color has-vivid-cyan-blue-color\">9. <strong>Siiriuslased \u2013 t\u00f5e ja s\u00fcdame valguse kandjad<\/strong><\/mark><em><strong><mark style=\"background-color:rgba(0, 0, 0, 0)\" class=\"has-inline-color has-vivid-cyan-blue-color\">.<\/mark><\/strong><\/em><\/strong> Siiriuse 3 maailma &#8211; Siirus A, Siirius B ja Siirius C. Siiriuse varju- ja valgusliinid. Siiriuslaste eluolu, armastusk\u00e4sitlus, hinge\u00fchendused, uue olendi s\u00fcnd, \u00fchiskond, linnad ja elu vee all. Siirius A, B ja C tsiviliatsioonide v\u00f5rdlus. Siiriuse koolituskeskused \u2013 kosmilise teadlikkuse akadeemiad, \u00f5petajate hierarhia. Siiriuse N\u00f5ukogu, selle ja Galaktilise F\u00f6deratsiooni erinevused. Siiriuse hingep\u00e4ritolu test. Millistest allikatest saab lugeda Siiriuse kohta. <mark style=\"background-color:rgba(0, 0, 0, 0)\" class=\"has-inline-color has-vivid-purple-color\">Siirius A valgus\u00fchenduse aktiveerimine, Siirius B varjukoobas, Siirius C aktivatsioon, Siirius B intuitiivse selgeltn\u00e4gemise aktiveerimine. + h\u00e4\u00e4lestus. Siiriuse hinge m\u00e4\u00e4ramise s\u00fcvatest. R\u00e4nnak Siiruuse koolituskeskusesse. Siiriuse praktika \u2013 geomeetriliste mustrite joonistamine<strong>.<\/strong> Siiriuse hinge m\u00e4\u00e4ramise s\u00fcvatest.<\/mark> <strong><strong><mark style=\"background-color:rgba(0, 0, 0, 0)\" class=\"has-inline-color has-vivid-cyan-blue-color\">Feng shui 2. osa.<\/mark> <\/strong><\/strong><em>&#8211;<\/em><mark style=\"background-color:rgba(0, 0, 0, 0)\" class=\"has-inline-color has-black-color\">Kuidas luua feng shui abil k\u00fcllust ja raha, t\u00f6\u00f6alast edu ning kuidas toetada oma lapsi<\/mark>. <strong><mark style=\"background-color:rgba(0, 0, 0, 0)\" class=\"has-inline-color has-vivid-cyan-blue-color\">2.05.27<\/mark><\/strong><\/p>\n\n\n\n<p><strong><mark style=\"background-color:rgba(0, 0, 0, 0)\" class=\"has-inline-color has-vivid-cyan-blue-color\">10. Uus ajastu \u2013 elu 5D sageduses <\/mark><\/strong>\u2013 erinevused v\u00f5rreldes 3D ja 4D-ga. Inimkonna teadvuse ja eluolu arengudimensioonide v\u00f5rdlus. \u00dchtsustasandil duaalsus kaob, mida see reaalis t\u00e4hendab? 5D \u00fchiksond &#8211; milline saab olema elu \u00fchtsusmaailmas? Kuidas saada aru, et sa oled liikunud k\u00f5rgemasse sagedusse. Armastus ja suhe peale 5Dsse \u00fcleminekut. Praegu \u00e4rkavas kollektiivis \u00fclipolulaarse kaksikleegiteema k\u00e4sitlus avaramast perspektiivist vaadatuna. <mark style=\"background-color:rgba(0, 0, 0, 0)\" class=\"has-inline-color has-vivid-purple-color\">Vanade hingelepingute l\u00f5petamine. \u00dchtsuskogemuse leidmine ja iseenda tervikuna teadvustamine. <\/mark><strong><strong><mark style=\"background-color:rgba(0, 0, 0, 0)\" class=\"has-inline-color has-vivid-cyan-blue-color\">Feng shui 3. osa.<\/mark> <\/strong><\/strong><em>&#8211;<\/em> Kuidas tugevdada tervist feng shu abil<strong><mark style=\"background-color:rgba(0, 0, 0, 0)\" class=\"has-inline-color has-vivid-purple-color\">.<\/mark><\/strong> <mark style=\"background-color:rgba(0, 0, 0, 0)\" class=\"has-inline-color has-vivid-purple-color\">Numbri ja ruunimaal kui loomismeetod.<\/mark> <strong><mark style=\"background-color:rgba(0, 0, 0, 0)\" class=\"has-inline-color has-vivid-cyan-blue-color\">30.05.27<\/mark><\/strong><\/p>\n\n\n\n<p><strong>III astme koolitusele registreerumiseks<\/strong>&nbsp;saada meil liina@vaimnemaailm.ee ja tasu koha kinnituseks ettemaks 110 EUR Vaimne Maailm O\u00dc pangakontole EE662200221049242077.<br>Ettemaksu tasudes kinnitad endale koha grupis + hiljemalt kuu aega enne esimest kohtumiskorda saad k\u00e4tte kursuse esimese \u2013 teoreetilise osa. Kursusele mittetulemise korral ettemaksu ei tagastata!<\/p>\n\n\n\n<p>10-kuu jooksul aset leidva \u00f5ppeaasta kogumaksumus&nbsp;<strong>ette tasudes<\/strong>&nbsp;1010 EUR<\/p>\n\n\n\n<ol class=\"wp-block-list\">\n<li>juulini registreerumisel ettemaksu 110 EUR tasujatele hinasoodustus 910 EUR \u00f5ppeaasta, tasudes kogu \u00f5ppeaasta eest ette 1. kohtumiskorral.<\/li>\n<\/ol>\n\n\n\n<p><strong>Iga kord eraldi tasudes<\/strong>&nbsp;1 kord 110 EUR, nii et 110 EUR registreerumise ettemaks j\u00e4\u00e4b j\u00e4rgmiseks korraks ette, see tasaarveldub viimase korraga juunis. Kokku 1100 EUR \u00f5ppeaasta maksumus.<\/p>\n\n\n\n<p>Enne 1 juulit registreerujatele ja ettemaksu 110 EUR tasujatele hinnasoodustus: iga kord eraldi tasudes 105 EUR kord (\u00f5ppeaasta kogumaksumus 1055 EUR) v\u00f5i kogu \u00f5ppeaasta eest ette 910 EUR, (muidu tavahind 1100 EUR).<\/p>\n\n\n\n<p>Koolitust viib l\u00e4bi Liina Kaumann<\/p>\n","protected":false},"excerpt":{"rendered":"<p>Uus ajastu: elu 5D \u00fchtsusmaailmas. Kosmiline hingep\u00e4ritolu. Galaktiline suhtlemine ja koost\u00f6\u00f6 Grupp alustab 6.09.26 1.Kosmilised rassid ja erinevad t\u00e4heseemned. Galaktiline f\u00f6deratsioon. Kuidas teha kindlaks milline t\u00e4heseeme sa oled? L\u00fchidalt eri t\u00e4heseemnetest. Sisemine N\u00f5ukogu. Kosmiliste arhet\u00fc\u00fcpide rollid Maa tulevikus. Teadvuse arengusuunad Maal kuni 2050. P\u00e4ritolu meditatsioon + test. Meditatsioon Galaktiline f\u00f6deratsioon. Kosmilise p\u00e4ritolu tunnetamine. Sisemine n\u00f5ukogu. &hellip; <\/p>\n<p class=\"link-more\"><a href=\"https:\/\/vaimnemaailm.ee\/www\/vaimsete-teadmiste-kool-iii-aste\/\" class=\"more-link\">Loe edasi<span class=\"screen-reader-text\"> &#8220;Vaimsete Teadmiste Kool III aste&#8221;<\/span><\/a><\/p>\n","protected":false},"author":2,"featured_media":0,"parent":0,"menu_order":0,"comment_status":"closed","ping_status":"closed","template":"","meta":{"footnotes":""},"class_list":["post-4329","page","type-page","status-publish","hentry"],"_links":{"self":[{"href":"https:\/\/vaimnemaailm.ee\/www\/wp-json\/wp\/v2\/pages\/4329","targetHints":{"allow":["GET"]}}],"collection":[{"href":"https:\/\/vaimnemaailm.ee\/www\/wp-json\/wp\/v2\/pages"}],"about":[{"href":"https:\/\/vaimnemaailm.ee\/www\/wp-json\/wp\/v2\/types\/page"}],"author":[{"embeddable":true,"href":"https:\/\/vaimnemaailm.ee\/www\/wp-json\/wp\/v2\/users\/2"}],"replies":[{"embeddable":true,"href":"https:\/\/vaimnemaailm.ee\/www\/wp-json\/wp\/v2\/comments?post=4329"}],"version-history":[{"count":5,"href":"https:\/\/vaimnemaailm.ee\/www\/wp-json\/wp\/v2\/pages\/4329\/revisions"}],"predecessor-version":[{"id":4349,"href":"https:\/\/vaimnemaailm.ee\/www\/wp-json\/wp\/v2\/pages\/4329\/revisions\/4349"}],"wp:attachment":[{"href":"https:\/\/vaimnemaailm.ee\/www\/wp-json\/wp\/v2\/media?parent=4329"}],"curies":[{"name":"wp","href":"https:\/\/api.w.org\/{rel}","templated":true}]}}