{"id":4027,"date":"2025-04-21T13:57:29","date_gmt":"2025-04-21T10:57:29","guid":{"rendered":"https:\/\/vaimnemaailm.ee\/www\/?page_id=4027"},"modified":"2025-04-22T12:08:35","modified_gmt":"2025-04-22T09:08:35","slug":"e-kursus-universum-toimib-labi-minu-praegused-energiad-ja-ulesanded-nais-ja-meesenergia-uleviimine-uuele-tasandile-meesenergia-transformatsioon","status":"publish","type":"page","link":"https:\/\/vaimnemaailm.ee\/www\/e-kursus-universum-toimib-labi-minu-praegused-energiad-ja-ulesanded-nais-ja-meesenergia-uleviimine-uuele-tasandile-meesenergia-transformatsioon\/","title":{"rendered":"E- kursus &#8220;Universum toimib l\u00e4bi minu! Praegused energiad ja \u00fclesanded: nais- ja meesenergia \u00fcleviimine uuele tasandile, meesenergia transformatsioon&#8221;"},"content":{"rendered":"<div class=\"wp-block-image\">\n<figure class=\"alignright size-large is-resized\"><img loading=\"lazy\" decoding=\"async\" width=\"1024\" height=\"749\" src=\"https:\/\/vaimnemaailm.ee\/www\/wp-content\/uploads\/2023\/11\/loigatud-kosmiline-1024x749.jpg\" alt=\"\" class=\"wp-image-3250\" style=\"width:356px;height:auto\" srcset=\"https:\/\/vaimnemaailm.ee\/www\/wp-content\/uploads\/2023\/11\/loigatud-kosmiline-1024x749.jpg 1024w, https:\/\/vaimnemaailm.ee\/www\/wp-content\/uploads\/2023\/11\/loigatud-kosmiline-300x219.jpg 300w, https:\/\/vaimnemaailm.ee\/www\/wp-content\/uploads\/2023\/11\/loigatud-kosmiline-768x562.jpg 768w, https:\/\/vaimnemaailm.ee\/www\/wp-content\/uploads\/2023\/11\/loigatud-kosmiline-1536x1123.jpg 1536w, https:\/\/vaimnemaailm.ee\/www\/wp-content\/uploads\/2023\/11\/loigatud-kosmiline-2048x1497.jpg 2048w\" sizes=\"auto, (max-width: 767px) 89vw, (max-width: 1000px) 54vw, (max-width: 1071px) 543px, 580px\" \/><\/figure>\n<\/div>\n\n\n<p><strong>E-kursust saad l\u00e4bida endale sobival ajal ja kohas ning kasv\u00f5i korduvalt!<\/strong><\/p>\n\n\n\n<p>Kursus koosneb 3 osast: <\/p>\n\n\n\n<ol class=\"wp-block-list\">\n<li><strong>Teoreetiline osa<\/strong> pdf failis&nbsp;(13 lk), mille saad meilile sisaldab:<\/li>\n<\/ol>\n\n\n\n<p>Praegused energiad ja meie ees seisvad \u00fclesanded. Meesenergia transformatsioon. KONTROLL versus USALDUS. TAHE(tahtmine) versus TUNNE(soov, r\u00f5\u00f5m). POSITIIVNE versus NEGATIIVNE. \u00dcha suuremasse enesev\u00e4\u00e4rtustamisse j\u00f5udmine. Oma hingev\u00e4\u00e4rtustest juhindumine. Surmahirmu illusioonist v\u00e4ljatulek. Kuidas liiguvad nais- ja meesenergia uuele tasandile. Kuidas kasvatada uues energias \u201cjumalikke \u201d lapsi.<\/p>\n\n\n\n<p>2. <strong>Juhitud meditatsioonid mp3-failis<\/strong>, mille saad endale allalaadida ja teha korduvalt:<\/p>\n\n\n\n<ol class=\"wp-block-list\">\n<li>Universum toimib l\u00e4bi minu, uute valguskoodide allalaadimine (37 min)<\/li>\n\n\n\n<li>Silla \u00fcletamine \u2013 uuele tasandile liikumine ja selle f\u00fc\u00fcsilisse realsusesse toomine (31 min)<\/li>\n\n\n\n<li>Nais- ja meesenergia \u00fchendamine ja \u00fcleviimine uuele tasandile taotluse ja tervendavate valgusmustrite loomisega (40 min)<\/li>\n<\/ol>\n\n\n\n<p>3. <strong>Videod <\/strong><\/p>\n\n\n\n<ol class=\"wp-block-list\">\n<li>Tervendava valgusmustri loomine (20 min)<\/li>\n\n\n\n<li>K\u00f5rgema Mina juhatuse kanaldamine abivahendiga (23:32)<\/li>\n<\/ol>\n\n\n\n<p><strong>V\u00e4\u00e4rtus<\/strong>&nbsp;<strong>70 EUR<\/strong><\/p>\n\n\n\n<h3 class=\"wp-block-heading\"><strong><mark><mark style=\"background-color:rgba(0, 0, 0, 0)\" class=\"has-inline-color has-luminous-vivid-orange-color\">Telli E-kursus:<\/mark><\/mark><\/strong><\/h3>\n\n\n\n<p><strong>1.<\/strong>&nbsp;Tellimiseks tee \u00fclekanne:<\/p>\n\n\n\n<p><strong>Kellele:<\/strong>&nbsp;Vaimne Maailm O\u00dc<br><strong>Pangakonto:<\/strong>&nbsp;EE662200221049242077<br><strong>Summa:<\/strong>&nbsp;70 EUR<br><strong>Selgitus:<\/strong>&nbsp;E-kursus \u201cUniversum toimib l\u00e4bi minu\u201d&nbsp;<em>(lisa juurde ka enda nimi)<\/em><\/p>\n\n\n\n<p><strong>2.<\/strong>&nbsp;P\u00e4rast seda saada meil oma tellimussooviga ja kinnitusega, et makse on tehtud, aadressile liina@vaimnemaailm.ee. Seej\u00e4rel saadame Sulle e-mailile kursuse teoreetilise osa pdf failis + ligip\u00e4\u00e4sud mp3 failidele ja videotele.<\/p>\n","protected":false},"excerpt":{"rendered":"<p>E-kursust saad l\u00e4bida endale sobival ajal ja kohas ning kasv\u00f5i korduvalt! Kursus koosneb 3 osast: Praegused energiad ja meie ees seisvad \u00fclesanded. Meesenergia transformatsioon. KONTROLL versus USALDUS. TAHE(tahtmine) versus TUNNE(soov, r\u00f5\u00f5m). POSITIIVNE versus NEGATIIVNE. \u00dcha suuremasse enesev\u00e4\u00e4rtustamisse j\u00f5udmine. Oma hingev\u00e4\u00e4rtustest juhindumine. Surmahirmu illusioonist v\u00e4ljatulek. Kuidas liiguvad nais- ja meesenergia uuele tasandile. Kuidas kasvatada uues energias &hellip; <\/p>\n<p class=\"link-more\"><a href=\"https:\/\/vaimnemaailm.ee\/www\/e-kursus-universum-toimib-labi-minu-praegused-energiad-ja-ulesanded-nais-ja-meesenergia-uleviimine-uuele-tasandile-meesenergia-transformatsioon\/\" class=\"more-link\">Loe edasi<span class=\"screen-reader-text\"> &#8220;E- kursus &#8220;Universum toimib l\u00e4bi minu! Praegused energiad ja \u00fclesanded: nais- ja meesenergia \u00fcleviimine uuele tasandile, meesenergia transformatsioon&#8221;&#8221;<\/span><\/a><\/p>\n","protected":false},"author":2,"featured_media":0,"parent":0,"menu_order":0,"comment_status":"closed","ping_status":"closed","template":"","meta":{"footnotes":""},"class_list":["post-4027","page","type-page","status-publish","hentry"],"_links":{"self":[{"href":"https:\/\/vaimnemaailm.ee\/www\/wp-json\/wp\/v2\/pages\/4027","targetHints":{"allow":["GET"]}}],"collection":[{"href":"https:\/\/vaimnemaailm.ee\/www\/wp-json\/wp\/v2\/pages"}],"about":[{"href":"https:\/\/vaimnemaailm.ee\/www\/wp-json\/wp\/v2\/types\/page"}],"author":[{"embeddable":true,"href":"https:\/\/vaimnemaailm.ee\/www\/wp-json\/wp\/v2\/users\/2"}],"replies":[{"embeddable":true,"href":"https:\/\/vaimnemaailm.ee\/www\/wp-json\/wp\/v2\/comments?post=4027"}],"version-history":[{"count":5,"href":"https:\/\/vaimnemaailm.ee\/www\/wp-json\/wp\/v2\/pages\/4027\/revisions"}],"predecessor-version":[{"id":4038,"href":"https:\/\/vaimnemaailm.ee\/www\/wp-json\/wp\/v2\/pages\/4027\/revisions\/4038"}],"wp:attachment":[{"href":"https:\/\/vaimnemaailm.ee\/www\/wp-json\/wp\/v2\/media?parent=4027"}],"curies":[{"name":"wp","href":"https:\/\/api.w.org\/{rel}","templated":true}]}}