{"id":4010,"date":"2025-04-11T12:07:24","date_gmt":"2025-04-11T09:07:24","guid":{"rendered":"https:\/\/vaimnemaailm.ee\/www\/?page_id=4010"},"modified":"2026-03-26T08:58:55","modified_gmt":"2026-03-26T06:58:55","slug":"maikuu-avatud-portaal-valgusmaailma-universum-toimib-labi-minu-praegused-energiad-ja-ulesanded-nais-ja-meesenergia-uleviimine-uuele-tasandile-meesenergia-transformatsioon","status":"publish","type":"page","link":"https:\/\/vaimnemaailm.ee\/www\/maikuu-avatud-portaal-valgusmaailma-universum-toimib-labi-minu-praegused-energiad-ja-ulesanded-nais-ja-meesenergia-uleviimine-uuele-tasandile-meesenergia-transformatsioon\/","title":{"rendered":"Maikuu avatud portaal valgusmaailma &#8211; Universum toimib l\u00e4bi minu! Praegused energiad ja \u00fclesanded: nais- ja meesenergia \u00fcleviimine uuele tasandile, meesenergia transformatsioon."},"content":{"rendered":"\n<p><strong>17. mail 2025 kell 11-14.00 <\/strong>Tartus <\/p>\n\n\n<div class=\"wp-block-image\">\n<figure class=\"alignright size-large is-resized\"><img loading=\"lazy\" decoding=\"async\" width=\"1024\" height=\"749\" src=\"https:\/\/vaimnemaailm.ee\/www\/wp-content\/uploads\/2023\/11\/loigatud-kosmiline-1024x749.jpg\" alt=\"\" class=\"wp-image-3250\" style=\"width:383px;height:auto\" srcset=\"https:\/\/vaimnemaailm.ee\/www\/wp-content\/uploads\/2023\/11\/loigatud-kosmiline-1024x749.jpg 1024w, https:\/\/vaimnemaailm.ee\/www\/wp-content\/uploads\/2023\/11\/loigatud-kosmiline-300x219.jpg 300w, https:\/\/vaimnemaailm.ee\/www\/wp-content\/uploads\/2023\/11\/loigatud-kosmiline-768x562.jpg 768w, https:\/\/vaimnemaailm.ee\/www\/wp-content\/uploads\/2023\/11\/loigatud-kosmiline-1536x1123.jpg 1536w, https:\/\/vaimnemaailm.ee\/www\/wp-content\/uploads\/2023\/11\/loigatud-kosmiline-2048x1497.jpg 2048w\" sizes=\"auto, (max-width: 767px) 89vw, (max-width: 1000px) 54vw, (max-width: 1071px) 543px, 580px\" \/><\/figure>\n<\/div>\n\n\n<p>Maikuu on energeetiliselt v\u00e4ga v\u00f5imas ja eriline aeg, mida saad end \u00f5igesti h\u00e4\u00e4lestades kasutada selleks, et oluliselt t\u00f5sta oma sagedust, kiirendada oma vaimset edasiminekut &#8211; avardumist, kuna avanevad v\u00e4ga erilised v\u00e4ravad&nbsp; k\u00f5rgematesse dimensioonidesse, on v\u00f5imalik saada selgemat \u00fchendust ja konkreetsemat juhatust vaimselt maailmalt, \u00fclest\u00f5usnud meistritelt, inglitelt, oma juhendajatelt, palve ja taotlusej\u00f5ud sel ajal lausa tuhandekordistuvad.<\/p>\n\n\n\n<p>Kui tunned, et vajad juhatust, sul on k\u00fcsimusi vaimsele maailmale, n\u00e4iteks oma rolli, elu\u00fclesande, missiooni, \u00f5ppetundide, v\u00e4ljakutsete osas, kui sul on ideid, unistusi, soove, inspiratsiooni selle osas, mida sooviksid oma ellu luua, siis maikuu, eriti t\u00e4iskuuaeg, aga ka n\u00e4dal enne ja n\u00e4dal p\u00e4rast t\u00e4iskuud, on parim aeg nendeks teemadeks. (Mai t\u00e4iskuuaega t\u00e4histatakse maailma budistlikes ringkondades valgusp\u00fcha Wesakina, see on Buddha s\u00fcnni ja valgustumisaeg.)<\/p>\n\n\n\n<p><strong><em>Kasutame maikuus avanevat portaali, et liikuda edasi uuele tasandile. R\u00e4\u00e4gime praegustest energiatest ja meie ees seisvatest \u00fclesannetest, meesenergia transformatsioonist ja sellest, kuidas lasta Universumil toimida l\u00e4bi enda!<\/em><\/strong><\/p>\n\n\n\n<p>V\u00f5imalik l\u00e4bida ka<mark style=\"background-color:rgba(0, 0, 0, 0)\" class=\"has-inline-color has-luminous-vivid-orange-color\"> <\/mark><strong><a href=\"https:\/\/vaimnemaailm.ee\/www\/e-kursus-universum-toimib-labi-minu-praegused-energiad-ja-ulesanded-nais-ja-meesenergia-uleviimine-uuele-tasandile-meesenergia-transformatsioon\/\"><mark style=\"background-color:rgba(0, 0, 0, 0)\" class=\"has-inline-color has-vivid-purple-color\">e-kursusena<\/mark><\/a><\/strong><mark style=\"background-color:rgba(0, 0, 0, 0)\" class=\"has-inline-color has-luminous-vivid-orange-color\"> <\/mark>oma kodus endale sobival ajal!<\/p>\n\n\n\n<p><strong>Kavas:<\/strong><\/p>\n\n\n\n<ol class=\"wp-block-list\">\n<li>Meditatsioon &#8220;Universum toimib l\u00e4bi minu, uute valguskoodide allalaadimine&#8221;<\/li>\n\n\n\n<li>Meditatsioon &#8220;Silla \u00fcletamine &#8211; uuele tasandile liikumine ja selle f\u00fc\u00fcsilisse realsusesse toomine&#8221;<\/li>\n\n\n\n<li>Nais- ja meesenergia \u00fchendamine ja \u00fcleviimine uuele tasandile taotluse ja tervendavate valgusmustrite loomisega<\/li>\n\n\n\n<li>Valgusp\u00fcha t\u00e4histamine pidus\u00f6\u00f6giga, oma taotluste formuleerimine ja sisse\u00f5nnistamine<\/li>\n\n\n\n<li>K\u00fcsime&nbsp; juhtn\u00f6\u00f6re\/m\u00e4rks\u00f5nu soovikaartidelt, inglikaartidelt ja ruunidelt (soovijatele ka Taro kaartidega individuaalselt lisatasu eest 15-20 min  25 EUR)<\/li>\n<\/ol>\n\n\n\n<p><strong>V\u00e4\u00e4rtus<\/strong> <strong>70 EUR<\/strong><\/p>\n\n\n\n<p><strong>Teoreetiline osa<\/strong> (13 lk), mille saad meilile sisaldab:<\/p>\n\n\n\n<p>Praegused energiad ja meie ees seisvad \u00fclesanded. Meesenergia transformatsioon. KONTROLL versus USALDUS. TAHE(tahtmine) versus TUNNE(soov, r\u00f5\u00f5m). POSITIIVNE versus NEGATIIVNE. \u00dcha suuremasse enesev\u00e4\u00e4rtustamisse j\u00f5udmine. Oma hingev\u00e4\u00e4rtustest juhindumine. Surmahirmu illusioonist v\u00e4ljatulek. Kuidas liiguvad nais- ja meesenergia uuele tasandile. Kuidas kasvatada uues energias &#8220;jumalikke &#8221; lapsi.<\/p>\n\n\n\n<p><strong>Hinna sees ka mp3-l m\u00f5lemad juhitud meditatsioonid <\/strong>kodus korduvalt tegemiseks!<\/p>\n\n\n\n<p>Vajalik kindlasti eelregistreerumine (kohtade arv on piiratud) <a href=\"mailto:liina@vaimnemaailm.ee\">liina@vaimnemaailm.ee<\/a>&nbsp; ja koha kinnituseks tagastamatu ettemaksu 40 EUR tasumine Vaimne Maailm O\u00dc pangakontole EE662200221049242077.<\/p>\n\n\n\n<p>V\u00e4ike grupp! <\/p>\n\n\n\n<p>Ettemaksu tasudes kinnitad endale koha grupis + saad k\u00e4tte t\u00e4psemad juhtn\u00f6\u00f6rid ja teoreetilise osa. Kohale mittetulemise korral ettemaksu ei tagastata!<\/p>\n\n\n\n<p>Juhendab Liina Kaumann<\/p>\n","protected":false},"excerpt":{"rendered":"<p>17. mail 2025 kell 11-14.00 Tartus Maikuu on energeetiliselt v\u00e4ga v\u00f5imas ja eriline aeg, mida saad end \u00f5igesti h\u00e4\u00e4lestades kasutada selleks, et oluliselt t\u00f5sta oma sagedust, kiirendada oma vaimset edasiminekut &#8211; avardumist, kuna avanevad v\u00e4ga erilised v\u00e4ravad&nbsp; k\u00f5rgematesse dimensioonidesse, on v\u00f5imalik saada selgemat \u00fchendust ja konkreetsemat juhatust vaimselt maailmalt, \u00fclest\u00f5usnud meistritelt, inglitelt, oma juhendajatelt, palve &hellip; <\/p>\n<p class=\"link-more\"><a href=\"https:\/\/vaimnemaailm.ee\/www\/maikuu-avatud-portaal-valgusmaailma-universum-toimib-labi-minu-praegused-energiad-ja-ulesanded-nais-ja-meesenergia-uleviimine-uuele-tasandile-meesenergia-transformatsioon\/\" class=\"more-link\">Loe edasi<span class=\"screen-reader-text\"> &#8220;Maikuu avatud portaal valgusmaailma &#8211; Universum toimib l\u00e4bi minu! Praegused energiad ja \u00fclesanded: nais- ja meesenergia \u00fcleviimine uuele tasandile, meesenergia transformatsioon.&#8221;<\/span><\/a><\/p>\n","protected":false},"author":2,"featured_media":0,"parent":0,"menu_order":0,"comment_status":"closed","ping_status":"closed","template":"","meta":{"footnotes":""},"class_list":["post-4010","page","type-page","status-publish","hentry"],"_links":{"self":[{"href":"https:\/\/vaimnemaailm.ee\/www\/wp-json\/wp\/v2\/pages\/4010","targetHints":{"allow":["GET"]}}],"collection":[{"href":"https:\/\/vaimnemaailm.ee\/www\/wp-json\/wp\/v2\/pages"}],"about":[{"href":"https:\/\/vaimnemaailm.ee\/www\/wp-json\/wp\/v2\/types\/page"}],"author":[{"embeddable":true,"href":"https:\/\/vaimnemaailm.ee\/www\/wp-json\/wp\/v2\/users\/2"}],"replies":[{"embeddable":true,"href":"https:\/\/vaimnemaailm.ee\/www\/wp-json\/wp\/v2\/comments?post=4010"}],"version-history":[{"count":5,"href":"https:\/\/vaimnemaailm.ee\/www\/wp-json\/wp\/v2\/pages\/4010\/revisions"}],"predecessor-version":[{"id":4037,"href":"https:\/\/vaimnemaailm.ee\/www\/wp-json\/wp\/v2\/pages\/4010\/revisions\/4037"}],"wp:attachment":[{"href":"https:\/\/vaimnemaailm.ee\/www\/wp-json\/wp\/v2\/media?parent=4010"}],"curies":[{"name":"wp","href":"https:\/\/api.w.org\/{rel}","templated":true}]}}