{"id":3987,"date":"2025-03-26T10:40:09","date_gmt":"2025-03-26T08:40:09","guid":{"rendered":"https:\/\/vaimnemaailm.ee\/www\/?page_id=3987"},"modified":"2026-01-19T10:24:31","modified_gmt":"2026-01-19T08:24:31","slug":"vtk-ii-aste-2-grupp-oppekava","status":"publish","type":"page","link":"https:\/\/vaimnemaailm.ee\/www\/vtk-ii-aste-2-grupp-oppekava\/","title":{"rendered":"VTK II aste 2. grupp \u00f5ppekava"},"content":{"rendered":"\n<h3 class=\"wp-block-heading\"><em><strong><mark style=\"background-color:rgba(0, 0, 0, 0)\" class=\"has-inline-color has-luminous-vivid-orange-color\">\u00dcleminek k\u00f5rgemasse energiasse. Endas Loojateadvuse \u00e4ratamine.&nbsp;Kuldajastu kogemuse loomine.<\/mark><\/strong><\/em><\/h3>\n\n\n\n<p>1. <strong><mark style=\"background-color:rgba(0, 0, 0, 0)\" class=\"has-inline-color has-luminous-vivid-orange-color\">T\u00f5us enesek\u00fcllasusse. P\u00fchasse Loomism\u00fcsteeriumisse sisenemine. Maagiks saamine<\/mark><\/strong> \u2013 Elementide alkeemia. Naisenergia ja meesenergia koost\u00f6\u00f6. Unistamine ja visualiseerimine \u2013 Loomise t\u00f6\u00f6riistad. Rituaalid ja loitsud \u2013 nende kasutamine. Kuidas luua? Loomise Seadused. Huna palve. <strong>Teadlik Unen\u00e4gemine I osa<\/strong>  <strong><mark><mark style=\"background-color:rgba(0, 0, 0, 0)\" class=\"has-inline-color has-vivid-cyan-blue-color\">20.09. \u2013&nbsp;<strong>kahanev kuu<\/strong><\/mark><\/mark><\/strong><\/p>\n\n\n\n<p>2. <strong><mark style=\"background-color:rgba(0, 0, 0, 0)\" class=\"has-inline-color has-luminous-vivid-orange-color\">Avardumine \u2013 teadvustasandi t\u00f5usmine, k\u00f5rgemates dimensioonides toimimine &#8211; <\/mark><\/strong>Vaimse arengu ts\u00fcklilisus. Vanast maailmast kiht-kihilt v\u00e4ljakasvamine. 3D piirangulistest arusaamadest v\u00e4ljumine, asjade vaatlemine avaramast perspektiivist. \u00dclevaade erinevatest dimensioonidest. Teadvustasandi t\u00f5stmine, k\u00f5rgemates dimensioonides toimimine. Hetkes olemise vajalikkus. Praktikad, mis kergendavad 5D tasandile j\u00f5udmist. Kohalolu ja puhta teadlikkuse loomine. Mis on \u00fclest\u00f5us ja miks on see nii raske meie kehadele. <strong>Teadlik Unen\u00e4gemine II osa.<\/strong> <strong><mark>&nbsp;<mark style=\"background-color:rgba(0, 0, 0, 0)\" class=\"has-inline-color has-vivid-cyan-blue-color\">18.10 \u2013&nbsp;<strong>kahanev kuu<\/strong><\/mark><\/mark><\/strong><\/p>\n\n\n\n<p>3. <mark style=\"background-color:rgba(0, 0, 0, 0)\" class=\"has-inline-color has-luminous-vivid-orange-color\"><strong>Loomise saladused: Astroloogia t\u00e4htsus \u2013<\/strong> <\/mark>Kuidas elada koosk\u00f5las Kuuga. Must Kuu, Kasvav Kuu, T\u00e4iskuu, Kahanev Kuu. Teiste planeetide, t\u00e4htede, taevakehade m\u00f5jud. T\u00e4pne ajastamine \u2013 erinevad noorkuud, Planeetide p\u00e4evad. Planeetide tunnid. Astroloogilised majad.<strong>Kahaneva \/Musta Kuu rituaal. Teadlik Unen\u00e4gemine III osa.<\/strong><mark style=\"background-color:rgba(0, 0, 0, 0)\" class=\"has-inline-color has-vivid-cyan-blue-color\"> <strong>15.11 \u2013&nbsp;kahanev kuu<\/strong><\/mark><\/p>\n\n\n\n<p>4. <strong>Valgustumisteekond <\/strong>\u2013 Maailm sees ja v\u00e4ljas k\u00f5ik on \u00fcks. Ego lahustamine. Varjut\u00f6\u00f6. Teekond iseenda keskme suunas \u2013 lab\u00fcrindip\u00fchitsused. Valgustumisteekond \u2013 p\u00fchitsuste eri astmed. Vanast maatriksist v\u00e4ljaliikumine. <strong>Taro Suur Ring \u2013 p\u00f5hjalik elusuundade vaatamine Taro kaartidega.<\/strong> <mark style=\"background-color:rgba(0, 0, 0, 0)\" class=\"has-inline-color has-vivid-cyan-blue-color\"><strong>13.12&nbsp;<\/strong>\u2013<strong>kahanev kuu<\/strong><\/mark><\/p>\n\n\n\n<p>5. <strong>Tegutsemine uues energias \u2013 \u00fcmberl\u00fclitus inim-mina \u00fcliaktiivsususest ja kontrollist (egost) kantusesse &#8211; Universumiga koosloomisesse \u2013 <\/strong>Muutused \u2013 k\u00f5rgem juhatus. Kiire elu \u00f5ppetund, kuidas sellest v\u00e4ljatulla. Aktiivsuse ja passiivsuse tasakaalustamine. Nais- ja meesenergia koost\u00f6\u00f6. Ego transformatsioon t\u015bakrate kaupa. <strong>Reiki II aste v\u00f5i v\u00e4ge aktiveeriv p\u00fchitsus uute valguskoodide allalaadimisega.<\/strong> <strong><mark style=\"background-color:rgba(0, 0, 0, 0)\" class=\"has-inline-color has-vivid-cyan-blue-color\">24.01.26 &#8211; noorkuu <\/mark><\/strong><mark style=\"background-color:rgba(0, 0, 0, 0)\" class=\"has-inline-color has-vivid-cyan-blue-color\">(v\u00f5i 10.01 &#8211; kahanev kuu)<\/mark><\/p>\n\n\n\n<p>6. <strong>K\u00f5rgemate energiatekaasamine igap\u00e4evaellu ja loomisprotsessi. Koost\u00f6\u00f6 Vaimse maailmaga \u2013 <\/strong>Lahusteadvusest v\u00e4ljatulek. Kuidas vabaneda hirmust. Kuidas j\u00f5uda t\u00f5eni. Koost\u00f6\u00f6 vaimse maailmaga. \u00dclest\u00f5usnud meistrite v\u00e4e kutsumine, inglite palumine. Kosmiline Ema. Mahatma energia. <strong>Loomise saladused: Erinevad abivahendid ja s\u00fcmbolid, mida saame loomisel kasutada. Astroloogilise ratta valmistamine ja kasutamine.<\/strong> <mark style=\"background-color:rgba(0, 0, 0, 0)\" class=\"has-inline-color has-vivid-cyan-blue-color\"><strong>21.02.26 &#8211; noorkuu <\/strong>(v\u00f5i 7.02 &#8211; kahanev kuu)<\/mark><\/p>\n\n\n\n<p>7. <strong>\u00dcleminek uude kuldajastusse <\/strong>&#8211; \u00dcleminek aastatel 2012-2032. Senised kuldajastud Maal -Atlantis, Lemuuria, H\u00fcperborea. Iidsetest kuldajastutest p\u00e4rit tervendusmeetodid ja praktikad. \u00dclemineku tegemine koosk\u00f5las praeguste energiatega. Maisuse ja vaimsuse \u00fchendamine. Horisontaalne ja vertikaalne elutasand. Kuidas hakata kogema kuldajastut oma elus? Teadvustasandi t\u00f5stmine \u2013 kogemuse muutumine. <strong>Loomine kasutades Kuldajastu energiaid ja iidseid s\u00fcmboleid (Angala, Siiriuse tarkus, Lemuuria kristallid, aura joonistamine, geomeetrilised kujundid). Uue loomine Noorkuu aegu.<\/strong> <strong><mark style=\"background-color:rgba(0, 0, 0, 0)\" class=\"has-inline-color has-vivid-cyan-blue-color\">21.03.26 &#8211; noorkuu<\/mark><\/strong><\/p>\n\n\n\n<p>8. <strong>K\u00fcllusteadvuse aktiveerimine \u2013 <\/strong>Mis on k\u00fcllus? Puudusteadvus ja k\u00fcllusteadvus. \u00dcmberl\u00fclitus puudusteadvuselt k\u00fcllusteadvusele. K\u00fcllus = Armastus\/Suhe. V\u00f5ti k\u00fclluse juurde. Rituaal k\u00fcllusvoo avamiseks. N\u00e4pun\u00e4ited kuidas navigeerida 3D ja 5D vahel, nii et toimuks v\u00f5rdne energiavahetus.<strong>K\u00fclluse rituaal Kasvava Kuu aegu- <\/strong><em><strong>\u00dcmberl\u00fclitus puudusteadvuselt k\u00fcllusteadvusele.<\/strong><\/em><mark style=\"background-color:rgba(0, 0, 0, 0)\" class=\"has-inline-color has-vivid-cyan-blue-color\"><strong> 18.04.26 &#8211; noorkuu (<\/strong>v\u00f5i <strong>4.04. &#8211; <\/strong>t\u00e4iskuu<\/mark>)<\/p>\n\n\n\n<p>9. <strong>Vanast s\u00fcsteemienergiast ja egregoridest lahti\u00fctlemine. Illusioonidest vabanemine &#8211;<\/strong>Erinevad illusioonid vanas maailmas, kuidas nendest vabaneda. Erinevad eluts\u00fcklid \u2013 erinevad hinge\u00fclesanded kehastuses (vastavalt hinge vanusele,+ kehastuse elueale). J\u00e4rkj\u00e4rguline avardumine ja illusioonidest vabanemine sageduse t\u00f5ustes. <strong>Hinge\u00fclesannete v\u00e4ljaselgitamise praktikad meditatsiooni, pendli ja Taro abil. Loomine T\u00e4iskuu aegu.<\/strong> <strong><mark style=\"background-color:rgba(0, 0, 0, 0)\" class=\"has-inline-color has-vivid-cyan-blue-color\">30.05 (<\/mark><\/strong><mark style=\"background-color:rgba(0, 0, 0, 0)\" class=\"has-inline-color has-vivid-cyan-blue-color\">v\u00f5i 2.05.26)<\/mark><strong><mark style=\"background-color:rgba(0, 0, 0, 0)\" class=\"has-inline-color has-vivid-cyan-blue-color\"> &#8211; t\u00e4iskuu<\/mark><\/strong><\/p>\n\n\n\n<p>10. <strong>Kosmilisse valgusv\u00f5rgustikku \u00fchendumine, endas Loojateadvuse \u00e4ratamine &#8211; <\/strong>Mida t\u00e4hendab elamine horisontaalsel v\u00f5i vertikaalsel eluteljel, kuidas l\u00fclituda \u00fcmber vertikaalsele eluteljele. Loomise erinevused vanas- ja uues energias. <strong>Loomise saladused uues energias<\/strong>, selle alused ja olulised komponendid. Teadvuse avardumine \u2013 k\u00f5rgematesse dimensioonidesse laienemine. R\u00f5\u00f5mus loomine. Sakraalt\u015bakra ja nabat\u015bakra \u2013 meie loomiskeskused, nende puhastamine. S\u00f5nade t\u00e4hendus loomisel.Feng Shui t\u00e4htsus loomisel. <strong>Energiamaal.<\/strong> <strong><mark style=\"background-color:rgba(0, 0, 0, 0)\" class=\"has-inline-color has-vivid-cyan-blue-color\">13.06.26 &#8211; vanakuu<\/mark><\/strong> (<mark style=\"background-color:rgba(0, 0, 0, 0)\" class=\"has-inline-color has-vivid-cyan-blue-color\">v\u00f5i 20.06.26 &#8211; noorkuu<\/mark>)<\/p>\n\n\n\n<p><strong><mark style=\"background-color:rgba(0, 0, 0, 0)\" class=\"has-inline-color has-luminous-vivid-orange-color\">\u00d5ppekava sisaldab mitmeid rituaale \u00f5ige kuuseisu ajal<\/mark><\/strong>, seep\u00e4rast on see s\u00e4titud kuu j\u00e4rgi. Kohtades, kus on pakutud mitu varianti kuup\u00e4evi saab hetkel veel kaasa r\u00e4\u00e4kida t\u00e4pse aja paika panemiseks! Selleks anna registreerumisel oma eelistusest aegsasti teada! Esimesena \u00f5ppekavas v\u00e4ljatoodud kuup\u00e4ev on esmane eelistus (sulgudes valikuvariant vajadusel)<\/p>\n","protected":false},"excerpt":{"rendered":"<p>\u00dcleminek k\u00f5rgemasse energiasse. Endas Loojateadvuse \u00e4ratamine.&nbsp;Kuldajastu kogemuse loomine. 1. T\u00f5us enesek\u00fcllasusse. P\u00fchasse Loomism\u00fcsteeriumisse sisenemine. Maagiks saamine \u2013 Elementide alkeemia. Naisenergia ja meesenergia koost\u00f6\u00f6. Unistamine ja visualiseerimine \u2013 Loomise t\u00f6\u00f6riistad. Rituaalid ja loitsud \u2013 nende kasutamine. Kuidas luua? Loomise Seadused. Huna palve. Teadlik Unen\u00e4gemine I osa 20.09. \u2013&nbsp;kahanev kuu 2. Avardumine \u2013 teadvustasandi t\u00f5usmine, k\u00f5rgemates dimensioonides &hellip; <\/p>\n<p class=\"link-more\"><a href=\"https:\/\/vaimnemaailm.ee\/www\/vtk-ii-aste-2-grupp-oppekava\/\" class=\"more-link\">Loe edasi<span class=\"screen-reader-text\"> &#8220;VTK II aste 2. grupp \u00f5ppekava&#8221;<\/span><\/a><\/p>\n","protected":false},"author":2,"featured_media":0,"parent":0,"menu_order":0,"comment_status":"closed","ping_status":"closed","template":"","meta":{"footnotes":""},"class_list":["post-3987","page","type-page","status-publish","hentry"],"_links":{"self":[{"href":"https:\/\/vaimnemaailm.ee\/www\/wp-json\/wp\/v2\/pages\/3987","targetHints":{"allow":["GET"]}}],"collection":[{"href":"https:\/\/vaimnemaailm.ee\/www\/wp-json\/wp\/v2\/pages"}],"about":[{"href":"https:\/\/vaimnemaailm.ee\/www\/wp-json\/wp\/v2\/types\/page"}],"author":[{"embeddable":true,"href":"https:\/\/vaimnemaailm.ee\/www\/wp-json\/wp\/v2\/users\/2"}],"replies":[{"embeddable":true,"href":"https:\/\/vaimnemaailm.ee\/www\/wp-json\/wp\/v2\/comments?post=3987"}],"version-history":[{"count":5,"href":"https:\/\/vaimnemaailm.ee\/www\/wp-json\/wp\/v2\/pages\/3987\/revisions"}],"predecessor-version":[{"id":4289,"href":"https:\/\/vaimnemaailm.ee\/www\/wp-json\/wp\/v2\/pages\/3987\/revisions\/4289"}],"wp:attachment":[{"href":"https:\/\/vaimnemaailm.ee\/www\/wp-json\/wp\/v2\/media?parent=3987"}],"curies":[{"name":"wp","href":"https:\/\/api.w.org\/{rel}","templated":true}]}}