{"id":3651,"date":"2024-05-02T11:55:51","date_gmt":"2024-05-02T08:55:51","guid":{"rendered":"https:\/\/vaimnemaailm.ee\/www\/?page_id=3651"},"modified":"2024-05-10T16:52:00","modified_gmt":"2024-05-10T13:52:00","slug":"endas-loojateadvuse-aratamine-horisontaalselt-eluteljelt-vertikaalsele-liikumine-kosmilisse-valgusvorgustikku-uhendumine","status":"publish","type":"page","link":"https:\/\/vaimnemaailm.ee\/www\/endas-loojateadvuse-aratamine-horisontaalselt-eluteljelt-vertikaalsele-liikumine-kosmilisse-valgusvorgustikku-uhendumine\/","title":{"rendered":"E- kursus &#8220;Endas Loojateadvuse \u00e4ratamine. Horisontaalselt eluteljelt vertikaalsele liikumine, Kosmilisse valgusv\u00f5rgustikku \u00fchendumine&#8221;"},"content":{"rendered":"<div class=\"wp-block-image\">\n<figure class=\"alignright size-large is-resized\"><img loading=\"lazy\" decoding=\"async\" width=\"1024\" height=\"749\" src=\"https:\/\/vaimnemaailm.ee\/www\/wp-content\/uploads\/2023\/11\/loigatud-kosmiline-1024x749.jpg\" alt=\"\" class=\"wp-image-3250\" style=\"width:371px;height:auto\" srcset=\"https:\/\/vaimnemaailm.ee\/www\/wp-content\/uploads\/2023\/11\/loigatud-kosmiline-1024x749.jpg 1024w, https:\/\/vaimnemaailm.ee\/www\/wp-content\/uploads\/2023\/11\/loigatud-kosmiline-300x219.jpg 300w, https:\/\/vaimnemaailm.ee\/www\/wp-content\/uploads\/2023\/11\/loigatud-kosmiline-768x562.jpg 768w, https:\/\/vaimnemaailm.ee\/www\/wp-content\/uploads\/2023\/11\/loigatud-kosmiline-1536x1123.jpg 1536w, https:\/\/vaimnemaailm.ee\/www\/wp-content\/uploads\/2023\/11\/loigatud-kosmiline-2048x1497.jpg 2048w\" sizes=\"auto, (max-width: 767px) 89vw, (max-width: 1000px) 54vw, (max-width: 1071px) 543px, 580px\" \/><\/figure>\n<\/div>\n\n\n<p><strong><em>Kursusel  \u00f5pid loomist uues energias &#8211; teed tasandivahetuse, liigud horisontaalselt eluteljelt vertikaalsele, \u00fchendud Kosmilise valgusv\u00f5rgustikuga ja sirutud 7D sagedusse, et kogeda r\u00f5\u00f5mu, iseenda jumalikkust ja harjutada loomist<\/em>. <em>\u00c4ratad endas Loojateadvuse.<\/em><\/strong><\/p>\n\n\n\n<p>E-kursust saad mugavalt l\u00e4bida oma kodus endale sobivas r\u00fctmis ja ajal, kuid eriti v\u00f5imsa m\u00f5ju saamiseks on soovitav kasutada mai t\u00e4sikuu perioodi!<\/p>\n\n\n\n<p>Kursus tuleb esmakordselt v\u00e4lja mai t\u00e4iskuu aegu 2024 &#8211; Mai t\u00e4iskuuperiood on energeetiliselt v\u00e4ga v\u00f5imas ja eriline aeg, mida saad end \u00f5igesti h\u00e4\u00e4lestades kasutada selleks, et oluliselt t\u00f5sta oma sagedust, kiirendada oma vaimset edasiminekut \u2013 avardumist, kuna avanevad v\u00e4ga erilised v\u00e4ravad&nbsp; k\u00f5rgematesse dimensioonidesse, on v\u00f5imalik saada selgemat \u00fchendust ja konkreetsemat juhatust vaimselt maailmalt, \u00fclest\u00f5usnud meistritelt, inglitelt, oma juhendajatelt, palve ja taotlusej\u00f5ud sel ajal lausa tuhandekordistuvad. Seep\u00e4rast on tark  seda imelist aega kasutada ja v\u00f5imalusel just siis avarduda. Samas v\u00f5id muidugi kursust l\u00e4bida ja uues energias loomisteemadega tegeleda \u00fcksk\u00f5ik millisel muul endale sobival ajal! <\/p>\n\n\n\n<p>Kui sul on ideid, unistusi, soove, inspiratsiooni selle osas, mida sooviksid oma ellu luua, kui sul on k\u00fcsimusi vaimsele maailmale, n\u00e4iteks oma rolli, elu\u00fclesande, missiooni, \u00f5ppetundide, v\u00e4ljakutsete osas, siis mai t\u00e4iskuu on parim aeg nendeks teemadeks. Mai t\u00e4iskuu aeg on Buddha s\u00fcnni ja valgustumisaeg, mida t\u00e4histatakse maailma budistlikes ringkondades valgusp\u00fcha Wesakina. V\u00e4ekas aeg kestab 2024. aastal 20-26. maini. <\/p>\n\n\n\n<p><strong>E-kursus koosneb<\/strong>:<\/p>\n\n\n\n<p><strong>Teoreetilisest osast pdf <\/strong>(21 lk): Teoreetiline osa sisaldab: Mida t\u00e4hendab elamine horisontaalsel v\u00f5i vertikaalsel eluteljel, kuidas l\u00fclituda \u00fcmber vertikaalsele eluteljele. Loomise erinevused vanas- ja uues energas. Loomise saladused uues energias, selle alused ja olulised komponendid. Teadvuse avardumine \u2013 k\u00f5rgematesse dimensioonidesse laienemine. R\u00f5\u00f5mus loomine. S\u00f5nade t\u00e4hendus loomisel.<\/p>\n\n\n\n<p><strong> Juhitud meditatsioonir\u00e4nnakutest mp3-failis<\/strong>  (saad endale allalaadida ja teha korduvalt)<\/p>\n\n\n\n<ol class=\"wp-block-list\">\n<li>Kosmilise Emaga \u00fchendumine \u2013 puhtasse algolekusse tagasiminek&nbsp;(46 min)<\/li>\n\n\n\n<li>Teadvustasandi t\u00f5stmiseks, k\u00f5rgema energia, puhta teadlikkuse kogemiseks ja allatoomiseks \u2013 Taevariigi maapeale toomiseks (44 min)<\/li>\n\n\n\n<li>Meditatsioon \u201cHorisontaalselt eluteljelt vertikaalsele \u00fcmberl\u00fclitumine, 7D-sse sirutumine, Kosmilisse valgusv\u00f5rgustikku \u00fchendumine. Endas Loojateadvuse \u00e4ratamine\u201d (54 min)<\/li>\n\n\n\n<li>R\u00f5\u00f5mus loomine \u2013 Meditatsioon \u201cR\u00f5\u00f5mu aktivatsioon \u2013 P\u00fcha Loomisruumi ettevalmistamine  (44 min)<\/li>\n\n\n\n<li>\u00dchenduse loomine oma valgustunud Minaga, iseendas valgustunud olendi \u00e4ratundmine ja kuldajastu aktiveerimine (44 min)<\/li>\n<\/ol>\n\n\n\n<p><strong>V\u00e4\u00e4rtus<\/strong>&nbsp;<strong>70 EUR<\/strong><\/p>\n\n\n\n<p>E-kursusel osalamiseks tee \u00fclekanne 70 EUR Vaimne Maailm O\u00dc pangakontole EE662200221049242077 ja saada meil oma osalussooviga ja kinnitusega, et makse on tehtud&nbsp;<a href=\"mailto:liina@vaimnemaailm.ee\">liina@vaimnemaailm.ee<\/a>&nbsp;<\/p>\n\n\n\n<p>Juhendab Liina Kaumann<\/p>\n","protected":false},"excerpt":{"rendered":"<p>Kursusel \u00f5pid loomist uues energias &#8211; teed tasandivahetuse, liigud horisontaalselt eluteljelt vertikaalsele, \u00fchendud Kosmilise valgusv\u00f5rgustikuga ja sirutud 7D sagedusse, et kogeda r\u00f5\u00f5mu, iseenda jumalikkust ja harjutada loomist. \u00c4ratad endas Loojateadvuse. E-kursust saad mugavalt l\u00e4bida oma kodus endale sobivas r\u00fctmis ja ajal, kuid eriti v\u00f5imsa m\u00f5ju saamiseks on soovitav kasutada mai t\u00e4sikuu perioodi! Kursus tuleb esmakordselt &hellip; <\/p>\n<p class=\"link-more\"><a href=\"https:\/\/vaimnemaailm.ee\/www\/endas-loojateadvuse-aratamine-horisontaalselt-eluteljelt-vertikaalsele-liikumine-kosmilisse-valgusvorgustikku-uhendumine\/\" class=\"more-link\">Loe edasi<span class=\"screen-reader-text\"> &#8220;E- kursus &#8220;Endas Loojateadvuse \u00e4ratamine. Horisontaalselt eluteljelt vertikaalsele liikumine, Kosmilisse valgusv\u00f5rgustikku \u00fchendumine&#8221;&#8221;<\/span><\/a><\/p>\n","protected":false},"author":2,"featured_media":0,"parent":0,"menu_order":0,"comment_status":"closed","ping_status":"closed","template":"","meta":{"footnotes":""},"class_list":["post-3651","page","type-page","status-publish","hentry"],"_links":{"self":[{"href":"https:\/\/vaimnemaailm.ee\/www\/wp-json\/wp\/v2\/pages\/3651","targetHints":{"allow":["GET"]}}],"collection":[{"href":"https:\/\/vaimnemaailm.ee\/www\/wp-json\/wp\/v2\/pages"}],"about":[{"href":"https:\/\/vaimnemaailm.ee\/www\/wp-json\/wp\/v2\/types\/page"}],"author":[{"embeddable":true,"href":"https:\/\/vaimnemaailm.ee\/www\/wp-json\/wp\/v2\/users\/2"}],"replies":[{"embeddable":true,"href":"https:\/\/vaimnemaailm.ee\/www\/wp-json\/wp\/v2\/comments?post=3651"}],"version-history":[{"count":5,"href":"https:\/\/vaimnemaailm.ee\/www\/wp-json\/wp\/v2\/pages\/3651\/revisions"}],"predecessor-version":[{"id":3675,"href":"https:\/\/vaimnemaailm.ee\/www\/wp-json\/wp\/v2\/pages\/3651\/revisions\/3675"}],"wp:attachment":[{"href":"https:\/\/vaimnemaailm.ee\/www\/wp-json\/wp\/v2\/media?parent=3651"}],"curies":[{"name":"wp","href":"https:\/\/api.w.org\/{rel}","templated":true}]}}