{"id":3265,"date":"2023-11-17T14:37:13","date_gmt":"2023-11-17T12:37:13","guid":{"rendered":"https:\/\/vaimnemaailm.ee\/www\/?page_id=3265"},"modified":"2024-03-26T16:06:21","modified_gmt":"2024-03-26T14:06:21","slug":"e-kursus-kaksikleegiga-uhinemine","status":"publish","type":"page","link":"https:\/\/vaimnemaailm.ee\/www\/e-kursus-kaksikleegiga-uhinemine\/","title":{"rendered":"E-kursus &#8220;Kaksikleegiga \u00fchinemine&#8221;"},"content":{"rendered":"<div class=\"wp-block-image\">\n<figure class=\"alignright size-large is-resized\"><img loading=\"lazy\" decoding=\"async\" width=\"709\" height=\"1024\" src=\"https:\/\/vaimnemaailm.ee\/www\/wp-content\/uploads\/2023\/11\/Uhinemine-709x1024.jpg\" alt=\"\" class=\"wp-image-3266\" style=\"width:269px;height:388px\" srcset=\"https:\/\/vaimnemaailm.ee\/www\/wp-content\/uploads\/2023\/11\/Uhinemine-709x1024.jpg 709w, https:\/\/vaimnemaailm.ee\/www\/wp-content\/uploads\/2023\/11\/Uhinemine-208x300.jpg 208w, https:\/\/vaimnemaailm.ee\/www\/wp-content\/uploads\/2023\/11\/Uhinemine-768x1109.jpg 768w, https:\/\/vaimnemaailm.ee\/www\/wp-content\/uploads\/2023\/11\/Uhinemine-1063x1536.jpg 1063w, https:\/\/vaimnemaailm.ee\/www\/wp-content\/uploads\/2023\/11\/Uhinemine.jpg 1395w\" sizes=\"auto, (max-width: 709px) 100vw, 709px\" \/><\/figure>\n<\/div>\n\n\n<p>Kursus sisaldab juhitd meditatsioone mp3-failis ja teoreetilist osa pdf-failis, ning annab n\u00e4pun\u00e4iteid m\u00f5lemaks puhuks, kui su ellu on kaksikleek f\u00fc\u00fcsilise isiku kujul juba ilmunud v\u00f5i ka siis kui seda veel juhtunud pole aga sooviksid sellegipoolest temaga \u00fchendust luua.  Saad seda kursust l\u00e4bida oma kodus, endale sobival ajal ja niipalju kordi kui ise soovid!<\/p>\n\n\n\n<p>Kaksikhingede kontseptsiooni j\u00e4rgi alustame me oma teekonda mateeriasse \u00fche valguskiirena, mis seej\u00e4rel kaheks jaguneb \u2013 mehelikuks ja naiselikuks, positiivseks ja negatiivseks, edasi me otsekui \u201ekukume\u201c l\u00e4bi valgusspektri, et siseneda maisele tasandile.<\/p>\n\n\n\n<p>Varem v\u00f5i hiljem j\u00f5uame k\u00f5ik oma valgustumisteekonnal sellesse punkti, kus \u00fchineme tervikuks oma kaksikleegiga, ilma selleta me ei saa valgustuda, seep\u00e4rast praegusel erilisel \u00fclest\u00f5usuajal aktiveerub varasemaga v\u00f5rreldes \u00fcha rohkem kaksikleeke.<\/p>\n\n\n\n<p>Sinu kaksikleek kannab sinuga \u00fchte hingeenergiat aga ta on sinu vastandpolaarsus, temaga \u00fchinemine t\u00e4hendab vastandide kokkutoomist ja tervikuks \u00fchendamist. See aga t\u00e4hendab, et teie m\u00f5lema v\u00e4ed \u00fchendatakse ja te hakkate koos looma, Kaksikleekidel on tihti \u00fchine missioon. See v\u00f5ib eeldada f\u00fc\u00fcslises maailmas kokkutulemist aga k\u00f5igil ei pea ilmtingimata nii olema, v\u00f5ib piisata ka telepaatilisest, energeetilisest \u00fchinemisest ja liidust. M\u00f5lemal juhul t\u00e4hendab kaksilkleegiga \u00fchinemine tervikuks saamist ja v\u00e4e kasvamist.<\/p>\n\n\n\n<p><strong>Teoreetiline osa<\/strong> (29 lk)&nbsp;sisaldab n\u00e4pun\u00e4iteid m\u00f5lemaks puhuks, kui su ellu on kaksikleek f\u00fc\u00fcsilise isiku kujul juba ilmunud v\u00f5i ka siis kui seda veel juhtunud pole aga sooviksid sellegipoolest temaga \u00fchendust luua: Kaksikleegiga f\u00fc\u00fcsilises reaalsuses \u00fchinemine, kaksikleegi aktivatsioon, protsess, mis tuleb l\u00e4bida, v\u00f5tmed kuidas toimida. Kaksikleek kui t\u00e4isulik peegel. Varjut\u00f6\u00f6, h\u00fclgamishirm, t\u00f5rjumishirm. Kaksikleegiga \u00fchinemine energeetiliselt-telepaatiliselt. Mis aitab j\u00f5uda sisemisse terviklikkusesse. N\u00e4ited reaalsest kakslikleegiprotessist.<\/p>\n\n\n\n<p><strong>5 pikemat juhitud meditatsioonir\u00e4nnakut mp3 failis:<\/strong><\/p>\n\n\n\n<ol class=\"wp-block-list\">\n<li><mark>\u201eKaksikleegi energia leidmine eri aegadest, Universumist ja temaga \u00fchendumine \u2013 oma hinge kahe vastandpolaarsuse kokkutoomine\u201d<\/mark> (56 min)<\/li>\n\n\n\n<li>Sisemise nais- ja meespoole tervendus&nbsp;(41 min)<\/li>\n\n\n\n<li>\u201cSisemine h\u00e4\u00e4lestus \u2013 naiseliku ja meheliku energia vaatlemine, aktiivsuse\/passiivsuse, sisemise\/v\u00e4limise energia \u00fchendamine koosloomisesse\u201d (47 min)<\/li>\n\n\n\n<li>&#8220;Varju integreerimine, h\u00fclgamishirmu, s\u00fcdamevalu tervendamine. S\u00fcdame valgustumine, t\u00f5ega \u00fchtesulamine&#8221; (53 min)<\/li>\n\n\n\n<li>\u201eKaksikleegiga \u00fchinemine t\u015bakrate kaupa\u201d (38 min)<\/li>\n<\/ol>\n\n\n\n<p><strong>V\u00e4\u00e4rtus 88 EUR<\/strong>\u00a0<\/p>\n\n\n\n<p>Kursusel osalemiseks tasu Vaimne Maailm O\u00dc pangakontole EE662200221049242077&nbsp;&nbsp;<strong>88 EUR<\/strong>&nbsp;ja saada seej\u00e4rel meil koos maksekorralduse koopiaga liina@vaimnemaailm.ee.<\/p>\n","protected":false},"excerpt":{"rendered":"<p>Kursus sisaldab juhitd meditatsioone mp3-failis ja teoreetilist osa pdf-failis, ning annab n\u00e4pun\u00e4iteid m\u00f5lemaks puhuks, kui su ellu on kaksikleek f\u00fc\u00fcsilise isiku kujul juba ilmunud v\u00f5i ka siis kui seda veel juhtunud pole aga sooviksid sellegipoolest temaga \u00fchendust luua. Saad seda kursust l\u00e4bida oma kodus, endale sobival ajal ja niipalju kordi kui ise soovid! Kaksikhingede kontseptsiooni &hellip; <\/p>\n<p class=\"link-more\"><a href=\"https:\/\/vaimnemaailm.ee\/www\/e-kursus-kaksikleegiga-uhinemine\/\" class=\"more-link\">Loe edasi<span class=\"screen-reader-text\"> &#8220;E-kursus &#8220;Kaksikleegiga \u00fchinemine&#8221;&#8221;<\/span><\/a><\/p>\n","protected":false},"author":2,"featured_media":0,"parent":0,"menu_order":0,"comment_status":"closed","ping_status":"closed","template":"","meta":{"footnotes":""},"class_list":["post-3265","page","type-page","status-publish","hentry"],"_links":{"self":[{"href":"https:\/\/vaimnemaailm.ee\/www\/wp-json\/wp\/v2\/pages\/3265","targetHints":{"allow":["GET"]}}],"collection":[{"href":"https:\/\/vaimnemaailm.ee\/www\/wp-json\/wp\/v2\/pages"}],"about":[{"href":"https:\/\/vaimnemaailm.ee\/www\/wp-json\/wp\/v2\/types\/page"}],"author":[{"embeddable":true,"href":"https:\/\/vaimnemaailm.ee\/www\/wp-json\/wp\/v2\/users\/2"}],"replies":[{"embeddable":true,"href":"https:\/\/vaimnemaailm.ee\/www\/wp-json\/wp\/v2\/comments?post=3265"}],"version-history":[{"count":2,"href":"https:\/\/vaimnemaailm.ee\/www\/wp-json\/wp\/v2\/pages\/3265\/revisions"}],"predecessor-version":[{"id":3525,"href":"https:\/\/vaimnemaailm.ee\/www\/wp-json\/wp\/v2\/pages\/3265\/revisions\/3525"}],"wp:attachment":[{"href":"https:\/\/vaimnemaailm.ee\/www\/wp-json\/wp\/v2\/media?parent=3265"}],"curies":[{"name":"wp","href":"https:\/\/api.w.org\/{rel}","templated":true}]}}