{"id":285,"date":"2017-01-02T19:50:46","date_gmt":"2017-01-02T17:50:46","guid":{"rendered":"http:\/\/vaimnemaailm.ee\/www\/?page_id=285"},"modified":"2024-03-18T11:56:43","modified_gmt":"2024-03-18T09:56:43","slug":"tervendavate-piltide-maalimine","status":"publish","type":"page","link":"https:\/\/vaimnemaailm.ee\/www\/tervendavate-piltide-maalimine\/","title":{"rendered":"Tervendavate piltide maalimine"},"content":{"rendered":"<div class=\"wp-block-image\">\n<figure class=\"alignright\"><img loading=\"lazy\" decoding=\"async\" width=\"225\" height=\"300\" src=\"http:\/\/vaimnemaailm.ee\/www\/wp-content\/uploads\/2017\/01\/Tule-elementaalid-225x300.jpg\" alt=\"\" class=\"wp-image-375\" srcset=\"https:\/\/vaimnemaailm.ee\/www\/wp-content\/uploads\/2017\/01\/Tule-elementaalid-225x300.jpg 225w, https:\/\/vaimnemaailm.ee\/www\/wp-content\/uploads\/2017\/01\/Tule-elementaalid-768x1024.jpg 768w, https:\/\/vaimnemaailm.ee\/www\/wp-content\/uploads\/2017\/01\/Tule-elementaalid.jpg 1234w\" sizes=\"auto, (max-width: 225px) 100vw, 225px\" \/><\/figure>\n<\/div>\n\n\n<p>Energiamaalide tegemine on t\u00f5hus ja l\u00f5bus meetod, mis aitab p\u00e4\u00e4seda ligi v\u00e4ga olulisele ja isiklikule infole, lahendada \u00e4ra palju minevikuprobleeme, ennast tasakaalustada ja tervendada, &nbsp;\u00f5ppida isegi kutsuma oma ellu soovitut. Lisaks aitab see \u00f5ppida ennast aktsepteerima koos oma ebat\u00e4iuslikkusega.<\/p>\n\n\n\n<p>Selleks, et teha energiamaale, pole vaja perfektseid tehnilisi oskusi ja v\u00f5tteid, pigem on oluline olla avatud, tundlik ja loominguline. Tervendavat maali ei saa teha tavateadvuse tasandil, see tuleb \u00fclevaltpoolt, kanaldusena, v\u00f5i r\u00e4\u00e4gib l\u00e4bi selle alateadvus, aidates maalijal lahendada vanu, allasurutud, kuid vabastamistvajavaid probleeme. Seep\u00e4rast on eriti t\u00f5hus just oma isikliku tervendava maali tegemine, kuna ainult niisugusel juhul on v\u00f5imalik p\u00e4\u00e4seda ligi omaenda spetsiifilistele probleemidele. Maalimisoskus pole seejuures oluline, mida vabamaks oma kriitikameel kunstilise taseme osas lasta suudetakse, mida loomingulisem ollakse, seda parem tulemus.<\/p>\n\n\n\n<p>Protsess koosneb mitmest v\u00f5rdselt oluliselt etapist:<\/p>\n\n\n\n<ol class=\"wp-block-list\">\n<li>eelh\u00e4\u00e4lestus\/taotlus<\/li>\n\n\n\n<li>maalimine ise<\/li>\n\n\n\n<li>maali vaatamine\/mediteerimine maaliga ning sellest info ammutamine ja selle abil tervenemine.<\/li>\n<\/ol>\n\n\n\n<p><strong>Kursus koosneb 2 osast:<\/strong><\/p>\n\n\n\n<ol class=\"wp-block-list\">\n<li>Teoreetiline osa kodus l\u00e4bit\u00f6\u00f6tamiseks meilile<\/li>\n\n\n\n<li>praktikum grupit\u00f6\u00f6na (maalimine akr\u00fc\u00fclv\u00e4rvidega + arutelu):<\/li>\n<\/ol>\n\n\n\n<p>Valik teemasid:<\/p>\n\n\n\n<ol class=\"wp-block-list\">\n<li>T\u015bakrate tasakaalustamine energiamaali abil<\/li>\n\n\n\n<li>5 elemendi tasakaalustamine<\/li>\n\n\n\n<li>Isikliku tervendava pildi kanaldamine<\/li>\n\n\n\n<li>Iseenda tundma\u00f5ppimine, eri isiksuseosade tasakaalustamine maalides<\/li>\n\n\n\n<li>Oma elu\u00fclesande avastamine<\/li>\n<\/ol>\n\n\n\n<p>Alustame h\u00e4\u00e4lestava meditatsiooniga, sellele j\u00e4rgneb maalimine ning peale seda \u00fchine maalide vaatamine ja arutelu. Kursus annab ka juhtn\u00f6\u00f6rid, kuidas valminud maale\u00a0 \u201elugema \u00f5ppida\u201d \u2013 kuidas lahtim\u00f5testada v\u00e4rve, s\u00fcmboleid, arve, pintslit\u00f5mbeid. Iga osaleja saab oma maalid endale!<\/p>\n\n\n\n<p><\/p>\n\n\n\n<p>Juhendab Liina Kaumann<\/p>\n","protected":false},"excerpt":{"rendered":"<p>Energiamaalide tegemine on t\u00f5hus ja l\u00f5bus meetod, mis aitab p\u00e4\u00e4seda ligi v\u00e4ga olulisele ja isiklikule infole, lahendada \u00e4ra palju minevikuprobleeme, ennast tasakaalustada ja tervendada, &nbsp;\u00f5ppida isegi kutsuma oma ellu soovitut. Lisaks aitab see \u00f5ppida ennast aktsepteerima koos oma ebat\u00e4iuslikkusega. Selleks, et teha energiamaale, pole vaja perfektseid tehnilisi oskusi ja v\u00f5tteid, pigem on oluline olla avatud, &hellip; <\/p>\n<p class=\"link-more\"><a href=\"https:\/\/vaimnemaailm.ee\/www\/tervendavate-piltide-maalimine\/\" class=\"more-link\">Loe edasi<span class=\"screen-reader-text\"> &#8220;Tervendavate piltide maalimine&#8221;<\/span><\/a><\/p>\n","protected":false},"author":2,"featured_media":0,"parent":0,"menu_order":0,"comment_status":"closed","ping_status":"closed","template":"","meta":{"footnotes":""},"class_list":["post-285","page","type-page","status-publish","hentry"],"_links":{"self":[{"href":"https:\/\/vaimnemaailm.ee\/www\/wp-json\/wp\/v2\/pages\/285","targetHints":{"allow":["GET"]}}],"collection":[{"href":"https:\/\/vaimnemaailm.ee\/www\/wp-json\/wp\/v2\/pages"}],"about":[{"href":"https:\/\/vaimnemaailm.ee\/www\/wp-json\/wp\/v2\/types\/page"}],"author":[{"embeddable":true,"href":"https:\/\/vaimnemaailm.ee\/www\/wp-json\/wp\/v2\/users\/2"}],"replies":[{"embeddable":true,"href":"https:\/\/vaimnemaailm.ee\/www\/wp-json\/wp\/v2\/comments?post=285"}],"version-history":[{"count":5,"href":"https:\/\/vaimnemaailm.ee\/www\/wp-json\/wp\/v2\/pages\/285\/revisions"}],"predecessor-version":[{"id":3513,"href":"https:\/\/vaimnemaailm.ee\/www\/wp-json\/wp\/v2\/pages\/285\/revisions\/3513"}],"wp:attachment":[{"href":"https:\/\/vaimnemaailm.ee\/www\/wp-json\/wp\/v2\/media?parent=285"}],"curies":[{"name":"wp","href":"https:\/\/api.w.org\/{rel}","templated":true}]}}