{"id":2412,"date":"2022-08-09T10:30:42","date_gmt":"2022-08-09T07:30:42","guid":{"rendered":"https:\/\/vaimnemaailm.ee\/www\/?page_id=2412"},"modified":"2026-04-13T16:43:40","modified_gmt":"2026-04-13T13:43:40","slug":"individuaalne-akasi-kroonikate-lugemine-ja-umberkirjutamine","status":"publish","type":"page","link":"https:\/\/vaimnemaailm.ee\/www\/individuaalne-akasi-kroonikate-lugemine-ja-umberkirjutamine\/","title":{"rendered":"Individuaalne Aka\u015bi kroonikate lugemine ja \u00fcmberkirjutamine"},"content":{"rendered":"\n<p>1,5- tunnine juhitud meditatsioonir\u00e4nnak sinu Aka\u015bi kroonikatesse &#8211; vastuv\u00f5tt Tartus v\u00f5i veebis. <strong>75 EUR<\/strong>.<\/p>\n\n\n\n<p>T\u00f6\u00f6 Aka\u015bi infov\u00e4ljaga on \u00fcks v\u00e4ga t\u00f5hus viise tervendada mistahes olukordi elus v\u00f5i lihtsalt olulist infot saada. Vaadates oma eelmiste elude salvestisi, \u00f5ppetunde, m\u00f5istad paremini mida teha k\u00e4esolevas hetkes, et luua r\u00f5\u00f5msam ja k\u00fclluslikum tulevik. <\/p>\n\n\n\n<p>Aka\u015bi kroonikad on vibreeriv infov\u00e4li, kus peitub igavikuline informatsioon absoluutselt k\u00f5ige kohta \u2013 nii meie isiklike elude, karma, vaimse kasvu ja elueesm\u00e4rkide kohta kui ka laiemalt Universumi toimimise kohta. Neis peituv info v\u00f5ib aidata meil m\u00f5ista miks asjad elus juhtuvad just nii nagu juhtuvad, kuidas muuta oma elu \u00f5nnelikumaks, saavutada k\u00f5ike seda, mida t\u00f5eliselt soovid, kuidas tervendada ennast ja oma elu, suhteid, rahaasju jne. Muutes oma minevikukroonikaid, muudame oma olevikku ja tulevikku.<\/p>\n\n\n\n<p>Kroonikad vibreerivad k\u00f5ikjal meie \u00fcmber, isegi meie sees, igas hinges, rakus, igavikulises meeles ja neid v\u00f5ib avada igal ajal. Ka suured avastused, enesev\u00e4ljendus, looming, kunst s\u00fcnnivad \u00fchendusest selle v\u00f5imsa infov\u00e4ljaga (puhta teadlikkusega), vaja on vaid avada ennast Aka\u015bi kroonikates peituvae suurele tarkusele. Me salvestame igal hetkel oma kroonikaid, kas siis teadlikult v\u00f5i vaikimisi, \u00f5ppides oma m\u00f5tteid, tegusid, kavatsusi teadlikult salvestama, koosk\u00f5lastad ja lood uued Tuleviku Kroonikad ja t\u00f5stad oma elu t\u00f5elist kvaliteeti. Aka\u015bi kroonikaid v\u00f5ib nimetada ka sinu hinge kaardiks, sest need n\u00e4itavad t\u00e4pselt, kust sa tuled, kus asub praegu ja kuhu oled teel. <\/p>\n\n\n\n<p>On kolme t\u00fc\u00fcpi m\u00f5jutusi, mis vajavad Aka\u015bi kroonikates \u00fcmberkirjutamist:<\/p>\n\n\n\n<p>1. Tugeva emotsionaalse laenguga s\u00fcndmused -pole oluline, kas s\u00fcndmus oli positiivne v\u00f5i negatiivne, mida suurem emotsionaalne laeng, seda suurem m\u00f5ju on sellel sulle.<\/p>\n\n\n\n<p>2. Terviseprobleemid ja f\u00fc\u00fcsilised traumad \u2013 paljud v\u00e4ljakutsed v\u00f5ivad tulla mineviku kroonikatest.<\/p>\n\n\n\n<p>3. Suhtemustrid<\/p>\n\n\n\n<p>Meie hing soovib, et keskenduksime praeguse elu mustritele, kui aga ebaterved olukorrad ja reaktsioonid elus p\u00fcsivad, peame vabastama eelmistest eludest p\u00e4rit negatiivsed ts\u00fcklid, muidu j\u00e4\u00e4me karmat aina kordama.<\/p>\n\n\n\n<p>Individuaalne juhitud r\u00e4nnak Aka\u015bi kroonikatesse kas kokkusaamisega Tartus v\u00f5i Messingeri teel kestab 1-1,5 tundi, hind 75 EUR. Loome sinu unikaalse individuaalse juhitud meditatsiooni abil \u00fchenduse Aka\u015bi kroonikate infov\u00e4ljaga, loeme sinu eluraamatust \u00f5ppetundide, v\u00e4ljakutsete, elu\u00fclesande ja korduvate mustrite kohta ning muudame \u00e4ra vanad aegunud mustrid, blokeeringud, mis hoiavad meid oma k\u00fctkes ega lase minna vabana tulevikku, mida t\u00f5eliselt kogeda sooviksime.<\/p>\n\n\n\n<p>Vajalik aja kokkuleppimine liina@vaimnemaailm.ee v\u00f5i messingeris ning veebiseansi puhul ettemaksu 75 EUR tasumine Vaimne Maailm O\u00dc pangakontole EE662200221049242077, enne r\u00e4nnakut.<\/p>\n\n\n\n<p>Juhendab Liina Kaumann <\/p>\n","protected":false},"excerpt":{"rendered":"<p>1,5- tunnine juhitud meditatsioonir\u00e4nnak sinu Aka\u015bi kroonikatesse &#8211; vastuv\u00f5tt Tartus v\u00f5i veebis. 75 EUR. T\u00f6\u00f6 Aka\u015bi infov\u00e4ljaga on \u00fcks v\u00e4ga t\u00f5hus viise tervendada mistahes olukordi elus v\u00f5i lihtsalt olulist infot saada. Vaadates oma eelmiste elude salvestisi, \u00f5ppetunde, m\u00f5istad paremini mida teha k\u00e4esolevas hetkes, et luua r\u00f5\u00f5msam ja k\u00fclluslikum tulevik. Aka\u015bi kroonikad on vibreeriv infov\u00e4li, kus &hellip; <\/p>\n<p class=\"link-more\"><a href=\"https:\/\/vaimnemaailm.ee\/www\/individuaalne-akasi-kroonikate-lugemine-ja-umberkirjutamine\/\" class=\"more-link\">Loe edasi<span class=\"screen-reader-text\"> &#8220;Individuaalne Aka\u015bi kroonikate lugemine ja \u00fcmberkirjutamine&#8221;<\/span><\/a><\/p>\n","protected":false},"author":2,"featured_media":0,"parent":0,"menu_order":0,"comment_status":"closed","ping_status":"closed","template":"","meta":{"footnotes":""},"class_list":["post-2412","page","type-page","status-publish","hentry"],"_links":{"self":[{"href":"https:\/\/vaimnemaailm.ee\/www\/wp-json\/wp\/v2\/pages\/2412","targetHints":{"allow":["GET"]}}],"collection":[{"href":"https:\/\/vaimnemaailm.ee\/www\/wp-json\/wp\/v2\/pages"}],"about":[{"href":"https:\/\/vaimnemaailm.ee\/www\/wp-json\/wp\/v2\/types\/page"}],"author":[{"embeddable":true,"href":"https:\/\/vaimnemaailm.ee\/www\/wp-json\/wp\/v2\/users\/2"}],"replies":[{"embeddable":true,"href":"https:\/\/vaimnemaailm.ee\/www\/wp-json\/wp\/v2\/comments?post=2412"}],"version-history":[{"count":5,"href":"https:\/\/vaimnemaailm.ee\/www\/wp-json\/wp\/v2\/pages\/2412\/revisions"}],"predecessor-version":[{"id":4407,"href":"https:\/\/vaimnemaailm.ee\/www\/wp-json\/wp\/v2\/pages\/2412\/revisions\/4407"}],"wp:attachment":[{"href":"https:\/\/vaimnemaailm.ee\/www\/wp-json\/wp\/v2\/media?parent=2412"}],"curies":[{"name":"wp","href":"https:\/\/api.w.org\/{rel}","templated":true}]}}