{"id":240,"date":"2017-01-02T19:11:47","date_gmt":"2017-01-02T17:11:47","guid":{"rendered":"http:\/\/vaimnemaailm.ee\/www\/?page_id=240"},"modified":"2024-03-05T11:07:54","modified_gmt":"2024-03-05T09:07:54","slug":"individuaalne-meditatsioonikursus","status":"publish","type":"page","link":"https:\/\/vaimnemaailm.ee\/www\/individuaalne-meditatsioonikursus\/","title":{"rendered":"Individuaalne meditatsioonikursus"},"content":{"rendered":"<p>ca 1\u00a0 tund\u00a0 <strong>55 EUR<\/strong>, vastuv\u00f5ttTartus v\u00f5i veebis<strong><img loading=\"lazy\" decoding=\"async\" class=\"alignright wp-image-241 size-medium\" src=\"http:\/\/vaimnemaailm.ee\/www\/wp-content\/uploads\/2017\/01\/Hingepilt-suur-224x300.jpg\" width=\"224\" height=\"300\" srcset=\"https:\/\/vaimnemaailm.ee\/www\/wp-content\/uploads\/2017\/01\/Hingepilt-suur-224x300.jpg 224w, https:\/\/vaimnemaailm.ee\/www\/wp-content\/uploads\/2017\/01\/Hingepilt-suur-768x1028.jpg 768w, https:\/\/vaimnemaailm.ee\/www\/wp-content\/uploads\/2017\/01\/Hingepilt-suur-765x1024.jpg 765w, https:\/\/vaimnemaailm.ee\/www\/wp-content\/uploads\/2017\/01\/Hingepilt-suur.jpg 998w\" sizes=\"auto, (max-width: 224px) 100vw, 224px\" \/><\/strong><\/p>\n<p>Paljud, kes sooviksid alustada mediteerimisega kurdavad, et on v\u00e4ga raske niisama vaikselt istuda, ilma, et pea ketraks pidevalt argiprobleeme. Sel juhul on kergem alustada <u>juhitud meditatsioonidega<\/u>, kuna m\u00f5tted ei l\u00e4he siis nii kergesti uitama. Sellel kursusel teeme koos l\u00e4bi 2 juhitud meditatsiooni (teemad kliendi valikul), kodus harjutamiseks on v\u00f5imalik osta lisatasu eest kaasa mp3 faile minu poolt peale loetud juhitud meditatsioonidega. Tavaliselt on vaja teha 2-5 individuaalset kohtumist, et tekkiks v\u00f5ime iseseisvalt mediteerida.<\/p>\n<p>Juhitud meditatsiooni abil saab tervendada vanu allasurutud emotsioone, vabastada j\u00e4iku m\u00f5ttemustreid, oma aja \u00e4raelanud olukordi, v\u00f5ime korrigeerida oma karmat, tervendada suhteid, avastada oma elu\u00fclesannet, k\u00fclastada minevikku, oma eelmisi elusid ja teha seal korrektuure, aga ka k\u00e4ia tulevikus, teistes dimensioonides, suhelda inglite ja k\u00f5rgete valgusolenditega, oma juhendajatega, saada neilt juhtn\u00f6\u00f6re ja l\u00f5puks saame selliste r\u00e4nnakute k\u00e4igus ka luua endale visualiseerimise abil selline tegelikkus nagu soovime, teha oma unistused teoks.<\/p>\n<p><em>Valida saab erinevate meditatsiooniteemade vahel, allpool m\u00f5ned n\u00e4ited:<\/em><\/p>\n<ol>\n<li>Igap\u00e4evane meditatsioon &#8211; valgustelge joondumine<\/li>\n<li>Enesev\u00e4\u00e4rtustamine<\/li>\n<li>Mineviku tervendamine<\/li>\n<li>Sisemise lapse tervendamine<\/li>\n<li>Emotsioonikeha tervendamine<\/li>\n<li>Sisemise mehe ja naise tasakaalustamine, suhete tervendamine<\/li>\n<li>Inglitega suhtlemine<\/li>\n<li>Iseenda eri isiksuseosade tasakaalustamine<\/li>\n<li>T\u015bakrate tervendamine<\/li>\n<li>4 elemendi tasakaalustamine<\/li>\n<li>Piirangutest vabanemine<\/li>\n<li>Eelmiste elude tervendamine ja alateadvuse \u00fcmberprogrammeerimine<\/li>\n<li>Elu\u00fclesande avastamine<\/li>\n<li>Meelep\u00e4rase reaalsuse loomine<\/li>\n<li>Karma t\u00fchistamine<\/li>\n<li>Vanadest vannetest, kokkulepetest, needustest ja t\u00f5otustest vabastamine<\/li>\n<\/ol>\n<p>V\u00f5ta \u00fchendust liina@vaimnemaailm,ee &#8211; vastuv\u00f5tt Tartus v\u00f5i veebis<\/p>\n","protected":false},"excerpt":{"rendered":"<p>ca 1\u00a0 tund\u00a0 55 EUR, vastuv\u00f5ttTartus v\u00f5i veebis Paljud, kes sooviksid alustada mediteerimisega kurdavad, et on v\u00e4ga raske niisama vaikselt istuda, ilma, et pea ketraks pidevalt argiprobleeme. Sel juhul on kergem alustada juhitud meditatsioonidega, kuna m\u00f5tted ei l\u00e4he siis nii kergesti uitama. Sellel kursusel teeme koos l\u00e4bi 2 juhitud meditatsiooni (teemad kliendi valikul), kodus harjutamiseks &hellip; <\/p>\n<p class=\"link-more\"><a href=\"https:\/\/vaimnemaailm.ee\/www\/individuaalne-meditatsioonikursus\/\" class=\"more-link\">Loe edasi<span class=\"screen-reader-text\"> &#8220;Individuaalne meditatsioonikursus&#8221;<\/span><\/a><\/p>\n","protected":false},"author":2,"featured_media":0,"parent":0,"menu_order":0,"comment_status":"closed","ping_status":"closed","template":"","meta":{"footnotes":""},"class_list":["post-240","page","type-page","status-publish","hentry"],"_links":{"self":[{"href":"https:\/\/vaimnemaailm.ee\/www\/wp-json\/wp\/v2\/pages\/240","targetHints":{"allow":["GET"]}}],"collection":[{"href":"https:\/\/vaimnemaailm.ee\/www\/wp-json\/wp\/v2\/pages"}],"about":[{"href":"https:\/\/vaimnemaailm.ee\/www\/wp-json\/wp\/v2\/types\/page"}],"author":[{"embeddable":true,"href":"https:\/\/vaimnemaailm.ee\/www\/wp-json\/wp\/v2\/users\/2"}],"replies":[{"embeddable":true,"href":"https:\/\/vaimnemaailm.ee\/www\/wp-json\/wp\/v2\/comments?post=240"}],"version-history":[{"count":5,"href":"https:\/\/vaimnemaailm.ee\/www\/wp-json\/wp\/v2\/pages\/240\/revisions"}],"predecessor-version":[{"id":3434,"href":"https:\/\/vaimnemaailm.ee\/www\/wp-json\/wp\/v2\/pages\/240\/revisions\/3434"}],"wp:attachment":[{"href":"https:\/\/vaimnemaailm.ee\/www\/wp-json\/wp\/v2\/media?parent=240"}],"curies":[{"name":"wp","href":"https:\/\/api.w.org\/{rel}","templated":true}]}}