{"id":222,"date":"2017-01-02T18:54:09","date_gmt":"2017-01-02T16:54:09","guid":{"rendered":"http:\/\/vaimnemaailm.ee\/www\/?page_id=222"},"modified":"2017-01-02T18:54:09","modified_gmt":"2017-01-02T16:54:09","slug":"kuidas-end-kaitsta-energiavampiiride-eest-ajakiri-mustilised-lood-juuli-2015","status":"publish","type":"page","link":"https:\/\/vaimnemaailm.ee\/www\/kuidas-end-kaitsta-energiavampiiride-eest-ajakiri-mustilised-lood-juuli-2015\/","title":{"rendered":"\u201cKuidas end kaitsta energiavampiiride eest\u201d \u2013 Ajakiri \u201cM\u00fcstilised lood\u201d, juuli 2015"},"content":{"rendered":"<p>Autor: Liina Kaumann <img loading=\"lazy\" decoding=\"async\" class=\"alignright wp-image-223 size-medium\" src=\"http:\/\/vaimnemaailm.ee\/www\/wp-content\/uploads\/2017\/01\/energiavamp-1-215x300.jpg\" width=\"215\" height=\"300\" srcset=\"https:\/\/vaimnemaailm.ee\/www\/wp-content\/uploads\/2017\/01\/energiavamp-1-215x300.jpg 215w, https:\/\/vaimnemaailm.ee\/www\/wp-content\/uploads\/2017\/01\/energiavamp-1-768x1072.jpg 768w, https:\/\/vaimnemaailm.ee\/www\/wp-content\/uploads\/2017\/01\/energiavamp-1-733x1024.jpg 733w, https:\/\/vaimnemaailm.ee\/www\/wp-content\/uploads\/2017\/01\/energiavamp-1.jpg 1194w\" sizes=\"auto, (max-width: 215px) 100vw, 215px\" \/><\/p>\n<p>K\u00fcllap on iga\u00fcks millalgi kogenud \u00e4kilist ja arusaamatul p\u00f5hjusel tekkinud j\u00f5uetust, kurnatust, t\u00fchjusetunnet, ahastust, seletamatut meeleolulangust, jalgade altniitmise tunnet v\u00f5i isegi ootamatut nutupuhangut, millele vastu lihtsalt ei saa. Kui selline asi aset leiab, siis vahel ei j\u00e4\u00e4 \u00fcle enam niigipalju j\u00f5udu v\u00f5i tarkust, et eneselt k\u00fcsida, mis siis ikkagi toimus? Miks tunnen ennast nii pahasti? Kui muidu normaalsele, tasakaalukale ja positiivsele olemisele j\u00e4rgneb \u00e4kiline\u00a0 muutus enesetundes v\u00f5i meeleolus, on p\u00f5hjuseks enamasti energiavampiiri r\u00fcnnak. R\u00fcnnakuid v\u00f5ib olla v\u00e4ga mitmesuguseid.<\/p>\n<p>Olenevalt inimesest, v\u00f5ivad \u00a0kaebused enesetundes olla erinevad \u2013 enamasti r\u00fcnnatakse meie k\u00f5ige n\u00f5rgemat kohta \u2013 m\u00f5nel on selleks f\u00fc\u00fcsiline tervis, m\u00f5nel madal enesehinnang, m\u00f5nel paanikah\u00e4ired, rahamured, m\u00f5nel suhteprobleemid, v\u00f5imalusi on palju.<\/p>\n<p><strong>Kes on energiavampiirid?<\/strong> Minu arusaamist m\u00f6\u00f6da on energiavampiirid need inimesed, kes peavad selleks, et toimida ja ennast h\u00e4sti tunda, kasutama kellegi teise energiat. Need inimesed vaevlevad\u00a0 energiapuuduses, kuna energiaringe nende endi kehas ja auras on takistatud ning nad ei saa mingil p\u00f5hjusel ise k\u00e4tte energiat Universumist \u2013 K\u00f5ige Elava Allikast, Maa seest, loodusest. Selleks v\u00f5ib olla mitmeid p\u00f5hjusi, n\u00e4iteks halb karma, raske haigus, ajutine kriisiperiood jne. On tahtlikke ja tahtmatuid vampiire. Tasub teada, et energiavampiirid on rohkemal v\u00f5i v\u00e4hemal m\u00e4\u00e4ral ka k\u00f5ik need, kes on parajasti haiged, tasakaalust v\u00e4ljas, kriisis v\u00f5i muidu h\u00e4iritud, kuid seda ajutiselt. Tavaliselt, kui probleem laheneb, siis kaob ka vajadus vampiiritseda, sest inimene saab taas ise Universumist talle vajamineva energia k\u00e4tte.<\/p>\n<p>Samas on ka neid, kes l\u00e4bi elu j\u00e4\u00e4vadki vampiirideks (siin on tavaliselt p\u00f5hjuseks karma) ning vajavad pidevalt teiste inimeste energiat, et toimida ja elluj\u00e4\u00e4da. Sellised vampiirid saavad ohvrit t\u00fchjaks t\u00f5mmates k\u00fcll rahulduse, aga seda ainult ajutiselt \u2013 s\u00fc\u00fces kasvab isu ning peagi vajab ta uut annust.\u00a0 Osavad vampiirid on ohvritega telepaatilises \u00fchenduses, kui ohver ei oska ennast kaitsta, siis v\u00f5ivad sellisel pideval t\u00fchjakst\u00f5mbamisel olla katastroofilised tagaj\u00e4rjed.<\/p>\n<p>On ka selliseid vampiire, kes ei t\u00f5mba energiat teadlikult ja mitte enda jaoks, vaid on sattunud mingi v\u00f5imsama grupeeringu v\u00f5i oskusliku maagi t\u00f6\u00f6riistadeks, sel juhul toimivad nad nagu energiajuhtmed, kes lihtsalt suunavad t\u00f5mmatud energia endast edasi, toites sellega suuremat s\u00fcsteemi. Selliseid vampiire on v\u00e4ga palju.<\/p>\n<p><strong>Vampiiridel on tavaliselt mitmeid taktikaid: <\/strong><\/p>\n<p>1.\u00a0\u00a0\u00a0\u00a0 kurtmine, h\u00e4daldamine, kaastunde lunimine<\/p>\n<p>2.\u00a0\u00a0\u00a0\u00a0 pikk ja v\u00e4sitav, l\u00f5putu heietamine\/lobisemine mingil teemal<\/p>\n<p>3.\u00a0\u00a0\u00a0\u00a0 ohvri v\u00e4ljavihastamine<\/p>\n<p>4.\u00a0\u00a0\u00a0\u00a0 ohvri \u00fcllatamine<\/p>\n<p>Osav vampiir v\u00f5ib t\u00f5mmata t\u00fchjaks v\u00e4ga kiiresti ja ootamatult, vaid m\u00f5ne hetkega, nii et ohver ise arugi ei pruugi saada mis juhtus. See juhtub siis, kui ohver laseb ennast emotsionaalselt m\u00f5jutada v\u00f5i tasakaalust v\u00e4lja l\u00fc\u00fca (vihastamise, ootamatuse, \u00fcllatuse, kaastundega). Vampiirid on tavaliselt oma eluga h\u00e4das, nad on pinges ja nende pingesolek m\u00f5jutab ka teisi.<\/p>\n<p><img loading=\"lazy\" decoding=\"async\" class=\"alignleft wp-image-224 size-medium\" src=\"http:\/\/vaimnemaailm.ee\/www\/wp-content\/uploads\/2017\/01\/energiavamp-2-212x300.jpg\" width=\"212\" height=\"300\" srcset=\"https:\/\/vaimnemaailm.ee\/www\/wp-content\/uploads\/2017\/01\/energiavamp-2-212x300.jpg 212w, https:\/\/vaimnemaailm.ee\/www\/wp-content\/uploads\/2017\/01\/energiavamp-2-768x1088.jpg 768w, https:\/\/vaimnemaailm.ee\/www\/wp-content\/uploads\/2017\/01\/energiavamp-2-723x1024.jpg 723w, https:\/\/vaimnemaailm.ee\/www\/wp-content\/uploads\/2017\/01\/energiavamp-2.jpg 1381w\" sizes=\"auto, (max-width: 212px) 100vw, 212px\" \/>Olen ise l\u00e4binud palju aastaid kestva kooselu energiavampiiriga, ning see v\u00f5imaldas mul probleemi igak\u00fclgselt tundma \u00f5ppida. V\u00f5in \u00f6elda, et tegemist oli \u00e4\u00e4rmiselt laastava kogemusega. Kuna veetsin oma vampiiriga 24 h \u00f6\u00f6p\u00e4evas koos, siis olin l\u00f5puks nii t\u00fchjakst\u00f5mmatud, et kaotasin igasuguse eneseusu, eluj\u00f5u, lootuse ja tahtmise olemas olla. Mu l\u00e4hedased olid mures ja kommenteerisid, et olen selles suhtes olles nii v\u00e4ikeseks ja l\u00e4bipaistvaks muutunud, et mind nagu polekski enam olemas, kui ma ruttu midagi ei muuda, siis lihtsalt haihtun. T\u00e4pselt nii ma ka ennast tundsin. Ma veel siiski toimisin kuidagi f\u00fc\u00fcsilisel tasandil, aga tundus, et tegelikult mind polegi enam olemas, on vaid hall vari.<\/p>\n<p>Kui oled vampiiriga suhtes, siis on seda esialgu v\u00e4ga raske endale tunnistada, kuna ei tahaks ju uskuda midagi niisugust inimesest, keda pead kalliks ja armastad.\u00a0 Kuid \u00fchel hetkel ma ometi pidin t\u00f5ele n\u00e4kkuvaatama, et elluj\u00e4\u00e4da. K\u00f5igepealt \u00f5ppisin tegema kaitseid ja see aitas tasapisi oma j\u00f5u j\u00e4lle tagasi saada, ehkki muutused toimusid v\u00e4ga aeglaselt ja konarlikult. L\u00e4hedase pereliikme puhul pole v\u00f5imalik p\u00e4evapealt ka temaga suhtlemist l\u00f5petada, seega tuli \u00f5ppida elama 24 h\u00a0 kestva kaitsega ja olla valmis pidevateks r\u00fcnnakuteks. Alguses l\u00e4ks k\u00f5ik ladusalt ja mu j\u00f5ud taastus silman\u00e4htavalt, minu vampiir seevastu aga muutus \u00fcha vihasemaks ning l\u00e4ks p\u00e4ev-p\u00e4evalt \u00fcha enam pingesse, kuna minu energiat ta enam nii lihtsalt k\u00e4tte ei saanud. Kuid ka tema arenes selles olukorras ja muutus aina osavamaks, \u00f5ppides mind \u00fcllatama just siis, kui olin kaitsetu ja enda arvates kindlasti v\u00e4ljaspool ohtu. Ta \u00f5ppis mind ka telepaatiliselt r\u00fcndama ning \u00fchel hetkel tundsin, et mu senistest kaitsetest pole ikkagi kasu. Pidin neid pidevalt t\u00f5hustama. Asjad arenesid tasapisi aja jooksul minu jaoks k\u00fcll t\u00f5usujoones, kuid l\u00f5plikult sain oma endise j\u00f5u ja energia tagasi ikkagi alles siis, kui lahku l\u00e4ksime. Alles mitu kuud peale lahkuminekut, sain kogeda, mis tunne on toimida taas t\u00e4isv\u00f5imsuselt. Olin selle nendel doonori-aastatel t\u00e4iesti unustanud.<\/p>\n<p><strong><img loading=\"lazy\" decoding=\"async\" class=\"alignright wp-image-225 size-medium\" src=\"http:\/\/vaimnemaailm.ee\/www\/wp-content\/uploads\/2017\/01\/energiavamp-3-215x300.jpg\" width=\"215\" height=\"300\" srcset=\"https:\/\/vaimnemaailm.ee\/www\/wp-content\/uploads\/2017\/01\/energiavamp-3-215x300.jpg 215w, https:\/\/vaimnemaailm.ee\/www\/wp-content\/uploads\/2017\/01\/energiavamp-3-768x1071.jpg 768w, https:\/\/vaimnemaailm.ee\/www\/wp-content\/uploads\/2017\/01\/energiavamp-3-734x1024.jpg 734w, https:\/\/vaimnemaailm.ee\/www\/wp-content\/uploads\/2017\/01\/energiavamp-3.jpg 1409w\" sizes=\"auto, (max-width: 215px) 100vw, 215px\" \/>Kuidas ennast kaitsta?<\/strong><\/p>\n<p>1.\u00a0\u00a0\u00a0\u00a0 Tee igal hommikul endale kindlasti kaitse peale. Selleks v\u00f5id n\u00e4iteks paluda peaingel Miikaeli, et ta laotaks su \u00f5lgadele oma s\u00fcgavsinise kaitsva valgusmantli, mis kaitseks sind k\u00f5igi ebak\u00f5laliste energiate eest, energiavampiiride ja r\u00fcnnakute eest, et ainult k\u00f5ige k\u00f5rgem ja puhtam valgus v\u00f5iks su aurasse siseneda.<\/p>\n<p>2.\u00a0\u00a0\u00a0\u00a0 Kaitseks v\u00f5ib ka kujutleda enda \u00fcmber kuld ja h\u00f5bevioletsest leegist keerise, taotlusega, et selles lahustuks k\u00f5ik ebak\u00f5lalised energiad.<\/p>\n<p>3.\u00a0\u00a0\u00a0\u00a0 V\u00f5ib ka kasutada peeglite kujutlemist enda ja problemaatilise inimese vahele.<\/p>\n<p>4.\u00a0\u00a0\u00a0\u00a0 Kui vestled inimesega, kelles kahtlustad vampiiri, siis v\u00e4di otsest silmsidet, pigem vaata 3. silma, hoia kas n\u00e4pud, jalad v\u00f5i k\u00e4ed risti, v\u00f5i aseta k\u00e4ed endale p\u00e4ikesep\u00f5imikule ning kujutle teie vahele peegel.<\/p>\n<p>5.\u00a0\u00a0\u00a0\u00a0 V\u00f5imalusel v\u00e4ldi \u00fcldse, v\u00f5i v\u00e4henda selliste inimestega suhtlemist, kes on raskesti haiged, pinges, tasakaalust v\u00e4ljas ning kipuvad kurtma, h\u00e4daldama, klammerduma, heietama ja pikalt r\u00e4\u00e4kima. Kui nendega siiski suhtlema pead, siis hoidu kaasaelamast, \u00e4ra muutu emotsionaalseks, vaid kujutle ennast l\u00e4bipaistvaks, v\u00f5i \u201es\u00f5elaks\u201d, millest k\u00f5ik halb lihtsalt l\u00e4bivalgub j\u00e4lge j\u00e4tmata. Teadlikkus ja t\u00e4helepanelikuks j\u00e4\u00e4mine on suureks abiks.<\/p>\n<p>6.\u00a0\u00a0\u00a0\u00a0 Kui tunned, et ikkagi oled kuidagimoodi t\u00fchjaks t\u00f5mmatud ja kahtlustad telepaatilist sidet, siis kujutle oma p\u00e4ikesep\u00f5imikusse paigaldatud energiajuhet, mis viib vampiiri p\u00e4iksesp\u00f5imikusse (mida m\u00f6\u00f6da ta energiat t\u00f5mbab) ja kujutluse teel raiu see l\u00e4bi, pane aukudele punnid ette ning siis kujutle, et ehitad enda ja vampiiri vahele tugeva seina v\u00f5i m\u00fc\u00fcri. Lausu: \u201d sina oled sealpool ja mina siinpool, sa ei saa minuni. Minu energia j\u00e4\u00e4b mulle, ma ei anna seda mitte kellelegi\u201d. Seej\u00e4rel oleks sul vaja kiiresti energia tagasi saada. Soovitan kasutada kristalle (m\u00e4ekristall ja lemuuria t\u00e4heseemnekristall on n\u00e4iteks head hoida enda ligi veidi aega) v\u00f5i teha midagi muud, mis sul aitaks kiiresti energiataset taastada (reiki on v\u00e4ga hea).<\/p>\n<p>Kokkuv\u00f5tteks v\u00f5ib \u00f6elda, et iga katsumus, kuitahes raske see siis ka poleks, on ikkagi selleks, et me l\u00e4bi selle areneks ja tugevamaks saaks. Kui oled kimpus energiavampiiriga, siis sinu \u00fclesanne on \u00f5ppida ennast kaitsma ja hoidma, mitte raiskama seda vampiiride peale. Kui selle oskuse omandad, saad tugevamaks kui kunagi varem.<\/p>\n","protected":false},"excerpt":{"rendered":"<p>Autor: Liina Kaumann K\u00fcllap on iga\u00fcks millalgi kogenud \u00e4kilist ja arusaamatul p\u00f5hjusel tekkinud j\u00f5uetust, kurnatust, t\u00fchjusetunnet, ahastust, seletamatut meeleolulangust, jalgade altniitmise tunnet v\u00f5i isegi ootamatut nutupuhangut, millele vastu lihtsalt ei saa. Kui selline asi aset leiab, siis vahel ei j\u00e4\u00e4 \u00fcle enam niigipalju j\u00f5udu v\u00f5i tarkust, et eneselt k\u00fcsida, mis siis ikkagi toimus? Miks tunnen &hellip; <\/p>\n<p class=\"link-more\"><a href=\"https:\/\/vaimnemaailm.ee\/www\/kuidas-end-kaitsta-energiavampiiride-eest-ajakiri-mustilised-lood-juuli-2015\/\" class=\"more-link\">Loe edasi<span class=\"screen-reader-text\"> &#8220;\u201cKuidas end kaitsta energiavampiiride eest\u201d \u2013 Ajakiri \u201cM\u00fcstilised lood\u201d, juuli 2015&#8221;<\/span><\/a><\/p>\n","protected":false},"author":2,"featured_media":0,"parent":0,"menu_order":0,"comment_status":"closed","ping_status":"closed","template":"","meta":{"footnotes":""},"class_list":["post-222","page","type-page","status-publish","hentry"],"_links":{"self":[{"href":"https:\/\/vaimnemaailm.ee\/www\/wp-json\/wp\/v2\/pages\/222","targetHints":{"allow":["GET"]}}],"collection":[{"href":"https:\/\/vaimnemaailm.ee\/www\/wp-json\/wp\/v2\/pages"}],"about":[{"href":"https:\/\/vaimnemaailm.ee\/www\/wp-json\/wp\/v2\/types\/page"}],"author":[{"embeddable":true,"href":"https:\/\/vaimnemaailm.ee\/www\/wp-json\/wp\/v2\/users\/2"}],"replies":[{"embeddable":true,"href":"https:\/\/vaimnemaailm.ee\/www\/wp-json\/wp\/v2\/comments?post=222"}],"version-history":[{"count":1,"href":"https:\/\/vaimnemaailm.ee\/www\/wp-json\/wp\/v2\/pages\/222\/revisions"}],"predecessor-version":[{"id":226,"href":"https:\/\/vaimnemaailm.ee\/www\/wp-json\/wp\/v2\/pages\/222\/revisions\/226"}],"wp:attachment":[{"href":"https:\/\/vaimnemaailm.ee\/www\/wp-json\/wp\/v2\/media?parent=222"}],"curies":[{"name":"wp","href":"https:\/\/api.w.org\/{rel}","templated":true}]}}