{"id":2191,"date":"2022-03-15T15:18:39","date_gmt":"2022-03-15T13:18:39","guid":{"rendered":"https:\/\/vaimnemaailm.ee\/www\/?page_id=2191"},"modified":"2022-03-24T12:29:23","modified_gmt":"2022-03-24T10:29:23","slug":"meditatsiooni-e-kursus-algajatele-enesevaartustamine-enesetervendamine","status":"publish","type":"page","link":"https:\/\/vaimnemaailm.ee\/www\/meditatsiooni-e-kursus-algajatele-enesevaartustamine-enesetervendamine\/","title":{"rendered":"Meditatsiooni E-kursus algajatele -&#8220;Enesev\u00e4\u00e4rtustamine\/enesetervendamine&#8221;"},"content":{"rendered":"\n<div class=\"wp-block-image\"><figure class=\"alignright size-full is-resized\"><img loading=\"lazy\" decoding=\"async\" src=\"https:\/\/vaimnemaailm.ee\/www\/wp-content\/uploads\/2022\/03\/IMG_20200521_084710-1-776x1024-1.jpg\" alt=\"\" class=\"wp-image-2212\" width=\"308\" height=\"407\" srcset=\"https:\/\/vaimnemaailm.ee\/www\/wp-content\/uploads\/2022\/03\/IMG_20200521_084710-1-776x1024-1.jpg 776w, https:\/\/vaimnemaailm.ee\/www\/wp-content\/uploads\/2022\/03\/IMG_20200521_084710-1-776x1024-1-227x300.jpg 227w, https:\/\/vaimnemaailm.ee\/www\/wp-content\/uploads\/2022\/03\/IMG_20200521_084710-1-776x1024-1-768x1013.jpg 768w\" sizes=\"auto, (max-width: 308px) 100vw, 308px\" \/><figcaption>All-focus<\/figcaption><\/figure><\/div>\n\n\n\n<p><em>Kursus on heaks abiliseks nendele, kes tahaksid tegeleda mediteerimisega, aga tunnevad, et vajavad selleks v\u00e4hemalt alguses juhatust ja abi<\/em>.<\/p>\n\n\n\n<p><strong>E-kursust saad l\u00e4bida just endale sobival ajal ja see koosneb 2 osast:<\/strong><\/p>\n\n\n\n<p><strong>1. Teoreetiline osa<\/strong> l\u00e4bilugemiseks pdf failis, mis on  \u00fchtlasi heaks sissejuhatuseks vaimsesse maailma.<\/p>\n\n\n\n<p><strong>2. 9  algajale sobivat juhitud meditatsiooni mp3 failidena<\/strong>, mis aitavad j\u00f5uda suuremasse enesev\u00e4\u00e4rtustamisse ja tasakaalu. Meditatsioonid on pikkustega 20-43 minutit, liigume tasapisi lihtsamatest s\u00fcgavamate r\u00e4nnakuteni. Just juhitud meditatsioon on algajatele v\u00e4ga sobiv meditatsioonivorm, kuna keskendudes juhendaja tekstile on lihtsam eemalduda argim\u00f5tetest ja j\u00f5uda meditatiivsesse seisundisse. <\/p>\n\n\n\n<p>Lisaks saab juhitud meditatsiooni abil kergesti tervendada vanu allasurutud emotsioone, vabastada j\u00e4iku m\u00f5ttemustreid, oma aja \u00e4raelanud olukordi, korrigeerida oma karmat, tervendada suhteid, avastada oma elu\u00fclesannet, k\u00fclastada minevikku, oma eelmisi elusid ja teha seal korrektuure, aga ka k\u00e4ia tulevikus, teistes dimensioonides, suhelda inglite ja k\u00f5rgete valgusolenditega, oma juhendajatega, saada neilt juhtn\u00f6\u00f6re ja l\u00f5puks saame  r\u00e4nnakute k\u00e4igus ka luua endale visualiseerimise abil soovitud tegelikkust, teha oma unistused teoks.<\/p>\n\n\n\n<p>Kursus sisaldab:<\/p>\n\n\n\n<p><strong>Teoreetiline osa <\/strong>(46 lk)<strong>:<\/strong> Sissejuhatus meditatsiooni. Enesev\u00e4\u00e4rtustamine. Vaimsed Seadused. Mineviku tervendamine, Negatiivsusest v\u00e4ljatulek. 5 elementi. T\u015bakrad. Inglid. Vaimse kasvu kiirendamine.<\/p>\n\n\n\n<p><strong>Mp3 failid<\/strong> (saad endale allalaadida ja kasutada korduvalt) <strong>:<\/strong><\/p>\n\n\n\n<ol class=\"wp-block-list\"><li>Igap\u00e4evane meditatsioon &#8211; valgustelge joondumine<\/li><li>Enesev\u00e4\u00e4rtustamine ja \u00fchenduse loomine oma K\u00f5rgema Minaga<\/li><li>5 elemendi (maa, \u00f5hk, tuli, vesi, vaim) aktiveerimine<\/li><li>T\u015bakrate tervendamine v\u00e4rvide abil, vana seljataha j\u00e4tmine ja uuestis\u00fcnd<\/li><li>Inglimeditatsioon \u2013 7 peaingliga suhtlemine<\/li><li>Mineviku tervendamine, oma varju vabastamine<\/li><li>Oma vanast kastist\/piirangutest v\u00e4ljatulek<\/li><li>M\u00f5ttetasandi puhastamine<\/li><li>Meditatsioon vaimse kasvu kiirendamiseks ja soovitud reaalsuse loomiseks<\/li><\/ol>\n\n\n\n<p>E- kursuse hind\u00a0<strong>99 EUR\u00a0<\/strong>(sisaldab 9 ca 20-40 minutilist juhitud meditatsioonir\u00e4nnakut MP3 failidena, mida saad korduvalt kasutada, 46 lk. teoreetilist osa ja \u00fclesandeid)<\/p>\n\n\n\n<p>Kursuse koostas Liina Kaumann<\/p>\n\n\n\n<p>Kursusel osalemiseks tasu Vaimne Maailm O\u00dc pangakontole EE662200221049242077 99 EUR ja saada seej\u00e4rel meil koos maksekorralduse koopiaga liina@vaimnemaailm.ee.<\/p>\n\n\n\n<p>Peale kursuse l\u00e4bimist on soovi korral v\u00f5imalik edadi minna 2. astme meditatsioonikursusega: <\/p>\n\n\n\n<p><em><strong>E-kursus \u201eJoondumine &#8211; terviklikuks saamine. Sisemise perekonna, enda eri osade tervendus ja kokkutoomine&#8221;<\/strong><\/em><\/p>\n\n\n\n<p>Meditatsioon on parim vahend vanade negatiivsete mustrite vabastamiseks ja oma sageduse t\u00f5stmiseks. Sa v\u00f5id \u00f5ppida suunama oma m\u00f5tlemist, tasakaalustama tundeid. Positiivsed m\u00f5tted, s\u00f5nad, teod t\u00f5stavad v\u00f5nkesagedust ja nii elu kogemise viisi. Igap\u00e4evane mediteerimine hoiab sind puhtana, klammerdumisest ja negatiivsusest vabana, see aitab sul h\u00e4\u00e4lestuda ja luua selline tegelikkus, nagu seda ise soovid.<\/p>\n\n\n\n<p><em><strong>Meditatsioon v\u00f5imaldab sul<\/strong><\/em><\/p>\n\n\n\n<p>1. vabaneda stressist kergelt ja loomulikult<\/p>\n\n\n\n<p>2. tekitada sinus sisemise rahu ja vaikuse tunnet<\/p>\n\n\n\n<p>3. tuua oma energiav\u00e4lja rohkem valgust<\/p>\n\n\n\n<p>4. vabaneda negatiivsetest m\u00f5ttemustritest, emotsioonidest, m\u00e4lestustest<\/p>\n\n\n\n<p>5. tervendada ja uuendada rakke, luua tervist<\/p>\n\n\n\n<p>6. luua oma energiav\u00e4lja \u00fcmber kindel kaitse<\/p>\n\n\n\n<p>7. tasakaalustada ja tervendada k\u00f5ik oma t\u0161akrad ja k\u00f5ik kehad<\/p>\n\n\n\n<p>8. leida iseendast vastused k\u00f5ikidele oma k\u00fcsimustele<\/p>\n\n\n\n<p>9. paluda juhatust ja abi kui seda vajad<\/p>\n\n\n\n<p>10. luua ise soovitud tegelikkust, t\u00fchistades vanu programme ja pannes toimima uued<\/p>\n\n\n\n<p>11. leida oma elu\u00fclesanne<\/p>\n\n\n\n<p>12. saada j\u00e4lle teadlikuks sinus varjul olevast t\u00f5elisest tarkusest, teadmistest, oskustest, mida oled kogunud eelnevates kehastustes nii siin kui teistes maailmades<\/p>\n\n\n\n<p>13. kogeda tingimusteta armastust, r\u00f5\u00f5mu, \u00f5ndsust.<\/p>\n","protected":false},"excerpt":{"rendered":"<p>Kursus on heaks abiliseks nendele, kes tahaksid tegeleda mediteerimisega, aga tunnevad, et vajavad selleks v\u00e4hemalt alguses juhatust ja abi. E-kursust saad l\u00e4bida just endale sobival ajal ja see koosneb 2 osast: 1. Teoreetiline osa l\u00e4bilugemiseks pdf failis, mis on \u00fchtlasi heaks sissejuhatuseks vaimsesse maailma. 2. 9 algajale sobivat juhitud meditatsiooni mp3 failidena, mis aitavad j\u00f5uda &hellip; <\/p>\n<p class=\"link-more\"><a href=\"https:\/\/vaimnemaailm.ee\/www\/meditatsiooni-e-kursus-algajatele-enesevaartustamine-enesetervendamine\/\" class=\"more-link\">Loe edasi<span class=\"screen-reader-text\"> &#8220;Meditatsiooni E-kursus algajatele -&#8220;Enesev\u00e4\u00e4rtustamine\/enesetervendamine&#8221;&#8221;<\/span><\/a><\/p>\n","protected":false},"author":2,"featured_media":0,"parent":0,"menu_order":0,"comment_status":"closed","ping_status":"closed","template":"","meta":{"footnotes":""},"class_list":["post-2191","page","type-page","status-publish","hentry"],"_links":{"self":[{"href":"https:\/\/vaimnemaailm.ee\/www\/wp-json\/wp\/v2\/pages\/2191","targetHints":{"allow":["GET"]}}],"collection":[{"href":"https:\/\/vaimnemaailm.ee\/www\/wp-json\/wp\/v2\/pages"}],"about":[{"href":"https:\/\/vaimnemaailm.ee\/www\/wp-json\/wp\/v2\/types\/page"}],"author":[{"embeddable":true,"href":"https:\/\/vaimnemaailm.ee\/www\/wp-json\/wp\/v2\/users\/2"}],"replies":[{"embeddable":true,"href":"https:\/\/vaimnemaailm.ee\/www\/wp-json\/wp\/v2\/comments?post=2191"}],"version-history":[{"count":5,"href":"https:\/\/vaimnemaailm.ee\/www\/wp-json\/wp\/v2\/pages\/2191\/revisions"}],"predecessor-version":[{"id":2259,"href":"https:\/\/vaimnemaailm.ee\/www\/wp-json\/wp\/v2\/pages\/2191\/revisions\/2259"}],"wp:attachment":[{"href":"https:\/\/vaimnemaailm.ee\/www\/wp-json\/wp\/v2\/media?parent=2191"}],"curies":[{"name":"wp","href":"https:\/\/api.w.org\/{rel}","templated":true}]}}