{"id":206,"date":"2017-01-02T18:41:44","date_gmt":"2017-01-02T16:41:44","guid":{"rendered":"http:\/\/vaimnemaailm.ee\/www\/?page_id=206"},"modified":"2017-01-02T18:41:44","modified_gmt":"2017-01-02T16:41:44","slug":"kuidas-avastada-oma-eluulesannet-ajakiri-naised-14-mai-2015","status":"publish","type":"page","link":"https:\/\/vaimnemaailm.ee\/www\/kuidas-avastada-oma-eluulesannet-ajakiri-naised-14-mai-2015\/","title":{"rendered":"\u201cKuidas avastada oma elu\u00fclesannet\u201d \u2013 Ajakiri \u201cNaised\u201d, 14. mai  2015"},"content":{"rendered":"<p><em>Autor: Liina Kaumann <img loading=\"lazy\" decoding=\"async\" class=\"alignright wp-image-207 size-medium\" src=\"http:\/\/vaimnemaailm.ee\/www\/wp-content\/uploads\/2017\/01\/elu\u00fclesanne-1-221x300.jpg\" width=\"221\" height=\"300\" srcset=\"https:\/\/vaimnemaailm.ee\/www\/wp-content\/uploads\/2017\/01\/elu\u00fclesanne-1-221x300.jpg 221w, https:\/\/vaimnemaailm.ee\/www\/wp-content\/uploads\/2017\/01\/elu\u00fclesanne-1-768x1044.jpg 768w, https:\/\/vaimnemaailm.ee\/www\/wp-content\/uploads\/2017\/01\/elu\u00fclesanne-1-753x1024.jpg 753w, https:\/\/vaimnemaailm.ee\/www\/wp-content\/uploads\/2017\/01\/elu\u00fclesanne-1.jpg 1452w\" sizes=\"auto, (max-width: 221px) 100vw, 221px\" \/><br \/>\n<\/em><\/p>\n<p>K\u00fcsimust: \u201emis on elu m\u00f5te?\u201d on inimesed esitanud endale juba aegade algusest peale. Tavaliselt saavad sellelaadsed esmased otsingud alguse juba puberteedieas, vanemaks saades kerkivad need probleemid aga ikka ja j\u00e4lle \u00fcles, muidugi mitte kunagi enam t\u00e4pselt sama nurga alt, vaid iga kord juba s\u00fcgavamal tasandil. Meie k\u00f5igi sees on tegelikult olemas \u00fclim tarkus, s\u00fcgav teadmine, kuidas selles maailmas k\u00f5ige paremini toime tulla. S\u00fcndides siia maailma, beebina, me oleme veel \u00fchenduses iseendas peituva k\u00f5rgema tarkusega, kuid juba l\u00fchikese aja jooksul kaotame kontakti oma tuumaga, tegeliku v\u00e4ega. Me kasvame ja hakkame \u00f5ppima l\u00e4bi kannatuste, katsumuste ja valu. Nii j\u00f5uamegi \u00fchel hetkel punkti, kus hakkame endale esitama k\u00fcsimusi: Kas ja miks peab k\u00f5ik olema nii vaevarohke? Mis m\u00f5te sellel k\u00f5igel on? Mida tuleks teha v\u00f5i muuta, et elu pakuks rohkem r\u00f5\u00f5mu ja v\u00e4\u00e4riks elamise vaeva? Olenevalt arenguastmest, vanusest, iga\u00fche spetsiifilstest \u00f5ppetundidest, on ka rahuldavad vastused eri inimeste jaoks pisut erinevad. Kuid laias laastus j\u00e4\u00e4b tuum samaks.<\/p>\n<p><strong><img loading=\"lazy\" decoding=\"async\" class=\"alignleft wp-image-208 size-medium\" src=\"http:\/\/vaimnemaailm.ee\/www\/wp-content\/uploads\/2017\/01\/elu\u00fclesanne-2-223x300.jpg\" width=\"223\" height=\"300\" srcset=\"https:\/\/vaimnemaailm.ee\/www\/wp-content\/uploads\/2017\/01\/elu\u00fclesanne-2-223x300.jpg 223w, https:\/\/vaimnemaailm.ee\/www\/wp-content\/uploads\/2017\/01\/elu\u00fclesanne-2-768x1035.jpg 768w, https:\/\/vaimnemaailm.ee\/www\/wp-content\/uploads\/2017\/01\/elu\u00fclesanne-2-760x1024.jpg 760w, https:\/\/vaimnemaailm.ee\/www\/wp-content\/uploads\/2017\/01\/elu\u00fclesanne-2.jpg 1449w\" sizes=\"auto, (max-width: 223px) 100vw, 223px\" \/>Mis siis on elu eesm\u00e4rk \u00fcldisemas plaanis?<\/strong> See on elu ise. Kogemine.<\/p>\n<p>Me k\u00f5ik s\u00fcnnime siia maailma sooviga olla vabad, areneda, elada r\u00f5\u00f5mu ja rahuldustpakkuvat elu, selleks, et tunda ennast h\u00e4sti ja nautida kogu protsessi, igat hetke. Meie elu laiem eesm\u00e4rk ongi elu mitmekesisuse kogemine, iseenda ja oma vajaduste \u00fcha p\u00f5hjalikum tundma\u00f5ppimine, eristamine, valikute tegemine ja otsustamine ning seej\u00e4rel ise oma elu loomine niisuguseks nagu soovime. See on elu eesm\u00e4rk, mis kehtib \u00fchtmoodi k\u00f5igi inimeste puhul.<\/p>\n<p>Kuid ometi on midagi veel. Midagi, mis on iga\u00fche puhul erinev. See on elu\u00fclesanne. Kuigi \u00fcldises plaanis on elu m\u00f5te ikka arenemine, \u00f5ppimine ja kasvamine, siis lisaks sellele, on iga\u00fchel kaasas ka oma eriline kingitus maailmale \u2013 m\u00f5ni spetsiifiline anne v\u00f5i oskus, midagi ainulaadset, mida kasutades saame pakkuda maailmale \u00fchel v\u00f5i teisel viisil teenistust. Iga inimene on eriline ja unikaalne energiakombinatsioon, iga\u00fchel on see miski olemas, see oleks vaja \u00fcles leida. Julgen v\u00e4ita, et <strong>t\u00f5eliselt \u00f5nnelik saad olla alles siis, kui teostad ennast oma elu\u00fclesande vallas<\/strong>. Ilma eneseteostuseta j\u00e4\u00e4b midagi v\u00e4ga olulist puudu.<\/p>\n<p>Elu\u00fclesanne ja elueesm\u00e4rk on tegelikult omavahel tihedalt seotud \u2013 mida enam arened, seda enam t\u00f5useb sinu v\u00f5nkesagedus, tugevneb kontakt sisemise tarkusega, intuitsiooniga, seda paremini hakkad m\u00f5istma oma elu\u00fclesannet, usaldama omaenda sisemist juhtimist. Nii hakkad oma intuitsiooni j\u00e4rgides tasapisi teostama oma elu\u00fclesannet, samas elut\u00f6\u00f6ga tegelemine annab sulle juurde v\u00e4ga palju lisaenergiat, su v\u00e4gi (valgus) kasvab veelgi ning nii hakkad \u00fcha enam positiivselt m\u00f5jutama ka teisi inimesi, kes sinuga kokkupuutuvad.<\/p>\n<p><strong>Kuidas alustada elu\u00fclesande otsinguid?<\/strong><\/p>\n<p>Elu\u00fclesanne on alati seotud m\u00f5ne niisuguse tegevusega, millega tegeled alati heal meelel ja milleks leiad ka alati aega, \u00fcksk\u00f5ik kui kiire eluperiood sul ka parajasti poleks. Seep\u00e4rast esimene k\u00fcsimus, mis endale esitada on: \u201e<strong>Milline tegevus valmistab mulle k\u00f5ige rohkem r\u00f5\u00f5mu? Millised on minu erilised anded, oskused, lapsep\u00f5lveunistused?\u201d<\/strong>.<\/p>\n<p>Universum juhib sind pidevalt su elu\u00fclesande teostamise suunas, ka siis, kui sa ise seda ei oska m\u00e4rgata. Elus pole midagi juhuslikku. Millegip\u00e4rast oled elu jooksul arendanud just teatud k\u00fclgi iseendast, oled t\u00f5mmanud ligi just neid t\u00f6\u00f6kohti. Millegip\u00e4rast oled s\u00fcndinud just sellesse peresse ja just niisugusesse keskkonda. V\u00f5ibolla oled terve elu pidanud tegelema teatud \u00fchte t\u00fc\u00fcpi probleemidega, ka need\u00a0 on olulised. Millegip\u00e4rast olid sul lapsep\u00f5lves just niisugused unistused. Mis need olid?<\/p>\n<p>Paljud pealtn\u00e4ha v\u00e4het\u00e4htsad asjad, teatud oskused, elus peetud ametid, eri valdkondades saadud kogemused, sobituvad omavahel viisil, mida sa ei pruugigi osata ette n\u00e4ha. Nende t\u00e4htsust taipad kunagi hiljem, kui n\u00e4ed tervikpilti. Ometi need asjad juhivad sind mingitmoodi su elu\u00fclesandele l\u00e4hemale.<\/p>\n<p>1.P\u00f5hiline asi, mis juhatab sulle k\u00e4tte \u00f5ige teeotsa, on sinu enda sisetunne. Kui m\u00f5tled erinevatele v\u00f5imalustele, mida v\u00f5iksid oma eluga pihta hakata, siis kaalu neid endas \u00fcleskerkiva tunde p\u00f5hjal &#8211;<\/p>\n<p><strong>kuula oma tundeid ja j\u00e4rgi r\u00f5\u00f5mu<\/strong>. Sest tunded on sinu k\u00f5ige kindlam juhtimiss\u00fcsteem \u2013 nad ei peta kunagi. P\u00f5hiline reegel k\u00f5lab: Hea tundub hea!\u201d Kui sunnid ennast midagi tegema, tunned vastuseisu, siis pole see tegelikult k\u00f5rgema plaaniga koosk\u00f5las, see ei vii sind tegelikult su elut\u00f6\u00f6le l\u00e4hemale. Kui aga tunned soovi tegutsema asuda, tunned entusiasmi, energilisust m\u00f5ne asja suhtes \u2013 siis see on ilmselt su elu\u00fclesandega koosk\u00f5las ja asu julgelt tegutsema.<\/p>\n<p>2. <strong>Lase lahti soov olla teistele meelep\u00e4rane<\/strong>. Tihti on just see takistuseks, mis ei lase inimestel eristada, mida nad t\u00f5eliselt oma sisimas tahavad. Sul tuleb loobuda harjumusest teha seda, mida \u00fchiskond (v\u00f5i l\u00e4hedased) sinult ootavad. N\u00e4iteks: saavutada teatud elueaks midagi, omada palju raha, teha endale nime jne. K\u00fcsi endalt, mis on see, mida teeksid juhul kui \u00fchiskonda poleks, kui oleksid \u00fcksi, kui su elus poleks kedagi, kes sinu tegevusest kasu v\u00f5i kahju saaks. Kas see, mida arvad ennast tahtvat on ikka su enda tahtmine, v\u00f5i \u00e4kki hoopis oled \u00fcle v\u00f5tnud oma l\u00e4hedaste soovid ja ootused?<\/p>\n<p>3. J\u00e4rgmiseks \u2013 <strong>kujutle, et sul pole ka rahaprobleeme<\/strong>, mida teeksid siis, kui teaksid, et k\u00f5ik su vajadused on rahuldatud ja sa ei pea millegi p\u00e4rast muretsema? Tihti saavad just rahaasjadega seotud hirmud takistuseks selle tegemisel, mida t\u00f5eliselt sooviksid ja tegema peaksid.<\/p>\n<p><strong>Elu\u00fclesanne, eneseteostus ja raha loomine on omavahel tihedalt seotud. <\/strong>Oskus teenida rohkelt raha ja seda arukalt kulutada, p\u00f5hineb v\u00f5imel olla universumi kanal. Mida enam oled valmis ennast usaldama ja riskima, j\u00e4rgima oma sisemist juhatust, seda t\u00f5en\u00e4olisemalt on sul piisavalt raha.<\/p>\n<p>\u00b7 <em><strong>Tegelikkuses on nii, et Universum maksab sulle selle eest,\u00a0 et oled sina ise ja teed seda, mida t\u00f5eliselt tahad<\/strong><\/em><em>. <\/em><\/p>\n<p>\u00b7 <em><strong>Rahateema on tegelikult kinni selles, mida sa sooviksid suurema osaga oma ajast peale hakata<\/strong><\/em><em>. <\/em>Seega on esmat\u00e4htis avastada, mis see on.<\/p>\n<p>4. <strong>Tore peab olema siin ja praegu, selles hetkes<\/strong>. Me k\u00f5ik v\u00e4\u00e4rime, et meie kasvuprotsess oleks harmooniline. Paljud inimesed panevad endale peale piirangud ja l\u00e4mmatavad oma sisetunde ning head ideed, \u00f6eldes kohe, kui need annavad endast m\u00e4rku, see pole v\u00f5imalik, mul on vaja maksta oma liisingud, arved ja ma ei saa praegu endale lubada millegi toredaga tegelemist. K\u00fcll kunagi hiljem, kui olen pensionil, v\u00f5i kui laenud on makstud siis&#8230;<\/p>\n<p>5. <strong>Loobu ennastv\u00e4hendavatest ja negatiivsetest m\u00f5tetest:<\/strong> \u201ema ei saa hakkama\u201d, \u201eniikuinii see asi ei l\u00e4he, sest keegi ei vaja seda, mis mul pakkuda on\u201d, \u201ema olen nii tavaline ja keskmine inimene ega oskagi midagi erilist\u201d jne. Iga kord kui taoline negatiivne m\u00f5te tuleb, \u00f5pi seda juba eos t\u00fchistama ja positiivseks \u00fcmberp\u00f6\u00f6rama. Muidu negatiivsed m\u00f5tted hakkavad m\u00f5jutama sinu \u201eloomisprotsessi\u201d mittesoovitud suunas ja v\u00e4hendavad eneseteostuse v\u00f5imalusi.<\/p>\n<p>Toon n\u00e4ite omaenda elust: p\u00fc\u00fcdes leida oma elu\u00fclesannet hakkasin \u00a0\u00a0\u00a0\u00a0\u00a0 m\u00f5tlema, mis siis on see, mida mina k\u00f5ige meelsamini teen. Leidsin, \u00a0\u00a0\u00a0\u00a0 et \u00a0\u00a0\u00a0\u00a0\u00a0 see on mediteerimine. Kohe tuli m\u00f5te, et selle teadmisega pole ju midagi \u00a0\u00a0 pihta hakata, kuna mediteerides ma ju ennast teostada ja raha teenida ei \u00a0\u00a0\u00a0\u00a0 saa. Kuid n\u00fc\u00fcd olen meditatsiooni\u00f5petaja ja teen just niiviisi oma elut\u00f6\u00f6d.<\/p>\n<p>Elu\u00fclesande avastamisel on veel ka abiks numeroloogia, astroloogia ja sinu nimi (nimi pole kunagi juhuslik &#8211; see on inimese mantra ja selles sisaldub alati ka elu\u00fclesanne). Siiski minu soovitusel k\u00f5ige t\u00f5husamaks ja t\u00e4psemaks meetodiks, mis aitab elu\u00fclesannet avastada, on juhitud meditatsioon (ehk meeler\u00e4nnak) oma eluraamatu lugemiseks Aka\u015b\u015bi kroonikate saalis k\u00f5rgemas dimensioonis asuvas raamatukogus, milles sisaldub teave meie k\u00f5igi elude, vaimse kasvu ja elueesm\u00e4rkide kohta. Sellist r\u00e4nnakut on soovitav teha koos juhendajaga ja siis hiljem k\u00f5ik n\u00e4htud s\u00fcmbolid, pildid ja teave l\u00e4bianal\u00fc\u00fcsida ja lahtim\u00f5testada.<\/p>\n<p align=\"JUSTIFY\"><strong>Oluline on m\u00f5ista, et elu\u00fclesanne rullub sinu ees lahti v\u00e4hehaaval.<\/strong><\/p>\n<p align=\"JUSTIFY\">Sulle n\u00e4idatakse alati ainult \u00fchte sammu korraga. Seej\u00e4rel tuleb sul oma k\u00e4igud teha, kui oled need teinud siis saad j\u00e4rgmise n\u00e4pun\u00e4ite. Ja nii ikka edasi, kunagi ei n\u00e4idata sulle t\u00e4iuslikku l\u00f5pptulemust korraga. See on ka \u00fcks osa universumi usaldama\u00f5ppimise protsessist.<\/p>\n<p align=\"JUSTIFY\">K\u00f5igepealt tee seda, mida just hetkel k\u00f5ige enam teha tahaksid, siis tekib mingi uus idee \u2013 tee j\u00e4lle r\u00f5\u00f5muga seda jne. L\u00f5puks hakkab sul kujunema konkreetsem visioon ja saad juba t\u00e4psemalt mingile asjale keskenduda.<\/p>\n<p><em>Avaldatud ajakirjas \u201eNaised\u201d 14. mail 2015<\/em><\/p>\n","protected":false},"excerpt":{"rendered":"<p>Autor: Liina Kaumann K\u00fcsimust: \u201emis on elu m\u00f5te?\u201d on inimesed esitanud endale juba aegade algusest peale. Tavaliselt saavad sellelaadsed esmased otsingud alguse juba puberteedieas, vanemaks saades kerkivad need probleemid aga ikka ja j\u00e4lle \u00fcles, muidugi mitte kunagi enam t\u00e4pselt sama nurga alt, vaid iga kord juba s\u00fcgavamal tasandil. Meie k\u00f5igi sees on tegelikult olemas \u00fclim &hellip; <\/p>\n<p class=\"link-more\"><a href=\"https:\/\/vaimnemaailm.ee\/www\/kuidas-avastada-oma-eluulesannet-ajakiri-naised-14-mai-2015\/\" class=\"more-link\">Loe edasi<span class=\"screen-reader-text\"> &#8220;\u201cKuidas avastada oma elu\u00fclesannet\u201d \u2013 Ajakiri \u201cNaised\u201d, 14. mai  2015&#8221;<\/span><\/a><\/p>\n","protected":false},"author":2,"featured_media":0,"parent":0,"menu_order":0,"comment_status":"closed","ping_status":"closed","template":"","meta":{"footnotes":""},"class_list":["post-206","page","type-page","status-publish","hentry"],"_links":{"self":[{"href":"https:\/\/vaimnemaailm.ee\/www\/wp-json\/wp\/v2\/pages\/206","targetHints":{"allow":["GET"]}}],"collection":[{"href":"https:\/\/vaimnemaailm.ee\/www\/wp-json\/wp\/v2\/pages"}],"about":[{"href":"https:\/\/vaimnemaailm.ee\/www\/wp-json\/wp\/v2\/types\/page"}],"author":[{"embeddable":true,"href":"https:\/\/vaimnemaailm.ee\/www\/wp-json\/wp\/v2\/users\/2"}],"replies":[{"embeddable":true,"href":"https:\/\/vaimnemaailm.ee\/www\/wp-json\/wp\/v2\/comments?post=206"}],"version-history":[{"count":1,"href":"https:\/\/vaimnemaailm.ee\/www\/wp-json\/wp\/v2\/pages\/206\/revisions"}],"predecessor-version":[{"id":209,"href":"https:\/\/vaimnemaailm.ee\/www\/wp-json\/wp\/v2\/pages\/206\/revisions\/209"}],"wp:attachment":[{"href":"https:\/\/vaimnemaailm.ee\/www\/wp-json\/wp\/v2\/media?parent=206"}],"curies":[{"name":"wp","href":"https:\/\/api.w.org\/{rel}","templated":true}]}}