{"id":1360,"date":"2020-01-13T16:28:54","date_gmt":"2020-01-13T14:28:54","guid":{"rendered":"http:\/\/vaimnemaailm.ee\/www\/?page_id=1360"},"modified":"2025-06-19T12:55:18","modified_gmt":"2025-06-19T09:55:18","slug":"akasi-kroonikate-lugemine-ja-umberkirjutamine-2","status":"publish","type":"page","link":"https:\/\/vaimnemaailm.ee\/www\/akasi-kroonikate-lugemine-ja-umberkirjutamine-2\/","title":{"rendered":"Aka\u015bi kroonikate lugemine ja \u00fcmberkirjutamine + alateadvuse muutmine"},"content":{"rendered":"\n<figure class=\"wp-block-image\"><img loading=\"lazy\" decoding=\"async\" width=\"1024\" height=\"535\" src=\"http:\/\/vaimnemaailm.ee\/www\/wp-content\/uploads\/2019\/12\/eluraamat-1024x535.jpeg\" alt=\"\" class=\"wp-image-1326\" srcset=\"https:\/\/vaimnemaailm.ee\/www\/wp-content\/uploads\/2019\/12\/eluraamat-1024x535.jpeg 1024w, https:\/\/vaimnemaailm.ee\/www\/wp-content\/uploads\/2019\/12\/eluraamat-300x157.jpeg 300w, https:\/\/vaimnemaailm.ee\/www\/wp-content\/uploads\/2019\/12\/eluraamat-768x401.jpeg 768w, https:\/\/vaimnemaailm.ee\/www\/wp-content\/uploads\/2019\/12\/eluraamat.jpeg 1200w\" sizes=\"auto, (max-width: 767px) 89vw, (max-width: 1000px) 54vw, (max-width: 1071px) 543px, 580px\" \/><\/figure>\n\n\n\n<p class=\"has-text-align-left\">Tartus kohapeal v\u00f5i veebivariandis<\/p>\n\n\n\n<p><em>Aka\u015bi kroonikad <\/em>on vibreeriv infov\u00e4li, kus peitub igavikuline informatsioon absoluutselt k\u00f5ige kohta &#8211; nii meie isiklike elude, karma, vaimse kasvu ja elueesm\u00e4rkide kohta kui ka laiemalt Universumi toimimise kohta. Neis peituv info v\u00f5ib aidata meil m\u00f5ista miks asjad elus juhtuvad just nii nagu juhtuvad, kuidas muuta oma elu \u00f5nnelikumaks, saavutada k\u00f5ike seda, mida t\u00f5eliselt soovid, kuidas tervendada ennast ja oma elu, suhteid, rahaasju jne. Muutes oma minevikukroonikaid, muudame oma olevikku ja tulevikku. <\/p>\n\n\n\n<p>Kroonikad vibreerivad k\u00f5ikjal meie \u00fcmber, isegi meie sees, igas hinges, rakus, igavikulises meeles ja neid v\u00f5ib avada igal ajal. Ka suured avastused, enesev\u00e4ljendus, looming, kunst s\u00fcnnivad \u00fchendusest selle v\u00f5imsa infov\u00e4ljaga (puhta teadlikkusega), vaja on vaid avada ennast Aka\u015bi kroonikates peituvae suurele tarkusele. Me salvestame igal hetkel oma kroonikaid, kas siis teadlikult v\u00f5i vaikimisi, \u00f5ppides oma m\u00f5tteid, tegusid, kavatsusi teadlikult salvestama, koosk\u00f5lastad ja lood uued Tuleviku Kroonikad ja t\u00f5stad oma elu t\u00f5elist kvaliteeti. Aka\u015bi kroonikaid v\u00f5ib nimetada ka sinu hinge kaardiks, sest need n\u00e4itavad t\u00e4pselt, kust sa tuled, kus asub praegu ja kuhu oled teel. Vaadates oma eelmiste elude salvestisi, \u00f5ppetunde, m\u00f5istad paremini mida teha k\u00e4esolevas hetkes, et luua r\u00f5\u00f5msam ja k\u00fclluslikum tulevik.<\/p>\n\n\n\n<p>Loome juhitud meditatsiooni abil \u00fchenduse Aka\u015bi kroonikate infov\u00e4ljaga, loeme oma eluraamatust oma \u00f5ppetundide, v\u00e4ljakutsete, elu\u00fclesande ja korduvate mustrite kohta ning muudame \u00e4ra vanad aegunud mustrid, blokeeringud, mis hoiavad meid oma k\u00fctkes ega lase minna vabana tulevikku, mida t\u00f5eliselt kogeda sooviksime. <\/p>\n\n\n\n<p> <strong>On kolme t\u00fc\u00fcpi m\u00f5jutusi, mis vajavad Aka\u015bi kroonikates \u00fcmberkirjutamist:<\/strong><\/p>\n\n\n\n<p> <strong>1. Tugeva emotsionaalse laenguga s\u00fcndmused<\/strong> -pole oluline, kas s\u00fcndmus oli positiivne v\u00f5i negatiivne, mida suurem emotsionaalne laeng, seda suurem m\u00f5ju on sellel sulle.<\/p>\n\n\n\n<p><strong>2. Terviseprobleemid ja f\u00fc\u00fcsilised traumad<\/strong> \u2013 paljud v\u00e4ljakutsed v\u00f5ivad tulla mineviku kroonikatest.<\/p>\n\n\n\n<p> <strong>3. Suhtemustrid<\/strong><\/p>\n\n\n\n<p>\nMeie\nhing soovib, et keskenduksime praeguse elu mustritele, kui\naga ebaterved olukorrad ja reaktsioonid elus p\u00fcsivad, peame\nvabastama eelmistest eludest p\u00e4rit negatiivsed ts\u00fcklid, muidu j\u00e4\u00e4me\nkarmat aina kordama.<\/p>\n\n\n\n<p> <strong>65 EUR<\/strong><\/p>\n\n\n\n<p>Vajalik eelregistreerumine ning tagastamatu ettemaksu 40 EUR tasumine Vaimne Maailm O\u00dc pangakontole EE662200221049242077. V\u00e4ike grupp!<\/p>\n\n\n\n<p>Ettemaksu tasudes kinnitad endale koha grupis + saad k\u00e4tte kursuse esimese \u2013 teoreetilise osa. Kursusele mittetulemise korral ettemaksu ei tagastata!<\/p>\n\n\n\n<p>Juhendab Liina Kaumann\n\n<\/p>\n\n\n<p><!--EndFragment--><\/p>","protected":false},"excerpt":{"rendered":"<p>Tartus kohapeal v\u00f5i veebivariandis Aka\u015bi kroonikad on vibreeriv infov\u00e4li, kus peitub igavikuline informatsioon absoluutselt k\u00f5ige kohta &#8211; nii meie isiklike elude, karma, vaimse kasvu ja elueesm\u00e4rkide kohta kui ka laiemalt Universumi toimimise kohta. Neis peituv info v\u00f5ib aidata meil m\u00f5ista miks asjad elus juhtuvad just nii nagu juhtuvad, kuidas muuta oma elu \u00f5nnelikumaks, saavutada k\u00f5ike &hellip; <\/p>\n<p class=\"link-more\"><a href=\"https:\/\/vaimnemaailm.ee\/www\/akasi-kroonikate-lugemine-ja-umberkirjutamine-2\/\" class=\"more-link\">Loe edasi<span class=\"screen-reader-text\"> &#8220;Aka\u015bi kroonikate lugemine ja \u00fcmberkirjutamine + alateadvuse muutmine&#8221;<\/span><\/a><\/p>\n","protected":false},"author":2,"featured_media":0,"parent":0,"menu_order":0,"comment_status":"closed","ping_status":"closed","template":"","meta":{"footnotes":""},"class_list":["post-1360","page","type-page","status-publish","hentry"],"_links":{"self":[{"href":"https:\/\/vaimnemaailm.ee\/www\/wp-json\/wp\/v2\/pages\/1360","targetHints":{"allow":["GET"]}}],"collection":[{"href":"https:\/\/vaimnemaailm.ee\/www\/wp-json\/wp\/v2\/pages"}],"about":[{"href":"https:\/\/vaimnemaailm.ee\/www\/wp-json\/wp\/v2\/types\/page"}],"author":[{"embeddable":true,"href":"https:\/\/vaimnemaailm.ee\/www\/wp-json\/wp\/v2\/users\/2"}],"replies":[{"embeddable":true,"href":"https:\/\/vaimnemaailm.ee\/www\/wp-json\/wp\/v2\/comments?post=1360"}],"version-history":[{"count":5,"href":"https:\/\/vaimnemaailm.ee\/www\/wp-json\/wp\/v2\/pages\/1360\/revisions"}],"predecessor-version":[{"id":4092,"href":"https:\/\/vaimnemaailm.ee\/www\/wp-json\/wp\/v2\/pages\/1360\/revisions\/4092"}],"wp:attachment":[{"href":"https:\/\/vaimnemaailm.ee\/www\/wp-json\/wp\/v2\/media?parent=1360"}],"curies":[{"name":"wp","href":"https:\/\/api.w.org\/{rel}","templated":true}]}}