{"id":1249,"date":"2019-10-16T20:34:18","date_gmt":"2019-10-16T17:34:18","guid":{"rendered":"http:\/\/vaimnemaailm.ee\/www\/?page_id=1249"},"modified":"2022-10-23T12:04:06","modified_gmt":"2022-10-23T09:04:06","slug":"taro-suur-ring-elusuundade-valjaselgitamiseks-intensiivkursus","status":"publish","type":"page","link":"https:\/\/vaimnemaailm.ee\/www\/taro-suur-ring-elusuundade-valjaselgitamiseks-intensiivkursus\/","title":{"rendered":"Taro-Suur ring elusuundade v\u00e4ljaselgitamiseks (intensiivkursus)"},"content":{"rendered":"\n<figure class=\"wp-block-image size-large\"><img loading=\"lazy\" decoding=\"async\" width=\"1024\" height=\"689\" src=\"https:\/\/vaimnemaailm.ee\/www\/wp-content\/uploads\/2017\/01\/taro-ja-ruunid-4-Copy-1024x689.jpg\" alt=\"\" class=\"wp-image-70\" srcset=\"https:\/\/vaimnemaailm.ee\/www\/wp-content\/uploads\/2017\/01\/taro-ja-ruunid-4-Copy-1024x689.jpg 1024w, https:\/\/vaimnemaailm.ee\/www\/wp-content\/uploads\/2017\/01\/taro-ja-ruunid-4-Copy-300x202.jpg 300w, https:\/\/vaimnemaailm.ee\/www\/wp-content\/uploads\/2017\/01\/taro-ja-ruunid-4-Copy-768x517.jpg 768w, https:\/\/vaimnemaailm.ee\/www\/wp-content\/uploads\/2017\/01\/taro-ja-ruunid-4-Copy.jpg 2046w\" sizes=\"auto, (max-width: 767px) 89vw, (max-width: 1000px) 54vw, (max-width: 1071px) 543px, 580px\" \/><\/figure>\n\n\n\n<p><strong>29. oktoobril kell 11-14.00 Tartus<\/strong><\/p>\n\n\n\n<p>Tule t\u00e4ienda oma oskusi Taros! \u00d5pime selgeks v\u00e4ga hea p\u00f5hjaliku ladumise elusuundade ja \u00f5ppetundide v\u00e4ljaselgitamiseks &#8211; saad teada, mis toimub siseplaanis hinge\u00fclesannete osas ja mis manifesteerub f\u00fc\u00fcsilisele tasandile + milles on peamine v\u00e4ljakutse\/v\u00f5ti. Harjutame seda koos v\u00e4ikeses grupis!<\/p>\n\n\n\n<p>Sobib neile, kes on l\u00e4binud Taro \u00fcldkursuse, v\u00f5i on ise juba m\u00f5nda aega Taroga tegelenud ja oskavad teha lihtsamaid ladumisi. <br>\u00d5pime selgeks p\u00f5hjaliku ja keerukama ladumise, mis aitab selgitada v\u00e4lja \u00f5ppetunnid ja v\u00e4ljakutsed ennustuseks valitud perioodi jooksul. Harjutame t\u00f5lgendamist nii endale kui ka teistele.<\/p>\n\n\n\n<p>Hind 60 EUR<\/p>\n\n\n\n<p>Vajalik eelregistreerumine ning tagastamatu ettemaksu 40 EUR tasumine Vaimne Maailm O\u00dc pangakontole EE662200221049242077. <\/p>\n\n\n\n<p>Ettemaksu tasudes kinnitad endale koha  v\u00e4ikeses grupis + saad k\u00e4tte kursuse esimese \u2013 teoreetilise osa. Kursusele mittetulemise korral ettemaksu ei tagastata!<\/p>\n\n\n\n<p>Kui oled alles Taros algaja, soovitan esmalt seda kursust:\u00a0<a rel=\"noreferrer noopener\" href=\"https:\/\/vaimnemaailm.ee\/www\/taro-voimalus-saada-korgemat-juhatust-ja-oma-elusaatust-kujundada\/?fbclid=IwAR1AKBYa5Zt1GKKXalKQ5A9J0Glb7MGlJPjqQIfayAwo_G2KZCUygRwb60c\" target=\"_blank\">https:\/\/vaimnemaailm.ee\/www\/taro-voimalus-saada-korgemat-juhatust-ja-oma-elusaatust-kujundada\/<\/a><\/p>\n\n\n\n<p>Juhendab Liina Kaumann <\/p>\n","protected":false},"excerpt":{"rendered":"<p>29. oktoobril kell 11-14.00 Tartus Tule t\u00e4ienda oma oskusi Taros! \u00d5pime selgeks v\u00e4ga hea p\u00f5hjaliku ladumise elusuundade ja \u00f5ppetundide v\u00e4ljaselgitamiseks &#8211; saad teada, mis toimub siseplaanis hinge\u00fclesannete osas ja mis manifesteerub f\u00fc\u00fcsilisele tasandile + milles on peamine v\u00e4ljakutse\/v\u00f5ti. Harjutame seda koos v\u00e4ikeses grupis! Sobib neile, kes on l\u00e4binud Taro \u00fcldkursuse, v\u00f5i on ise juba m\u00f5nda &hellip; <\/p>\n<p class=\"link-more\"><a href=\"https:\/\/vaimnemaailm.ee\/www\/taro-suur-ring-elusuundade-valjaselgitamiseks-intensiivkursus\/\" class=\"more-link\">Loe edasi<span class=\"screen-reader-text\"> &#8220;Taro-Suur ring elusuundade v\u00e4ljaselgitamiseks (intensiivkursus)&#8221;<\/span><\/a><\/p>\n","protected":false},"author":2,"featured_media":0,"parent":0,"menu_order":0,"comment_status":"closed","ping_status":"closed","template":"","meta":{"footnotes":""},"class_list":["post-1249","page","type-page","status-publish","hentry"],"_links":{"self":[{"href":"https:\/\/vaimnemaailm.ee\/www\/wp-json\/wp\/v2\/pages\/1249","targetHints":{"allow":["GET"]}}],"collection":[{"href":"https:\/\/vaimnemaailm.ee\/www\/wp-json\/wp\/v2\/pages"}],"about":[{"href":"https:\/\/vaimnemaailm.ee\/www\/wp-json\/wp\/v2\/types\/page"}],"author":[{"embeddable":true,"href":"https:\/\/vaimnemaailm.ee\/www\/wp-json\/wp\/v2\/users\/2"}],"replies":[{"embeddable":true,"href":"https:\/\/vaimnemaailm.ee\/www\/wp-json\/wp\/v2\/comments?post=1249"}],"version-history":[{"count":5,"href":"https:\/\/vaimnemaailm.ee\/www\/wp-json\/wp\/v2\/pages\/1249\/revisions"}],"predecessor-version":[{"id":2927,"href":"https:\/\/vaimnemaailm.ee\/www\/wp-json\/wp\/v2\/pages\/1249\/revisions\/2927"}],"wp:attachment":[{"href":"https:\/\/vaimnemaailm.ee\/www\/wp-json\/wp\/v2\/media?parent=1249"}],"curies":[{"name":"wp","href":"https:\/\/api.w.org\/{rel}","templated":true}]}}