{"id":119,"date":"2017-01-01T16:26:19","date_gmt":"2017-01-01T14:26:19","guid":{"rendered":"http:\/\/vaimnemaailm.ee\/www\/?page_id=119"},"modified":"2017-01-01T16:26:19","modified_gmt":"2017-01-01T14:26:19","slug":"5-tiibetlast","status":"publish","type":"page","link":"https:\/\/vaimnemaailm.ee\/www\/5-tiibetlast\/","title":{"rendered":"5 tiibetlast"},"content":{"rendered":"<p>Viis \u00a0tiibeti buda munkade harjutust aitavad tugevdada aurat. \u00a0Viis tiibetlast toimivad tasakaalustava ja mitmek\u00fclgse harjutuste kompleksina, mis tugevdab ja venitab kogu keha, mitte ainult lihaseid. M\u00f5ju ulatub ka siseelundite ja n\u00e4\u00e4rmeteni.<\/p>\n<p>Harjutused ei n\u00f5ua erilist painduvust ega j\u00f5udu, aga vaatamata sellele saab neist t\u00e4iusliku tulemuse. Harjutused avavad ja tasakaalustavad energia voolamist t\u015bakrates, kui aga energiakeskused toimivad \u00fchtlaselt ja takistusteta on ka vaim ja keha tasakaalus.<\/p>\n<p>Kui inimene vananeb, v\u00f5ivad t\u015bakrad toimida eba\u00fchtlaselt \u2013 \u00fched teevad \u00fclet\u00f6\u00f6d, teiste energia aga ei ringle enam korralikult. Tehes tiibeti harjutusi, ringlevad juba l\u00fchikese aja p\u00e4rast t\u015bakrad ka vanemal inimesel nii nagu 25 aastasel.<\/p>\n<p>Harjutusi soovitatakse teha enne hommikus\u00f6\u00f6ki ja enne \u00f5htust magamaminekut. Pigem v\u00f5iks neid teha peale hommikust du\u015b\u015bi, sest nad annavad v\u00e4ga hea energeetilise laengu kogu p\u00e4evaks. \u00d5htuse tegemise tulemuseks on s\u00fcgav ja rahulik uni, ehk l\u00fcheneb isegi aeg, mida on vaja v\u00e4ljamagamiseks.<\/p>\n<p>Harjutuste sooritamise tulemused saavad seda paremad, mida puhtam on tegija sisemine hingeline seisund ja t\u00e4nu tunne.<\/p>\n","protected":false},"excerpt":{"rendered":"<p>Viis \u00a0tiibeti buda munkade harjutust aitavad tugevdada aurat. \u00a0Viis tiibetlast toimivad tasakaalustava ja mitmek\u00fclgse harjutuste kompleksina, mis tugevdab ja venitab kogu keha, mitte ainult lihaseid. M\u00f5ju ulatub ka siseelundite ja n\u00e4\u00e4rmeteni. Harjutused ei n\u00f5ua erilist painduvust ega j\u00f5udu, aga vaatamata sellele saab neist t\u00e4iusliku tulemuse. Harjutused avavad ja tasakaalustavad energia voolamist t\u015bakrates, kui aga energiakeskused &hellip; <\/p>\n<p class=\"link-more\"><a href=\"https:\/\/vaimnemaailm.ee\/www\/5-tiibetlast\/\" class=\"more-link\">Loe edasi<span class=\"screen-reader-text\"> &#8220;5 tiibetlast&#8221;<\/span><\/a><\/p>\n","protected":false},"author":2,"featured_media":0,"parent":0,"menu_order":0,"comment_status":"closed","ping_status":"closed","template":"","meta":{"footnotes":""},"class_list":["post-119","page","type-page","status-publish","hentry"],"_links":{"self":[{"href":"https:\/\/vaimnemaailm.ee\/www\/wp-json\/wp\/v2\/pages\/119","targetHints":{"allow":["GET"]}}],"collection":[{"href":"https:\/\/vaimnemaailm.ee\/www\/wp-json\/wp\/v2\/pages"}],"about":[{"href":"https:\/\/vaimnemaailm.ee\/www\/wp-json\/wp\/v2\/types\/page"}],"author":[{"embeddable":true,"href":"https:\/\/vaimnemaailm.ee\/www\/wp-json\/wp\/v2\/users\/2"}],"replies":[{"embeddable":true,"href":"https:\/\/vaimnemaailm.ee\/www\/wp-json\/wp\/v2\/comments?post=119"}],"version-history":[{"count":1,"href":"https:\/\/vaimnemaailm.ee\/www\/wp-json\/wp\/v2\/pages\/119\/revisions"}],"predecessor-version":[{"id":120,"href":"https:\/\/vaimnemaailm.ee\/www\/wp-json\/wp\/v2\/pages\/119\/revisions\/120"}],"wp:attachment":[{"href":"https:\/\/vaimnemaailm.ee\/www\/wp-json\/wp\/v2\/media?parent=119"}],"curies":[{"name":"wp","href":"https:\/\/api.w.org\/{rel}","templated":true}]}}